{"id":694532,"date":"2025-08-27T14:21:36","date_gmt":"2025-08-27T11:21:36","guid":{"rendered":"https:\/\/roveyayinevi.com.tr\/index.php\/urun\/semerkant\/"},"modified":"2026-04-16T02:04:34","modified_gmt":"2026-04-15T23:04:34","slug":"semerkant","status":"publish","type":"product","link":"https:\/\/roveyayinevi.com.tr\/index.php\/urun\/semerkant\/","title":{"rendered":"Semerkant"},"content":{"rendered":"<p>Amin Maalof, Do\u011fu&#8217;ya, \u0130ran&#8217;a bak\u0131yor. \u00d6mer Hayyam&#8217;\u0131n Rubaiyat&#8217;\u0131n\u0131n \u00e7evresinde d\u00f6nen i\u00e7i\u00e7e iki \u00f6yk\u00fc&#8230; 1072 y\u0131l\u0131nda, Hayyam&#8217;\u0131n Semerkant&#8217;\u0131nda ba\u015flayan 1912&#8217;de Atlantik&#8217;te bit(mey)en bir ser\u00fcven&#8230; Bir elyazmas\u0131n\u0131n yaz\u0131l\u0131\u015f\u0131n\u0131n ve y\u00fczlerce y\u0131l sonra okunurken onun ve \u0130ran&#8217;\u0131n tarihinin de okunu\u015funun \u00f6yk\u00fcs\u00fc \/ tarihi &#8230; <\/p>\n","protected":false},"excerpt":{"rendered":"<p>Amin Maalof, Do\u011fu&#8217;ya, \u0130ran&#8217;a bak\u0131yor. \u00d6mer Hayyam&#8217;\u0131n Rubaiyat&#8217;\u0131n\u0131n \u00e7evresinde d\u00f6nen i\u00e7i\u00e7e iki \u00f6yk\u00fc&#8230; 1072 y\u0131l\u0131nda, Hayyam&#8217;\u0131n Semerkant&#8217;\u0131nda ba\u015flayan 1912&#8217;de Atlantik&#8217;te bit(mey)en bir ser\u00fcven&#8230; Bir elyazmas\u0131n\u0131n yaz\u0131l\u0131\u015f\u0131n\u0131n<span class=\"excerpt-hellip\"> [\u2026]<\/span><\/p>\n","protected":false},"featured_media":0,"template":"","meta":{"_monsterinsights_skip_tracking":false,"_monsterinsights_sitenote_active":false,"_monsterinsights_sitenote_note":"","_monsterinsights_sitenote_category":0},"product_brand":[],"product_cat":[13835],"product_tag":[],"class_list":{"0":"post-694532","1":"product","2":"type-product","3":"status-publish","5":"product_cat-cok-satanlar","6":"pa_cilt-ciltsiz","7":"pa_tur-kitap","8":"pa_yayinevi-yapi-kredi-yayinlari","9":"pa_yazar-amin-maalouf","11":"first","12":"instock","13":"sale","14":"shipping-taxable","15":"purchasable","16":"product-type-simple"},"_links":{"self":[{"href":"https:\/\/roveyayinevi.com.tr\/index.php\/wp-json\/wp\/v2\/product\/694532","targetHints":{"allow":["GET"]}}],"collection":[{"href":"https:\/\/roveyayinevi.com.tr\/index.php\/wp-json\/wp\/v2\/product"}],"about":[{"href":"https:\/\/roveyayinevi.com.tr\/index.php\/wp-json\/wp\/v2\/types\/product"}],"wp:attachment":[{"href":"https:\/\/roveyayinevi.com.tr\/index.php\/wp-json\/wp\/v2\/media?parent=694532"}],"wp:term":[{"taxonomy":"product_brand","embeddable":true,"href":"https:\/\/roveyayinevi.com.tr\/index.php\/wp-json\/wp\/v2\/product_brand?post=694532"},{"taxonomy":"product_cat","embeddable":true,"href":"https:\/\/roveyayinevi.com.tr\/index.php\/wp-json\/wp\/v2\/product_cat?post=694532"},{"taxonomy":"product_tag","embeddable":true,"href":"https:\/\/roveyayinevi.com.tr\/index.php\/wp-json\/wp\/v2\/product_tag?post=694532"}],"curies":[{"name":"wp","href":"https:\/\/api.w.org\/{rel}","templated":true}]}}