{"id":694527,"date":"2025-08-27T14:21:34","date_gmt":"2025-08-27T11:21:34","guid":{"rendered":"https:\/\/roveyayinevi.com.tr\/index.php\/urun\/salaklik-ustune-deneme\/"},"modified":"2026-04-16T02:04:34","modified_gmt":"2026-04-15T23:04:34","slug":"salaklik-ustune-deneme","status":"publish","type":"product","link":"https:\/\/roveyayinevi.com.tr\/index.php\/urun\/salaklik-ustune-deneme\/","title":{"rendered":"Salakl\u0131k \u00dcst\u00fcne Deneme"},"content":{"rendered":"<p>Romain Gary, son yap\u0131t\u0131 Krol S alomon&#8217;un Bunal\u0131m\u0131&#8217;ndan, ba\u015fka \u015feyler yan\u0131nda sa\u00e7mal\u0131\u011f\u0131 -ya da, edimle \u00f6znesini kayna\u015ft\u0131ran bir terimle, salakl\u0131\u011f\u0131- da \u00e7ok g\u00fczel i\u015fler. Ama en az\u0131ndan ilk bak\u0131\u015fta, \u00f6nemli bir \u00e7eli\u015fkiyi g\u00f6zden ka\u00e7\u0131r\u0131yormu\u015f gibi izlenim uyand\u0131rmak ister. (&#8230;) Roman\u0131n unutulmaz anlat\u0131c\u0131s\u0131 Jeannot (Bir salakla, \u015f\u00f6yle ger\u00e7ek bir salakla kar\u015f\u0131la\u015ft\u0131m m\u0131 bir co\u015fku ve sayg\u0131d\u0131r dolar i\u00e7ime, der; bu sayg\u0131n\u0131n da bir t\u00fcr &#8216;\u00f6l\u00fcms\u00fcze tap\u0131nma&#8217; oldu\u011funu s\u00f6yler. Tahsin Y\u00fccel Salakl\u0131k \u00dcst\u00fcne Deneme adl\u0131 bu kitab\u0131nda,ya\u015fam\u0131n i\u00e7inde geziniyor. Bir\u00e7ok \u015fey e soruya, konuya, olaya de\u011finip,dokuyup, kurcalay\u0131p, ince eleyip s\u0131k dokuyup ge\u00e7iyor. Bu ho\u015f gezintiyi yaparken b\u00fcy\u00fck yazarlar\u0131 ve onlar\u0131n d\u00fc\u015f\u00fcnd\u00fcren\/e\u011flendiren s\u00f6zlerini kendine yol arkada\u015f\u0131 olarak se\u00e7iyor. <\/p>\n","protected":false},"excerpt":{"rendered":"<p>Romain Gary, son yap\u0131t\u0131 Krol S alomon&#8217;un Bunal\u0131m\u0131&#8217;ndan, ba\u015fka \u015feyler yan\u0131nda sa\u00e7mal\u0131\u011f\u0131 -ya da, edimle \u00f6znesini kayna\u015ft\u0131ran bir terimle, salakl\u0131\u011f\u0131- da \u00e7ok g\u00fczel i\u015fler. Ama en<span class=\"excerpt-hellip\"> [\u2026]<\/span><\/p>\n","protected":false},"featured_media":0,"template":"","meta":{"_monsterinsights_skip_tracking":false,"_monsterinsights_sitenote_active":false,"_monsterinsights_sitenote_note":"","_monsterinsights_sitenote_category":0},"product_brand":[],"product_cat":[12312,12304],"product_tag":[],"class_list":{"0":"post-694527","1":"product","2":"type-product","3":"status-publish","5":"product_cat-diger","6":"product_cat-tarih","7":"pa_cilt-ciltsiz","8":"pa_tur-kitap","9":"pa_yayinevi-yapi-kredi-yayinlari","10":"pa_yazar-tahsin-yucel","12":"first","13":"instock","14":"sale","15":"shipping-taxable","16":"purchasable","17":"product-type-simple"},"_links":{"self":[{"href":"https:\/\/roveyayinevi.com.tr\/index.php\/wp-json\/wp\/v2\/product\/694527","targetHints":{"allow":["GET"]}}],"collection":[{"href":"https:\/\/roveyayinevi.com.tr\/index.php\/wp-json\/wp\/v2\/product"}],"about":[{"href":"https:\/\/roveyayinevi.com.tr\/index.php\/wp-json\/wp\/v2\/types\/product"}],"wp:attachment":[{"href":"https:\/\/roveyayinevi.com.tr\/index.php\/wp-json\/wp\/v2\/media?parent=694527"}],"wp:term":[{"taxonomy":"product_brand","embeddable":true,"href":"https:\/\/roveyayinevi.com.tr\/index.php\/wp-json\/wp\/v2\/product_brand?post=694527"},{"taxonomy":"product_cat","embeddable":true,"href":"https:\/\/roveyayinevi.com.tr\/index.php\/wp-json\/wp\/v2\/product_cat?post=694527"},{"taxonomy":"product_tag","embeddable":true,"href":"https:\/\/roveyayinevi.com.tr\/index.php\/wp-json\/wp\/v2\/product_tag?post=694527"}],"curies":[{"name":"wp","href":"https:\/\/api.w.org\/{rel}","templated":true}]}}