{"id":694515,"date":"2025-08-27T14:21:31","date_gmt":"2025-08-27T11:21:31","guid":{"rendered":"https:\/\/roveyayinevi.com.tr\/index.php\/urun\/koktendincilik-nedir\/"},"modified":"2026-04-16T02:04:34","modified_gmt":"2026-04-15T23:04:34","slug":"koktendincilik-nedir","status":"publish","type":"product","link":"https:\/\/roveyayinevi.com.tr\/index.php\/urun\/koktendincilik-nedir\/","title":{"rendered":"K\u00f6ktendincilik Nedir?"},"content":{"rendered":"<p>Uluslararas\u0131 Marx-Hegel Diyalektik D\u00fc\u015f\u00fcnce Toplulu\u011fu\u2019nun ba\u015fkan\u0131 Prof. Domenico Losurdo, bu kitapta sadece \u0130slami de\u011fil, ayn\u0131 zamanda Yahudi ve Hristiyan k\u00f6ktendincili\u011finin tarihsel, sosyolojik ve siyasal kaynaklar\u0131n\u0131 tart\u0131\u015f\u0131yor. B\u00f6ylece indirgemeci ve tek tarafl\u0131 yorumlar\u0131 ters y\u00fcz ediyor: Bir yandan g\u00fcncel siyasal tart\u0131\u015fmalarda birbirinin kar\u015f\u0131 kutbunda yer ald\u0131\u011f\u0131 varsay\u0131lan farkl\u0131 k\u00f6ktendincilikleri ele\u015ftirel bir g\u00f6zle ele alarak, sadece farkl\u0131l\u0131klar\u0131na de\u011fil, ayn\u0131 zamanda ortak noktalar\u0131na da i\u015faret ediyor. K\u00f6ktendincili\u011fi \u0130slam ve Do\u011fu toplumlar\u0131na zimmetleyen ayd\u0131nlanm\u0131\u015f Bat\u0131 uygarl\u0131\u011f\u0131 iddias\u0131n\u0131 tarihsel ve g\u00fcncel \u00f6rneklerle ele\u015ftiriyor. \ufffcTan\u0131t\u0131m Metni<\/p>\n","protected":false},"excerpt":{"rendered":"<p>Uluslararas\u0131 Marx-Hegel Diyalektik D\u00fc\u015f\u00fcnce Toplulu\u011fu\u2019nun ba\u015fkan\u0131 Prof. Domenico Losurdo, bu kitapta sadece \u0130slami de\u011fil, ayn\u0131 zamanda Yahudi ve Hristiyan k\u00f6ktendincili\u011finin tarihsel, sosyolojik ve siyasal kaynaklar\u0131n\u0131 tart\u0131\u015f\u0131yor.<span class=\"excerpt-hellip\"> [\u2026]<\/span><\/p>\n","protected":false},"featured_media":0,"template":"","meta":{"_monsterinsights_skip_tracking":false,"_monsterinsights_sitenote_active":false,"_monsterinsights_sitenote_note":"","_monsterinsights_sitenote_category":0},"product_brand":[],"product_cat":[12337,16547],"product_tag":[],"class_list":{"0":"post-694515","1":"product","2":"type-product","3":"status-publish","5":"product_cat-politika-siyaset","6":"product_cat-sol-hareketler","7":"pa_cilt-ciltsiz","8":"pa_tur-kitap","9":"pa_yayinevi-yordam-kitap","10":"pa_yazar-domenico-losurdo","12":"first","13":"instock","14":"sale","15":"shipping-taxable","16":"purchasable","17":"product-type-simple"},"_links":{"self":[{"href":"https:\/\/roveyayinevi.com.tr\/index.php\/wp-json\/wp\/v2\/product\/694515","targetHints":{"allow":["GET"]}}],"collection":[{"href":"https:\/\/roveyayinevi.com.tr\/index.php\/wp-json\/wp\/v2\/product"}],"about":[{"href":"https:\/\/roveyayinevi.com.tr\/index.php\/wp-json\/wp\/v2\/types\/product"}],"wp:attachment":[{"href":"https:\/\/roveyayinevi.com.tr\/index.php\/wp-json\/wp\/v2\/media?parent=694515"}],"wp:term":[{"taxonomy":"product_brand","embeddable":true,"href":"https:\/\/roveyayinevi.com.tr\/index.php\/wp-json\/wp\/v2\/product_brand?post=694515"},{"taxonomy":"product_cat","embeddable":true,"href":"https:\/\/roveyayinevi.com.tr\/index.php\/wp-json\/wp\/v2\/product_cat?post=694515"},{"taxonomy":"product_tag","embeddable":true,"href":"https:\/\/roveyayinevi.com.tr\/index.php\/wp-json\/wp\/v2\/product_tag?post=694515"}],"curies":[{"name":"wp","href":"https:\/\/api.w.org\/{rel}","templated":true}]}}