{"id":694511,"date":"2025-08-27T14:21:31","date_gmt":"2025-08-27T11:21:31","guid":{"rendered":"https:\/\/roveyayinevi.com.tr\/index.php\/urun\/yakan-sir-alacakaranlik-oykusu\/"},"modified":"2026-04-16T02:04:34","modified_gmt":"2026-04-15T23:04:34","slug":"yakan-sir-alacakaranlik-oykusu","status":"publish","type":"product","link":"https:\/\/roveyayinevi.com.tr\/index.php\/urun\/yakan-sir-alacakaranlik-oykusu\/","title":{"rendered":"Yakan S\u0131r &#8211; Alacakaranl\u0131k \u00d6yk\u00fcs\u00fc"},"content":{"rendered":"<p>Yakan S\u0131r ve Alacakaranl\u0131k \u00d6yk\u00fcs\u00fc , d\u00fcnya edebiyat\u0131nda yetkin \u00f6rneklerine az rastlanan, b\u00fcy\u00fckler i\u00e7in yaz\u0131lm\u0131\u015f \u00e7ocuk ve ergen psikolojisi \u00f6yk\u00fcleri. Stefan Zweig, \u00f6zg\u00fcn yazarl\u0131k i\u00e7g\u00f6r\u00fcs\u00fc ve Freud ile kurdu\u011fu dostluk sayesinde bu zor i\u015fin \u00fcst\u00fcnden ba\u015far\u0131yla gelerek bizi yeti\u015fme \u00e7a\u011f\u0131ndakilerin gizemli d\u00fcnyalar\u0131na g\u00f6t\u00fcr\u00fcyor. \ufffcTan\u0131t\u0131m Metni<\/p>\n","protected":false},"excerpt":{"rendered":"<p>Yakan S\u0131r ve Alacakaranl\u0131k \u00d6yk\u00fcs\u00fc , d\u00fcnya edebiyat\u0131nda yetkin \u00f6rneklerine az rastlanan, b\u00fcy\u00fckler i\u00e7in yaz\u0131lm\u0131\u015f \u00e7ocuk ve ergen psikolojisi \u00f6yk\u00fcleri. Stefan Zweig, \u00f6zg\u00fcn yazarl\u0131k i\u00e7g\u00f6r\u00fcs\u00fc ve<span class=\"excerpt-hellip\"> [\u2026]<\/span><\/p>\n","protected":false},"featured_media":0,"template":"","meta":{"_monsterinsights_skip_tracking":false,"_monsterinsights_sitenote_active":false,"_monsterinsights_sitenote_note":"","_monsterinsights_sitenote_category":0},"product_brand":[],"product_cat":[12782,12291],"product_tag":[],"class_list":{"0":"post-694511","1":"product","2":"type-product","3":"status-publish","5":"product_cat-alman-edebiyati","6":"product_cat-edebiyat","7":"pa_cilt-ciltsiz","8":"pa_tur-kitap","9":"pa_yayinevi-yordam-kitap","10":"pa_yazar-stefan-zweig","12":"first","13":"instock","14":"sale","15":"shipping-taxable","16":"purchasable","17":"product-type-simple"},"_links":{"self":[{"href":"https:\/\/roveyayinevi.com.tr\/index.php\/wp-json\/wp\/v2\/product\/694511","targetHints":{"allow":["GET"]}}],"collection":[{"href":"https:\/\/roveyayinevi.com.tr\/index.php\/wp-json\/wp\/v2\/product"}],"about":[{"href":"https:\/\/roveyayinevi.com.tr\/index.php\/wp-json\/wp\/v2\/types\/product"}],"wp:attachment":[{"href":"https:\/\/roveyayinevi.com.tr\/index.php\/wp-json\/wp\/v2\/media?parent=694511"}],"wp:term":[{"taxonomy":"product_brand","embeddable":true,"href":"https:\/\/roveyayinevi.com.tr\/index.php\/wp-json\/wp\/v2\/product_brand?post=694511"},{"taxonomy":"product_cat","embeddable":true,"href":"https:\/\/roveyayinevi.com.tr\/index.php\/wp-json\/wp\/v2\/product_cat?post=694511"},{"taxonomy":"product_tag","embeddable":true,"href":"https:\/\/roveyayinevi.com.tr\/index.php\/wp-json\/wp\/v2\/product_tag?post=694511"}],"curies":[{"name":"wp","href":"https:\/\/api.w.org\/{rel}","templated":true}]}}