{"id":694510,"date":"2025-08-27T14:21:30","date_gmt":"2025-08-27T11:21:30","guid":{"rendered":"https:\/\/roveyayinevi.com.tr\/index.php\/urun\/yabancilasma\/"},"modified":"2026-04-16T02:04:34","modified_gmt":"2026-04-15T23:04:34","slug":"yabancilasma","status":"publish","type":"product","link":"https:\/\/roveyayinevi.com.tr\/index.php\/urun\/yabancilasma\/","title":{"rendered":"Yabanc\u0131la\u015fma"},"content":{"rendered":"<p>Yetkin Marksist felsefeci Bertell Ollman, Diyalekti\u011fin Dans\u0131, Marksizme S\u0131ra D\u0131\u015f\u0131 Bir Giri\u015f ve Diyalektik Soru\u015fturmalar\u2019dan sonra, Yabanc\u0131la\u015fma adl\u0131 klasik \u00e7al\u0131\u015fmas\u0131yla T\u00fcrkiyeli okurlarla bir kez daha bulu\u015fuyor. Yabanc\u0131la\u015fma, Marx\u2019\u0131n yabanc\u0131la\u015fma kuram\u0131 \u00fczerine yaz\u0131lm\u0131\u015f en sistemli ve \u00f6zg\u00fcn \u00e7al\u0131\u015fmalardan biridir. Ollman bu kuram\u0131, kuram\u0131 olu\u015fturan unsurlar\u0131 tek tek inceleyerek yeniden in\u015fa eder. Bu in\u015fa s\u0131ras\u0131nda insan\u0131n; \u00fcr\u00fcn\u00fc, \u00fcretici etkinli\u011fi, hemcinsleri ve t\u00fcr\u00fcyle aras\u0131nda Marx\u2019\u0131n kurdu\u011fu ili\u015fkiler yeniden yorumlan\u0131r. Bu nedenle kitap sadece kapitalist toplumda ya\u015fayan insanlara dair farkl\u0131 bir bak\u0131\u015f a\u00e7\u0131s\u0131 sunmakla kalmaz; ayn\u0131 zamanda Marx\u2019\u0131n insan anlay\u0131\u015f\u0131 ve bu anlay\u0131\u015f\u0131n temel bile\u015fenlerinin detayl\u0131 bir analizini de i\u00e7erir. Dahas\u0131 Ollman, Marx\u2019\u0131 okurken kar\u015f\u0131m\u0131za \u00e7\u0131kan en b\u00fcy\u00fck zorluklardan biri olan dil meselesiyle de ilgilenir. Bu kapsaml\u0131 incelemeyle, hem kapitalist toplumun hem de Marksizmin \u00f6teki bile\u015fenlerinin ba\u015fka bir g\u00f6zle de\u011ferlendirilebilece\u011fi yeni bir konumlanma noktas\u0131na ula\u015f\u0131l\u0131r. Ollman, Marx\u2019\u0131n diyalektik y\u00f6nteminin mant\u0131ksal temellerini olu\u015fturan \u0130\u00e7sel \u0130li\u015fkiler felsefesine \u00f6zel bir \u00f6nem atfeder. Kitab\u0131n bir b\u00f6l\u00fcm\u00fcn\u00fc bu felsefenin ana hatlar\u0131n\u0131 a\u00e7\u0131klamaya ay\u0131r\u0131r. Ard\u0131ndan, siyasi yabanc\u0131la\u015fmay\u0131 Marx\u2019\u0131n devlet kuram\u0131 \u00e7er\u00e7evesinde ele alarak, \u0130\u00e7sel \u0130li\u015fkiler felsefesinin Marx\u2019\u0131n birbiriyle \u00e7eli\u015fti\u011fi s\u00f6ylenen d\u00fc\u015f\u00fcncelerin birle\u015ftirilmesinde nas\u0131l kullan\u0131labilece\u011fini g\u00f6sterir. Bu felsefeye y\u00f6neltilen ele\u015ftirileri de kitab\u0131n sonunda yan\u0131tlar. Bu nedenle Yabanc\u0131la\u015fma, kapitalist toplumda insan\u0131n yabanc\u0131la\u015fmas\u0131n\u0131n \u00f6tesine ge\u00e7er; \u0130\u00e7sel \u0130li\u015fkiler felsefesinin g\u00fc\u00e7l\u00fc bir savunusuna d\u00f6n\u00fc\u015f\u00fcr. <\/p>\n","protected":false},"excerpt":{"rendered":"<p>Yetkin Marksist felsefeci Bertell Ollman, Diyalekti\u011fin Dans\u0131, Marksizme S\u0131ra D\u0131\u015f\u0131 Bir Giri\u015f ve Diyalektik Soru\u015fturmalar\u2019dan sonra, Yabanc\u0131la\u015fma adl\u0131 klasik \u00e7al\u0131\u015fmas\u0131yla T\u00fcrkiyeli okurlarla bir kez daha bulu\u015fuyor.<span class=\"excerpt-hellip\"> [\u2026]<\/span><\/p>\n","protected":false},"featured_media":0,"template":"","meta":{"_monsterinsights_skip_tracking":false,"_monsterinsights_sitenote_active":false,"_monsterinsights_sitenote_note":"","_monsterinsights_sitenote_category":0},"product_brand":[],"product_cat":[12388,15309],"product_tag":[],"class_list":{"0":"post-694510","1":"product","2":"type-product","3":"status-publish","5":"product_cat-felsefe","6":"product_cat-felsefi-akimlar","7":"pa_cilt-ciltsiz","8":"pa_tur-kitap","9":"pa_yayinevi-yordam-kitap","10":"pa_yazar-bertell-ollman","12":"first","13":"instock","14":"sale","15":"shipping-taxable","16":"purchasable","17":"product-type-simple"},"_links":{"self":[{"href":"https:\/\/roveyayinevi.com.tr\/index.php\/wp-json\/wp\/v2\/product\/694510","targetHints":{"allow":["GET"]}}],"collection":[{"href":"https:\/\/roveyayinevi.com.tr\/index.php\/wp-json\/wp\/v2\/product"}],"about":[{"href":"https:\/\/roveyayinevi.com.tr\/index.php\/wp-json\/wp\/v2\/types\/product"}],"wp:attachment":[{"href":"https:\/\/roveyayinevi.com.tr\/index.php\/wp-json\/wp\/v2\/media?parent=694510"}],"wp:term":[{"taxonomy":"product_brand","embeddable":true,"href":"https:\/\/roveyayinevi.com.tr\/index.php\/wp-json\/wp\/v2\/product_brand?post=694510"},{"taxonomy":"product_cat","embeddable":true,"href":"https:\/\/roveyayinevi.com.tr\/index.php\/wp-json\/wp\/v2\/product_cat?post=694510"},{"taxonomy":"product_tag","embeddable":true,"href":"https:\/\/roveyayinevi.com.tr\/index.php\/wp-json\/wp\/v2\/product_tag?post=694510"}],"curies":[{"name":"wp","href":"https:\/\/api.w.org\/{rel}","templated":true}]}}