{"id":694491,"date":"2025-08-27T14:21:26","date_gmt":"2025-08-27T11:21:26","guid":{"rendered":"https:\/\/roveyayinevi.com.tr\/index.php\/urun\/yakin-caglar-tarihi\/"},"modified":"2026-04-16T02:04:33","modified_gmt":"2026-04-15T23:04:33","slug":"yakin-caglar-tarihi","status":"publish","type":"product","link":"https:\/\/roveyayinevi.com.tr\/index.php\/urun\/yakin-caglar-tarihi\/","title":{"rendered":"Yak\u0131n \u00c7a\u011flar Tarihi"},"content":{"rendered":"<p>N. V. Yeliseyeva ba\u015fkanl\u0131\u011f\u0131nda bir kurul taraf\u0131ndan haz\u0131rlanan bu kitap 1648 \u0130ngiliz devriminden 1917 Sovyet Devrimi\u2019ne uzanan tarih kesitini ele al\u0131yor. 300 y\u0131la yak\u0131n bu s\u00fcre boyunca d\u00fcnyan\u0131n farkl\u0131 \u00fclkelerinde y\u00fcr\u00fct\u00fclen s\u0131n\u0131f m\u00fccadeleleri, burjuvazinin y\u00fckseli\u015fi ve sanayi devrimi, emperyalizmin do\u011fu\u015fu ve palazlan\u0131\u015f\u0131 ve bu s\u00fcre\u00e7 i\u00e7inde emek\u00e7i s\u0131n\u0131flar\u0131n ve ezilen halklar\u0131n m\u00fccadeleleri tarihsel maddeci bir yakla\u015f\u0131mla inceleniyor. \ufffcTan\u0131t\u0131m Metni<\/p>\n","protected":false},"excerpt":{"rendered":"<p>N. V. Yeliseyeva ba\u015fkanl\u0131\u011f\u0131nda bir kurul taraf\u0131ndan haz\u0131rlanan bu kitap 1648 \u0130ngiliz devriminden 1917 Sovyet Devrimi\u2019ne uzanan tarih kesitini ele al\u0131yor. 300 y\u0131la yak\u0131n bu s\u00fcre<span class=\"excerpt-hellip\"> [\u2026]<\/span><\/p>\n","protected":false},"featured_media":0,"template":"","meta":{"_monsterinsights_skip_tracking":false,"_monsterinsights_sitenote_active":false,"_monsterinsights_sitenote_note":"","_monsterinsights_sitenote_category":0},"product_brand":[],"product_cat":[13590,12337],"product_tag":[],"class_list":{"0":"post-694491","1":"product","2":"type-product","3":"status-publish","5":"product_cat-arastirma-inceleme-politika-siyaset","6":"product_cat-politika-siyaset","7":"pa_cilt-ciltsiz","8":"pa_tur-kitap","9":"pa_yayinevi-yordam-kitap","10":"pa_yazar-n-v-yeliseyeva","12":"first","13":"instock","14":"sale","15":"shipping-taxable","16":"purchasable","17":"product-type-simple"},"_links":{"self":[{"href":"https:\/\/roveyayinevi.com.tr\/index.php\/wp-json\/wp\/v2\/product\/694491","targetHints":{"allow":["GET"]}}],"collection":[{"href":"https:\/\/roveyayinevi.com.tr\/index.php\/wp-json\/wp\/v2\/product"}],"about":[{"href":"https:\/\/roveyayinevi.com.tr\/index.php\/wp-json\/wp\/v2\/types\/product"}],"wp:attachment":[{"href":"https:\/\/roveyayinevi.com.tr\/index.php\/wp-json\/wp\/v2\/media?parent=694491"}],"wp:term":[{"taxonomy":"product_brand","embeddable":true,"href":"https:\/\/roveyayinevi.com.tr\/index.php\/wp-json\/wp\/v2\/product_brand?post=694491"},{"taxonomy":"product_cat","embeddable":true,"href":"https:\/\/roveyayinevi.com.tr\/index.php\/wp-json\/wp\/v2\/product_cat?post=694491"},{"taxonomy":"product_tag","embeddable":true,"href":"https:\/\/roveyayinevi.com.tr\/index.php\/wp-json\/wp\/v2\/product_tag?post=694491"}],"curies":[{"name":"wp","href":"https:\/\/api.w.org\/{rel}","templated":true}]}}