{"id":694484,"date":"2025-08-27T14:21:24","date_gmt":"2025-08-27T11:21:24","guid":{"rendered":"https:\/\/roveyayinevi.com.tr\/index.php\/urun\/sehir-ve-sehir\/"},"modified":"2026-04-16T02:04:33","modified_gmt":"2026-04-15T23:04:33","slug":"sehir-ve-sehir","status":"publish","type":"product","link":"https:\/\/roveyayinevi.com.tr\/index.php\/urun\/sehir-ve-sehir\/","title":{"rendered":"\u015eehir ve \u015eehir"},"content":{"rendered":"<p>Britanya fantastik edebiyat\u0131n\u0131n parlak isimlerinden China Mi\u00e9ville, fantastik edebiyat alan\u0131n\u0131n \u201cNobel\u201di olarak nitelendirilen Arthur C. Clarke \u00f6d\u00fcl\u00fcn\u00fc \u00fc\u00e7 kez kazanan tek yazard\u0131r. Yazar\u0131na Hugo, D\u00fcnya Fantezi,  Nebula ve Arthur C. Clarke \u00f6d\u00fcllerini kazand\u0131ran \u015eehir ve \u015eehir; ger\u00e7ek ya da hayal \u00fcr\u00fcn\u00fc, hi\u00e7bir \u015fehre benzemeyen bir \u015fehirde ge\u00e7en varolu\u015fsal bir polisiyedir. Avrupa\u2019n\u0131n k\u0131y\u0131da k\u00f6\u015fede kalm\u0131\u015f bir \u015fehri olan Bes\u017ael\u2019de bir kad\u0131n cesedi bulunur. Bu olay, ba\u015fta, A\u011f\u0131r Su\u00e7lar Birimi m\u00fcfetti\u015fi Tyador Borl\u00fa\u2019ya s\u0131radan bir cinayet gibi gelir. Ama soru\u015fturma ilerledik\u00e7e, kan\u0131tlar onu hayal bile edemeyece\u011fi kadar \u00f6l\u00fcmc\u00fcl planlara g\u00f6t\u00fcr\u00fcr. Borl\u00fa, Bes\u017ael\u2019den, d\u00fcnya y\u00fcz\u00fcnde onun kadar tuhaf olan tek metropole gitmek zorundad\u0131r. Bu s\u0131radan bir s\u0131n\u0131r ge\u00e7i\u015fi de\u011fil, fiziksel oldu\u011fu kadar, ruhsal da bir ge\u00e7i\u015ftir. Bir alg\u0131 de\u011fi\u015fimi, g\u00f6r\u00fclmeyenin g\u00f6r\u00fclmeye ba\u015flanmas\u0131d\u0131r. Gidece\u011fi yer Bes\u017ael\u2019in ayn\u0131s\u0131, rakibi, yak\u0131n kom\u015fusu zengin ve hareketli Ul Qoma \u015fehridir. Ul Qomal\u0131 dedektif Quissim Dhatt\u2019la beraber ve bu ge\u00e7i\u015fle m\u00fccadele ederek, kom\u015fu \u015fehri yok etmeye ant i\u00e7mi\u015f a\u015f\u0131r\u0131 milliyet\u00e7ilerin ve iki \u015fehri birle\u015ftirme hayalleri kuran birle\u015fmecilerin \u00e7\u0131karc\u0131 yeralt\u0131 d\u00fcnyas\u0131nda bulur kendini. Dedektifler \u00f6len kad\u0131n\u0131n s\u0131rr\u0131n\u0131 \u00e7\u00f6zerken, bunun hayatlar\u0131na mal olabilece\u011fi ger\u00e7e\u011finin fark\u0131na var\u0131rlar. Kar\u015f\u0131lar\u0131na \u00e7\u0131kan \u015fey, Bes\u017ael ve Ul Qoma\u2019daki tehlikeli g\u00fc\u00e7lerdir: Ve iki \u015fehir aras\u0131nda gizlenen \u015fey, bu g\u00fc\u00e7lerin en korkuncudur. Kafka, Philip K. Dick, Raymond Chandler gibi yazarlar\u0131n, 1984 roman\u0131n\u0131n izlerini ta\u015f\u0131yan \u015eehir ve \u015eehir, insan\u0131 metafiziksel ve sanatsal doruklara \u00e7\u0131karan bir cinayet roman\u0131d\u0131r.  (Arka kapak)<\/p>\n","protected":false},"excerpt":{"rendered":"<p>Britanya fantastik edebiyat\u0131n\u0131n parlak isimlerinden China Mi\u00e9ville, fantastik edebiyat alan\u0131n\u0131n \u201cNobel\u201di olarak nitelendirilen Arthur C. Clarke \u00f6d\u00fcl\u00fcn\u00fc \u00fc\u00e7 kez kazanan tek yazard\u0131r. Yazar\u0131na Hugo, D\u00fcnya Fantezi,<span class=\"excerpt-hellip\"> [\u2026]<\/span><\/p>\n","protected":false},"featured_media":0,"template":"","meta":{"_monsterinsights_skip_tracking":false,"_monsterinsights_sitenote_active":false,"_monsterinsights_sitenote_note":"","_monsterinsights_sitenote_category":0},"product_brand":[],"product_cat":[12291,17033],"product_tag":[],"class_list":{"0":"post-694484","1":"product","2":"type-product","3":"status-publish","5":"product_cat-edebiyat","6":"product_cat-korku-gerilim","7":"pa_cilt-ciltsiz","8":"pa_tur-kitap","9":"pa_yayinevi-yordam-kitap","10":"pa_yazar-china-mieville","12":"first","13":"instock","14":"sale","15":"shipping-taxable","16":"purchasable","17":"product-type-simple"},"_links":{"self":[{"href":"https:\/\/roveyayinevi.com.tr\/index.php\/wp-json\/wp\/v2\/product\/694484","targetHints":{"allow":["GET"]}}],"collection":[{"href":"https:\/\/roveyayinevi.com.tr\/index.php\/wp-json\/wp\/v2\/product"}],"about":[{"href":"https:\/\/roveyayinevi.com.tr\/index.php\/wp-json\/wp\/v2\/types\/product"}],"wp:attachment":[{"href":"https:\/\/roveyayinevi.com.tr\/index.php\/wp-json\/wp\/v2\/media?parent=694484"}],"wp:term":[{"taxonomy":"product_brand","embeddable":true,"href":"https:\/\/roveyayinevi.com.tr\/index.php\/wp-json\/wp\/v2\/product_brand?post=694484"},{"taxonomy":"product_cat","embeddable":true,"href":"https:\/\/roveyayinevi.com.tr\/index.php\/wp-json\/wp\/v2\/product_cat?post=694484"},{"taxonomy":"product_tag","embeddable":true,"href":"https:\/\/roveyayinevi.com.tr\/index.php\/wp-json\/wp\/v2\/product_tag?post=694484"}],"curies":[{"name":"wp","href":"https:\/\/api.w.org\/{rel}","templated":true}]}}