{"id":694482,"date":"2025-08-27T14:21:24","date_gmt":"2025-08-27T11:21:24","guid":{"rendered":"https:\/\/roveyayinevi.com.tr\/index.php\/urun\/sosyalist-alternatif\/"},"modified":"2026-04-16T02:04:33","modified_gmt":"2026-04-15T23:04:33","slug":"sosyalist-alternatif","status":"publish","type":"product","link":"https:\/\/roveyayinevi.com.tr\/index.php\/urun\/sosyalist-alternatif\/","title":{"rendered":"Sosyalist Alternatif"},"content":{"rendered":"<p>Michael Lebowitz\u2019e g\u00f6re iyi bir toplum, insani potansiyelin tam bir geli\u015fimine olanak sa\u011flayan toplumdur . K\u0131sa, berrak ve anla\u015f\u0131l\u0131r bu kitapta Lebowitz, b\u00f6yle bir toplumun m\u00fcmk\u00fcn oldu\u011funu ikna edici bir \u015fekilde ileri s\u00fcr\u00fcyor. Kapitalizmin bu iyi toplum kavram\u0131ndan ne kadar uzak oldu\u011fu, temel \u00f6zelliklerinin \u00fcst\u00fcnk\u00f6r\u00fc bir \u015fekilde incelenmesiyle bile g\u00f6r\u00fclebilir. Kapitalizmde \u00f6ncelik tan\u0131nan, insani geli\u015fme de\u011fil n\u00fcfusun k\u00fc\u00e7\u00fck bir az\u0131nl\u0131\u011f\u0131nca el konulan k\u00e2rlard\u0131r. K\u00e2r ile insani geli\u015fme aras\u0131nda bir \u00e7at\u0131\u015fma s\u00f6z konusu oldu\u011funda \u00f6ncelik k\u00e2rdan yana olur. Bunu i\u015fsizlere, ge\u00e7ici i\u015flerde didinip duranlara, hastalara ve sakatlara, yoksullara ve mahk\u00fbmlara sorsan\u0131z onlar da s\u00f6yleyecektir. \ufffcTan\u0131t\u0131m Metni<\/p>\n","protected":false},"excerpt":{"rendered":"<p>Michael Lebowitz\u2019e g\u00f6re iyi bir toplum, insani potansiyelin tam bir geli\u015fimine olanak sa\u011flayan toplumdur . K\u0131sa, berrak ve anla\u015f\u0131l\u0131r bu kitapta Lebowitz, b\u00f6yle bir toplumun m\u00fcmk\u00fcn<span class=\"excerpt-hellip\"> [\u2026]<\/span><\/p>\n","protected":false},"featured_media":0,"template":"","meta":{"_monsterinsights_skip_tracking":false,"_monsterinsights_sitenote_active":false,"_monsterinsights_sitenote_note":"","_monsterinsights_sitenote_category":0},"product_brand":[],"product_cat":[12312,12304],"product_tag":[],"class_list":{"0":"post-694482","1":"product","2":"type-product","3":"status-publish","5":"product_cat-diger","6":"product_cat-tarih","7":"pa_cilt-ciltsiz","8":"pa_tur-kitap","9":"pa_yayinevi-yordam-kitap","10":"pa_yazar-michael-lebowitz","12":"first","13":"instock","14":"sale","15":"shipping-taxable","16":"purchasable","17":"product-type-simple"},"_links":{"self":[{"href":"https:\/\/roveyayinevi.com.tr\/index.php\/wp-json\/wp\/v2\/product\/694482","targetHints":{"allow":["GET"]}}],"collection":[{"href":"https:\/\/roveyayinevi.com.tr\/index.php\/wp-json\/wp\/v2\/product"}],"about":[{"href":"https:\/\/roveyayinevi.com.tr\/index.php\/wp-json\/wp\/v2\/types\/product"}],"wp:attachment":[{"href":"https:\/\/roveyayinevi.com.tr\/index.php\/wp-json\/wp\/v2\/media?parent=694482"}],"wp:term":[{"taxonomy":"product_brand","embeddable":true,"href":"https:\/\/roveyayinevi.com.tr\/index.php\/wp-json\/wp\/v2\/product_brand?post=694482"},{"taxonomy":"product_cat","embeddable":true,"href":"https:\/\/roveyayinevi.com.tr\/index.php\/wp-json\/wp\/v2\/product_cat?post=694482"},{"taxonomy":"product_tag","embeddable":true,"href":"https:\/\/roveyayinevi.com.tr\/index.php\/wp-json\/wp\/v2\/product_tag?post=694482"}],"curies":[{"name":"wp","href":"https:\/\/api.w.org\/{rel}","templated":true}]}}