{"id":694469,"date":"2025-08-27T14:21:20","date_gmt":"2025-08-27T11:21:20","guid":{"rendered":"https:\/\/roveyayinevi.com.tr\/index.php\/urun\/muhendis-menni-kizil-yildiz-2\/"},"modified":"2026-04-16T02:04:33","modified_gmt":"2026-04-15T23:04:33","slug":"muhendis-menni-kizil-yildiz-2","status":"publish","type":"product","link":"https:\/\/roveyayinevi.com.tr\/index.php\/urun\/muhendis-menni-kizil-yildiz-2\/","title":{"rendered":"M\u00fchendis Menni &#8211; K\u0131z\u0131l Y\u0131ld\u0131z 2"},"content":{"rendered":"<p>Rus d\u00fc\u015f\u00fcn\u00fcr ve eylemci Aleksandr Bogdanov\u2019un bilim kurgu t\u00fcr\u00fcndeki roman\u0131M\u00fchendis Menni (1912), K\u0131z\u0131l Y\u0131ld\u0131z\u2019\u0131n devam\u0131d\u0131r. K\u0131z\u0131l Y\u0131ld\u0131z\u2019da, okur, bir D\u00fcnyal\u0131n\u0131ng\u00f6z\u00fcnden, Marsl\u0131lar\u0131n kendi gezegenlerinde in\u015fa ettikleri sosyalist d\u00fczene tan\u0131kl\u0131ketmekteydi. Bu romanda ise Mars\u2019ta sosyalizm \u00f6ncesi d\u00f6nem ve sosyalizme yol a\u00e7anm\u00fccadeleler, ayn\u0131 heyecan verici ke\u015fifler ve bilimsel \u00f6ng\u00f6r\u00fclerle anlat\u0131l\u0131yor. Roman\u0131nkahraman\u0131 Leonid, Mars\u2019a hayat veren B\u00fcy\u00fck Kanallar\u2019\u0131n yap\u0131m\u0131 s\u0131ras\u0131nda sosyalisthareketin do\u011fu\u015funu anlat\u0131yor. Roman, yazar\u0131n daha sonra \u201cTektologiya\u201d adl\u0131 yap\u0131t\u0131nda(1913-1922) a\u00e7\u0131klad\u0131\u011f\u0131 \u201c\u00f6rg\u00fctl\u00fc\u201d bilim \u00fczerine bilimsel d\u00fc\u015f\u00fcncelerinin pop\u00fclarizeedilmi\u015f h\u00e2lidir.<\/p>\n","protected":false},"excerpt":{"rendered":"<p>Rus d\u00fc\u015f\u00fcn\u00fcr ve eylemci Aleksandr Bogdanov\u2019un bilim kurgu t\u00fcr\u00fcndeki roman\u0131M\u00fchendis Menni (1912), K\u0131z\u0131l Y\u0131ld\u0131z\u2019\u0131n devam\u0131d\u0131r. K\u0131z\u0131l Y\u0131ld\u0131z\u2019da, okur, bir D\u00fcnyal\u0131n\u0131ng\u00f6z\u00fcnden, Marsl\u0131lar\u0131n kendi gezegenlerinde in\u015fa ettikleri sosyalist<span class=\"excerpt-hellip\"> [\u2026]<\/span><\/p>\n","protected":false},"featured_media":0,"template":"","meta":{"_monsterinsights_skip_tracking":false,"_monsterinsights_sitenote_active":false,"_monsterinsights_sitenote_note":"","_monsterinsights_sitenote_category":0},"product_brand":[],"product_cat":[12291,13570],"product_tag":[],"class_list":{"0":"post-694469","1":"product","2":"type-product","3":"status-publish","5":"product_cat-edebiyat","6":"product_cat-rus-edebiyati","7":"pa_cilt-ciltsiz","8":"pa_tur-kitap","9":"pa_yayinevi-yordam-kitap","10":"pa_yazar-aleksandr-bogdanov","12":"first","13":"instock","14":"sale","15":"shipping-taxable","16":"purchasable","17":"product-type-simple"},"_links":{"self":[{"href":"https:\/\/roveyayinevi.com.tr\/index.php\/wp-json\/wp\/v2\/product\/694469","targetHints":{"allow":["GET"]}}],"collection":[{"href":"https:\/\/roveyayinevi.com.tr\/index.php\/wp-json\/wp\/v2\/product"}],"about":[{"href":"https:\/\/roveyayinevi.com.tr\/index.php\/wp-json\/wp\/v2\/types\/product"}],"wp:attachment":[{"href":"https:\/\/roveyayinevi.com.tr\/index.php\/wp-json\/wp\/v2\/media?parent=694469"}],"wp:term":[{"taxonomy":"product_brand","embeddable":true,"href":"https:\/\/roveyayinevi.com.tr\/index.php\/wp-json\/wp\/v2\/product_brand?post=694469"},{"taxonomy":"product_cat","embeddable":true,"href":"https:\/\/roveyayinevi.com.tr\/index.php\/wp-json\/wp\/v2\/product_cat?post=694469"},{"taxonomy":"product_tag","embeddable":true,"href":"https:\/\/roveyayinevi.com.tr\/index.php\/wp-json\/wp\/v2\/product_tag?post=694469"}],"curies":[{"name":"wp","href":"https:\/\/api.w.org\/{rel}","templated":true}]}}