{"id":694467,"date":"2025-08-27T14:21:20","date_gmt":"2025-08-27T11:21:20","guid":{"rendered":"https:\/\/roveyayinevi.com.tr\/index.php\/urun\/gunumuzde-siddet\/"},"modified":"2026-04-16T02:04:33","modified_gmt":"2026-04-15T23:04:33","slug":"gunumuzde-siddet","status":"publish","type":"product","link":"https:\/\/roveyayinevi.com.tr\/index.php\/urun\/gunumuzde-siddet\/","title":{"rendered":"G\u00fcn\u00fcm\u00fczde \u015eiddet"},"content":{"rendered":"<p>Y\u0131lda bir kez yay\u0131nlanan ve T\u00fcrk\u00e7e bas\u0131m\u0131n\u0131 Yordam Kitap&#8217;\u0131n \u00fcstlendi\u011fi Socialist Register&#8217;\u0131n 2009 say\u0131s\u0131 \u015fiddet konusuna e\u011filiyor. G\u00fcn\u00fcm\u00fcz d\u00fcnyas\u0131n\u0131n kar\u015f\u0131 kar\u015f\u0131ya oldu\u011fu \u015fiddetin \u00e7ap\u0131 ve yayg\u0131nl\u0131\u011f\u0131, a\u015fa\u011f\u0131daki ba\u015fl\u0131klarda acilen ciddi \u00e7\u00f6z\u00fcmlemelerin yap\u0131lmas\u0131n\u0131 zorunlu k\u0131l\u0131yor: &#8220;ter\u00f6rle m\u00fccadele&#8221; ve direni\u015f kar\u015f\u0131t\u0131 sava\u015f; ter\u00f6r ve kontr-ter\u00f6r; intihar bombac\u0131lar\u0131 ve i\u015fkence; i\u00e7 sava\u015flar ve anar\u015fi; kentsel \u00e7ete sava\u015flar\u0131; kad\u0131na y\u00f6nelik kronik \u015fiddet. G\u00fcn\u00fcm\u00fcz d\u00fcnyas\u0131ndaki bu \u015fiddet, her iki d\u00fcnya sava\u015f\u0131 ile kar\u015f\u0131la\u015ft\u0131r\u0131labilecek \u00f6l\u00e7ekte insani trajedilere neden olmakta. D\u00fcnyaya h\u00e2kim olan k\u00fcresel kapitalizmin nirvanas\u0131, milyonlarca ki\u015fi i\u00e7in vah\u015fi bir \u00f6l\u00fcmle kar\u015f\u0131la\u015fma korkusu i\u00e7inde ya\u015famak anlam\u0131na geliyor. Giri\u015f makalesi, g\u00fcn\u00fcm\u00fcz \u015fiddetinin \u00f6l\u00e7e\u011fi ve \u00e7e\u015fitlili\u011fine genel bir bak\u0131\u015f sunarken, ayn\u0131 zamanda bir kez daha temel soruyu soruyor: sosyalizm mi, barbarl\u0131k m\u0131? Di\u011fer makalelerde, d\u00fcnyan\u0131n \u00e7e\u015fitli b\u00f6lgelerinden \u00f6rneksel \u00f6nem ta\u015f\u0131yan \u015fiddet vakalar\u0131n\u0131n do\u011fas\u0131 ve k\u00f6kleri masaya yat\u0131r\u0131l\u0131yor. Samir Amin, John Berger, Henri Bernstein, Vivek Chibber; kitaba katk\u0131da bulunan yazarlardan baz\u0131lar\u0131. \ufffcTan\u0131t\u0131m Metni<\/p>\n","protected":false},"excerpt":{"rendered":"<p>Y\u0131lda bir kez yay\u0131nlanan ve T\u00fcrk\u00e7e bas\u0131m\u0131n\u0131 Yordam Kitap&#8217;\u0131n \u00fcstlendi\u011fi Socialist Register&#8217;\u0131n 2009 say\u0131s\u0131 \u015fiddet konusuna e\u011filiyor. G\u00fcn\u00fcm\u00fcz d\u00fcnyas\u0131n\u0131n kar\u015f\u0131 kar\u015f\u0131ya oldu\u011fu \u015fiddetin \u00e7ap\u0131 ve yayg\u0131nl\u0131\u011f\u0131,<span class=\"excerpt-hellip\"> [\u2026]<\/span><\/p>\n","protected":false},"featured_media":0,"template":"","meta":{"_monsterinsights_skip_tracking":false,"_monsterinsights_sitenote_active":false,"_monsterinsights_sitenote_note":"","_monsterinsights_sitenote_category":0},"product_brand":[],"product_cat":[12388,15536],"product_tag":[],"class_list":{"0":"post-694467","1":"product","2":"type-product","3":"status-publish","5":"product_cat-felsefe","6":"product_cat-siyaset-felsefesi","7":"pa_cilt-ciltsiz","8":"pa_tur-kitap","9":"pa_yayinevi-yordam-kitap","10":"pa_yazar-leo-panitch","12":"first","13":"instock","14":"sale","15":"shipping-taxable","16":"purchasable","17":"product-type-simple"},"_links":{"self":[{"href":"https:\/\/roveyayinevi.com.tr\/index.php\/wp-json\/wp\/v2\/product\/694467","targetHints":{"allow":["GET"]}}],"collection":[{"href":"https:\/\/roveyayinevi.com.tr\/index.php\/wp-json\/wp\/v2\/product"}],"about":[{"href":"https:\/\/roveyayinevi.com.tr\/index.php\/wp-json\/wp\/v2\/types\/product"}],"wp:attachment":[{"href":"https:\/\/roveyayinevi.com.tr\/index.php\/wp-json\/wp\/v2\/media?parent=694467"}],"wp:term":[{"taxonomy":"product_brand","embeddable":true,"href":"https:\/\/roveyayinevi.com.tr\/index.php\/wp-json\/wp\/v2\/product_brand?post=694467"},{"taxonomy":"product_cat","embeddable":true,"href":"https:\/\/roveyayinevi.com.tr\/index.php\/wp-json\/wp\/v2\/product_cat?post=694467"},{"taxonomy":"product_tag","embeddable":true,"href":"https:\/\/roveyayinevi.com.tr\/index.php\/wp-json\/wp\/v2\/product_tag?post=694467"}],"curies":[{"name":"wp","href":"https:\/\/api.w.org\/{rel}","templated":true}]}}