{"id":694465,"date":"2025-08-27T14:21:19","date_gmt":"2025-08-27T11:21:19","guid":{"rendered":"https:\/\/roveyayinevi.com.tr\/index.php\/urun\/cumhuriyetin-ilani\/"},"modified":"2026-04-16T02:04:33","modified_gmt":"2026-04-15T23:04:33","slug":"cumhuriyetin-ilani","status":"publish","type":"product","link":"https:\/\/roveyayinevi.com.tr\/index.php\/urun\/cumhuriyetin-ilani\/","title":{"rendered":"Cumhuriyetin \u0130lan\u0131"},"content":{"rendered":"<p>Bu kitapta, Cumhuriyetin ilk d\u00f6neminde &#8220;milliyet\u00e7ilik&#8221; ve &#8220;medeniyet\u00e7ilik&#8221; arakesitinde \u00fcretilen modernle\u015fme s\u00f6ylemi, reklam metinlerinden yola \u00e7\u0131k\u0131larak okunmaktad\u0131r.\u00c7al\u0131\u015fmada \u00e7\u00f6z\u00fcmlenen reklam metinleri, S\u00fcmerbank-Yerli Mallar\u0131 Pazar\u0131, \u0130nhisarlar \u0130daresi ve Milli Piyango \u0130daresi\u2019ne aittir. Bir di\u011fer ifadeyle reklamveren &#8220;devlet&#8221;tir. Reklam metinleri, modern ve Bat\u0131l\u0131 ya\u015fam tarz\u0131 ba\u011flam\u0131nda, zaman, mekan ve beden ekseninde modernle\u015fme s\u00f6ylemini yeniden \u00fcreten, do\u011falla\u015ft\u0131ran ve mitle\u015ftiren metinler olarak anlamland\u0131r\u0131lmaktad\u0131r.Reklamlar, Cumhuriyetin ilk d\u00f6neminde ulus-devletin in\u015fa s\u00fcrecinde hem &#8220;hayal edilen ulusun&#8221; resminin \u00e7izildi\u011fi hem de bu resmi \u00e7izen devletin kendi g\u00f6sterisini yapt\u0131\u011f\u0131 metinler olarak billurla\u015fmaktad\u0131r. T\u00fcketim, \u00fcretim tarz\u0131na ko\u015fut in\u015fa edilen &#8220;t\u00fcketici vatanda\u015f&#8221;a g\u00f6rev olarak bildirilmektedir. <\/p>\n","protected":false},"excerpt":{"rendered":"<p>Bu kitapta, Cumhuriyetin ilk d\u00f6neminde &#8220;milliyet\u00e7ilik&#8221; ve &#8220;medeniyet\u00e7ilik&#8221; arakesitinde \u00fcretilen modernle\u015fme s\u00f6ylemi, reklam metinlerinden yola \u00e7\u0131k\u0131larak okunmaktad\u0131r.\u00c7al\u0131\u015fmada \u00e7\u00f6z\u00fcmlenen reklam metinleri, S\u00fcmerbank-Yerli Mallar\u0131 Pazar\u0131, \u0130nhisarlar \u0130daresi ve<span class=\"excerpt-hellip\"> [\u2026]<\/span><\/p>\n","protected":false},"featured_media":0,"template":"","meta":{"_monsterinsights_skip_tracking":false,"_monsterinsights_sitenote_active":false,"_monsterinsights_sitenote_note":"","_monsterinsights_sitenote_category":0},"product_brand":[],"product_cat":[12337,14543],"product_tag":[],"class_list":{"0":"post-694465","1":"product","2":"type-product","3":"status-publish","5":"product_cat-politika-siyaset","6":"product_cat-turkiye-siyaseti-ve-politikasi","7":"pa_cilt-ciltsiz","8":"pa_tur-kitap","9":"pa_yayinevi-bilgesu-yayincilik","10":"pa_yazar-g-senem-gencturk-hizal","12":"first","13":"instock","14":"sale","15":"shipping-taxable","16":"purchasable","17":"product-type-simple"},"_links":{"self":[{"href":"https:\/\/roveyayinevi.com.tr\/index.php\/wp-json\/wp\/v2\/product\/694465","targetHints":{"allow":["GET"]}}],"collection":[{"href":"https:\/\/roveyayinevi.com.tr\/index.php\/wp-json\/wp\/v2\/product"}],"about":[{"href":"https:\/\/roveyayinevi.com.tr\/index.php\/wp-json\/wp\/v2\/types\/product"}],"wp:attachment":[{"href":"https:\/\/roveyayinevi.com.tr\/index.php\/wp-json\/wp\/v2\/media?parent=694465"}],"wp:term":[{"taxonomy":"product_brand","embeddable":true,"href":"https:\/\/roveyayinevi.com.tr\/index.php\/wp-json\/wp\/v2\/product_brand?post=694465"},{"taxonomy":"product_cat","embeddable":true,"href":"https:\/\/roveyayinevi.com.tr\/index.php\/wp-json\/wp\/v2\/product_cat?post=694465"},{"taxonomy":"product_tag","embeddable":true,"href":"https:\/\/roveyayinevi.com.tr\/index.php\/wp-json\/wp\/v2\/product_tag?post=694465"}],"curies":[{"name":"wp","href":"https:\/\/api.w.org\/{rel}","templated":true}]}}