{"id":694457,"date":"2025-08-27T14:21:17","date_gmt":"2025-08-27T11:21:17","guid":{"rendered":"https:\/\/roveyayinevi.com.tr\/index.php\/urun\/marxin-degeri-olculebilir-mi\/"},"modified":"2026-04-16T02:04:33","modified_gmt":"2026-04-15T23:04:33","slug":"marxin-degeri-olculebilir-mi","status":"publish","type":"product","link":"https:\/\/roveyayinevi.com.tr\/index.php\/urun\/marxin-degeri-olculebilir-mi\/","title":{"rendered":"Marx\u2019\u0131n De\u011feri \u00d6l\u00e7\u00fclebilir mi?"},"content":{"rendered":"<p>Evet, Marx\u2019\u0131n de\u011feri \u00f6l\u00e7\u00fclebilir. Kitap, bu yan\u0131t\u0131 kuramsal olarak temellendirmekte ve de\u011fer kategorilerini ampirik olarak T\u00fcrkiye ekonomisi i\u00e7in \u00f6l\u00e7mektedir. Kitab\u0131n hedefi, bu \u00f6l\u00e7\u00fcmleri okuyucuyla payla\u015fmak ve bu \u00f6l\u00e7\u00fcmlerden hareketle T\u00fcrkiye\u2019nin yak\u0131n d\u00f6nem ge\u00e7mi\u015finde kriz dinamiklerine ili\u015fkin yorumlar \u00fcretmektir. Ne var ki bu amac\u0131 ger\u00e7ekle\u015ftirebilmek i\u00e7in Marksist iktisat kuram\u0131na dair pek \u00e7ok konuda netlik kazan\u0131lmas\u0131 gerekti\u011finden, kitap boyunca ad\u0131m ad\u0131m bu kuramsal yap\u0131 da \u00e7\u00f6z\u00fcmlenmeye \u00e7al\u0131\u015f\u0131lmaktad\u0131r. B\u00f6ylece Marksist iktisad\u0131n 20. y\u00fczy\u0131ldaki evrimine ili\u015fkin bir de\u011ferlendirme de ortaya konulmaktad\u0131r. \ufffcTan\u0131t\u0131m Metni<\/p>\n","protected":false},"excerpt":{"rendered":"<p>Evet, Marx\u2019\u0131n de\u011feri \u00f6l\u00e7\u00fclebilir. Kitap, bu yan\u0131t\u0131 kuramsal olarak temellendirmekte ve de\u011fer kategorilerini ampirik olarak T\u00fcrkiye ekonomisi i\u00e7in \u00f6l\u00e7mektedir. Kitab\u0131n hedefi, bu \u00f6l\u00e7\u00fcmleri okuyucuyla payla\u015fmak ve<span class=\"excerpt-hellip\"> [\u2026]<\/span><\/p>\n","protected":false},"featured_media":0,"template":"","meta":{"_monsterinsights_skip_tracking":false,"_monsterinsights_sitenote_active":false,"_monsterinsights_sitenote_note":"","_monsterinsights_sitenote_category":0},"product_brand":[],"product_cat":[12388,15309],"product_tag":[],"class_list":{"0":"post-694457","1":"product","2":"type-product","3":"status-publish","5":"product_cat-felsefe","6":"product_cat-felsefi-akimlar","7":"pa_cilt-ciltsiz","8":"pa_tur-kitap","9":"pa_yayinevi-yordam-kitap","10":"pa_yazar-yigit-karahanogullari","12":"first","13":"instock","14":"sale","15":"shipping-taxable","16":"purchasable","17":"product-type-simple"},"_links":{"self":[{"href":"https:\/\/roveyayinevi.com.tr\/index.php\/wp-json\/wp\/v2\/product\/694457","targetHints":{"allow":["GET"]}}],"collection":[{"href":"https:\/\/roveyayinevi.com.tr\/index.php\/wp-json\/wp\/v2\/product"}],"about":[{"href":"https:\/\/roveyayinevi.com.tr\/index.php\/wp-json\/wp\/v2\/types\/product"}],"wp:attachment":[{"href":"https:\/\/roveyayinevi.com.tr\/index.php\/wp-json\/wp\/v2\/media?parent=694457"}],"wp:term":[{"taxonomy":"product_brand","embeddable":true,"href":"https:\/\/roveyayinevi.com.tr\/index.php\/wp-json\/wp\/v2\/product_brand?post=694457"},{"taxonomy":"product_cat","embeddable":true,"href":"https:\/\/roveyayinevi.com.tr\/index.php\/wp-json\/wp\/v2\/product_cat?post=694457"},{"taxonomy":"product_tag","embeddable":true,"href":"https:\/\/roveyayinevi.com.tr\/index.php\/wp-json\/wp\/v2\/product_tag?post=694457"}],"curies":[{"name":"wp","href":"https:\/\/api.w.org\/{rel}","templated":true}]}}