{"id":694454,"date":"2025-08-27T14:21:16","date_gmt":"2025-08-27T11:21:16","guid":{"rendered":"https:\/\/roveyayinevi.com.tr\/index.php\/urun\/marksist-kriz-teorisi-ve-kredi-krizi\/"},"modified":"2026-04-16T02:04:32","modified_gmt":"2026-04-15T23:04:32","slug":"marksist-kriz-teorisi-ve-kredi-krizi","status":"publish","type":"product","link":"https:\/\/roveyayinevi.com.tr\/index.php\/urun\/marksist-kriz-teorisi-ve-kredi-krizi\/","title":{"rendered":"Marksist Kriz Teorisi ve Kredi Krizi"},"content":{"rendered":"<p>1990&#8217;lar\u0131n ba\u015f\u0131ndaki h\u00e2kim d\u00fc\u015f\u00fcnce, kapitalizmin sars\u0131c\u0131 krizler d\u00f6neminin son buldu\u011fu y\u00f6n\u00fcndeydi. Ama kapitalizm bir krizin girdab\u0131ndan \u00e7\u0131kmadan bir di\u011ferine yuvarlan\u0131yor. Olan biteni anlamaya \u00e7al\u0131\u015fanlar, ka\u00e7\u0131n\u0131lmaz olarak y\u00fczlerini kapitalizmin en b\u00fcy\u00fck ele\u015ftiricisi ve \u00e7\u00f6z\u00fcmleyicisi Marx&#8217;a ve Marksizme d\u00f6n\u00fcyorlar. Bu derleme, Marx&#8217;\u0131n kriz teorisinin anla\u015f\u0131l\u0131r bir a\u00e7\u0131klamas\u0131n\u0131 sunuyor, yan\u0131 s\u0131ra 2008 kredi krizinin Marksist bir \u00e7\u00f6z\u00fcmlemesini yap\u0131yor. Be\u015finci Enternasyonal adl\u0131 \u0130ngilizce derginin \u00f6zel say\u0131s\u0131ndan yap\u0131lan se\u00e7kinin ilk b\u00f6l\u00fcm\u00fcnde, Richard Brenner, Marksist kriz teorisinin anla\u015f\u0131l\u0131r bir \u00f6zetini sunuyor. Marx&#8217;\u0131n k\u00e2r oranlar\u0131n\u0131n d\u00fc\u015fme e\u011filimi yasas\u0131n\u0131n Marx&#8217;\u0131n teorisinin temelini olu\u015fturdu\u011funu; Marx&#8217;\u0131n teorisine y\u00f6nelik temel itirazlar\u0131 \u00e7\u00fcr\u00fcterek, bug\u00fcnk\u00fc ekonomik geli\u015fmelere nas\u0131l \u0131\u015f\u0131k tuttu\u011funu ve Marx&#8217;\u0131n \u00fcnl\u00fc yasas\u0131n\u0131n, \u015fiddetli de\u011fersizle\u015fme ve durgunluk krizleriyle sonu\u00e7lanan 7-10 y\u0131ll\u0131k ticari-s\u0131nai \u00e7evrimlerin i\u015fleyi\u015fini nas\u0131l a\u00e7\u0131klad\u0131\u011f\u0131n\u0131 g\u00f6steriyor. \u0130kinci b\u00f6l\u00fcmde, Michael Pr\u00f6bsting, Lenin&#8217;in \u00fcnl\u00fc Emperyalizm Teorisi ve bu teorinin g\u00fcn\u00fcm\u00fczde ge\u00e7erlili\u011fi \u00fczerine odaklan\u0131yor. Makale, Lenin&#8217;in, hem \u201ccan \u00e7eki\u015fen ve \u00e7\u00fcr\u00fcyen\u201d hem de \u00e7\u00f6k\u00fc\u015f \u00e7a\u011f\u0131ndaki kapitalizm olarak tan\u0131mlad\u0131\u011f\u0131 emperyalizmle neyi kastetti\u011fini inceledikten sonra, Lenin&#8217;in teorisinin, son y\u0131llarda baz\u0131 \u00fclkelerde \u015fa\u015f\u0131rt\u0131c\u0131 derecede y\u00fcksek GSY\u0130H b\u00fcy\u00fcme oranlar\u0131na tan\u0131k olan bir d\u00fcnyan\u0131n do\u011fru bir analizini h\u00e2l\u00e2 sa\u011flay\u0131p sa\u011flamayaca\u011f\u0131n\u0131 soruyor. \u00dc\u00e7\u00fcnc\u00fc b\u00f6l\u00fcmde, 2008 krizine ili\u015fkin a\u00e7\u0131klamalara yer verilirken son b\u00f6l\u00fcmde E. Mandel&#8217;in \u201cuzun dalgalar\u201d teorisi \u00fczerinde duruluyor. <\/p>\n","protected":false},"excerpt":{"rendered":"<p>1990&#8217;lar\u0131n ba\u015f\u0131ndaki h\u00e2kim d\u00fc\u015f\u00fcnce, kapitalizmin sars\u0131c\u0131 krizler d\u00f6neminin son buldu\u011fu y\u00f6n\u00fcndeydi. Ama kapitalizm bir krizin girdab\u0131ndan \u00e7\u0131kmadan bir di\u011ferine yuvarlan\u0131yor. Olan biteni anlamaya \u00e7al\u0131\u015fanlar, ka\u00e7\u0131n\u0131lmaz olarak<span class=\"excerpt-hellip\"> [\u2026]<\/span><\/p>\n","protected":false},"featured_media":0,"template":"","meta":{"_monsterinsights_skip_tracking":false,"_monsterinsights_sitenote_active":false,"_monsterinsights_sitenote_note":"","_monsterinsights_sitenote_category":0},"product_brand":[],"product_cat":[12388,15309],"product_tag":[],"class_list":{"0":"post-694454","1":"product","2":"type-product","3":"status-publish","5":"product_cat-felsefe","6":"product_cat-felsefi-akimlar","7":"pa_cilt-ciltsiz","8":"pa_tur-kitap","9":"pa_yayinevi-yordam-kitap","10":"pa_yazar-richard-brenner","12":"first","13":"instock","14":"sale","15":"shipping-taxable","16":"purchasable","17":"product-type-simple"},"_links":{"self":[{"href":"https:\/\/roveyayinevi.com.tr\/index.php\/wp-json\/wp\/v2\/product\/694454","targetHints":{"allow":["GET"]}}],"collection":[{"href":"https:\/\/roveyayinevi.com.tr\/index.php\/wp-json\/wp\/v2\/product"}],"about":[{"href":"https:\/\/roveyayinevi.com.tr\/index.php\/wp-json\/wp\/v2\/types\/product"}],"wp:attachment":[{"href":"https:\/\/roveyayinevi.com.tr\/index.php\/wp-json\/wp\/v2\/media?parent=694454"}],"wp:term":[{"taxonomy":"product_brand","embeddable":true,"href":"https:\/\/roveyayinevi.com.tr\/index.php\/wp-json\/wp\/v2\/product_brand?post=694454"},{"taxonomy":"product_cat","embeddable":true,"href":"https:\/\/roveyayinevi.com.tr\/index.php\/wp-json\/wp\/v2\/product_cat?post=694454"},{"taxonomy":"product_tag","embeddable":true,"href":"https:\/\/roveyayinevi.com.tr\/index.php\/wp-json\/wp\/v2\/product_tag?post=694454"}],"curies":[{"name":"wp","href":"https:\/\/api.w.org\/{rel}","templated":true}]}}

<p>1990&#8217;ların başındaki hâkim düşünce, kapitalizmin sarsıcı krizler döneminin son bulduğu yönündeydi. Ama kapitalizm bir krizin girdabından çıkmadan bir diğerine yuvarlanıyor. Olan biteni anlamaya çalışanlar, kaçınılmaz olarak yüzlerini kapitalizmin en büyük eleştiricisi ve çözümleyicisi Marx&#8217;a ve Marksizme dönüyorlar. Bu derleme, Marx&#8217;ın kriz teorisinin anlaşılır bir açıklamasını sunuyor, yanı sıra 2008 kredi krizinin Marksist bir çözümlemesini yapıyor. Beşinci Enternasyonal adlı İngilizce derginin özel sayısından yapılan seçkinin ilk bölümünde, Richard Brenner, Marksist kriz teorisinin anlaşılır bir özetini sunuyor. Marx&#8217;ın kâr oranlarının düşme eğilimi yasasının Marx&#8217;ın teorisinin temelini oluşturduğunu; Marx&#8217;ın teorisine yönelik temel itirazları çürüterek, bugünkü ekonomik gelişmelere nasıl ışık tuttuğunu ve Marx&#8217;ın ünlü yasasının, şiddetli değersizleşme ve durgunluk krizleriyle sonuçlanan 7-10 yıllık ticari-sınai çevrimlerin işleyişini nasıl açıkladığını gösteriyor. İkinci bölümde, Michael Pröbsting, Lenin&#8217;in ünlü Emperyalizm Teorisi ve bu teorinin günümüzde geçerliliği üzerine odaklanıyor. Makale, Lenin&#8217;in, hem “can çekişen ve çürüyen” hem de çöküş çağındaki kapitalizm olarak tanımladığı emperyalizmle neyi kastettiğini inceledikten sonra, Lenin&#8217;in teorisinin, son yıllarda bazı ülkelerde şaşırtıcı derecede yüksek GSYİH büyüme oranlarına tanık olan bir dünyanın doğru bir analizini hâlâ sağlayıp sağlamayacağını soruyor. Üçüncü bölümde, 2008 krizine ilişkin açıklamalara yer verilirken son bölümde E. Mandel&#8217;in “uzun dalgalar” teorisi üzerinde duruluyor. </p>

<p>1990&#8217;ların başındaki hâkim düşünce, kapitalizmin sarsıcı krizler döneminin son bulduğu yönündeydi. Ama kapitalizm bir krizin girdabından çıkmadan bir diğerine yuvarlanıyor. Olan biteni anlamaya çalışanlar, kaçınılmaz olarak<span class="excerpt-hellip"> […]</span></p>
