{"id":694449,"date":"2025-08-27T14:21:15","date_gmt":"2025-08-27T11:21:15","guid":{"rendered":"https:\/\/roveyayinevi.com.tr\/index.php\/urun\/marksizm-nedir\/"},"modified":"2026-04-16T02:04:32","modified_gmt":"2026-04-15T23:04:32","slug":"marksizm-nedir","status":"publish","type":"product","link":"https:\/\/roveyayinevi.com.tr\/index.php\/urun\/marksizm-nedir\/","title":{"rendered":"Marksizm Nedir?"},"content":{"rendered":"<p>Tan\u0131nm\u0131\u015f \u0130ngiliz Marksistlerinden Emile Burns&#8217;\u00fcn bu eseri ilk olarak 1939 y\u0131l\u0131nda yay\u0131nlanm\u0131\u015f, onlarca y\u0131l boyunca yap\u0131lan yeni bas\u0131mlar\u0131yla d\u00fcnyan\u0131n \u00e7e\u015fitli \u00fclkelerinde i\u015f\u00e7ilerin ve \u00f6\u011frencilerin Marksist d\u00fcnya g\u00f6r\u00fc\u015f\u00fcn\u00fc \u00f6\u011frenmelerinde ba\u015fl\u0131ca kaynak olmu\u015ftur. Toplumsal geli\u015fmenin yasalar\u0131, kapitalist toplum, emperyalizm, s\u0131n\u0131f m\u00fccadeleleri ve devlet, sosyalist toplum, tarihin Marksist yorumu gibi b\u00f6l\u00fcmlerden olu\u015fan eser, Marksizmin yo\u011fun, anla\u015f\u0131l\u0131r ama s\u0131\u011f olmayan bir \u00f6zetidir. <\/p>\n","protected":false},"excerpt":{"rendered":"<p>Tan\u0131nm\u0131\u015f \u0130ngiliz Marksistlerinden Emile Burns&#8217;\u00fcn bu eseri ilk olarak 1939 y\u0131l\u0131nda yay\u0131nlanm\u0131\u015f, onlarca y\u0131l boyunca yap\u0131lan yeni bas\u0131mlar\u0131yla d\u00fcnyan\u0131n \u00e7e\u015fitli \u00fclkelerinde i\u015f\u00e7ilerin ve \u00f6\u011frencilerin Marksist d\u00fcnya<span class=\"excerpt-hellip\"> [\u2026]<\/span><\/p>\n","protected":false},"featured_media":0,"template":"","meta":{"_monsterinsights_skip_tracking":false,"_monsterinsights_sitenote_active":false,"_monsterinsights_sitenote_note":"","_monsterinsights_sitenote_category":0},"product_brand":[],"product_cat":[12388,15309],"product_tag":[],"class_list":{"0":"post-694449","1":"product","2":"type-product","3":"status-publish","5":"product_cat-felsefe","6":"product_cat-felsefi-akimlar","7":"pa_cilt-ciltsiz","8":"pa_tur-kitap","9":"pa_yayinevi-yordam-kitap","10":"pa_yazar-emile-burns","12":"first","13":"instock","14":"sale","15":"shipping-taxable","16":"purchasable","17":"product-type-simple"},"_links":{"self":[{"href":"https:\/\/roveyayinevi.com.tr\/index.php\/wp-json\/wp\/v2\/product\/694449","targetHints":{"allow":["GET"]}}],"collection":[{"href":"https:\/\/roveyayinevi.com.tr\/index.php\/wp-json\/wp\/v2\/product"}],"about":[{"href":"https:\/\/roveyayinevi.com.tr\/index.php\/wp-json\/wp\/v2\/types\/product"}],"wp:attachment":[{"href":"https:\/\/roveyayinevi.com.tr\/index.php\/wp-json\/wp\/v2\/media?parent=694449"}],"wp:term":[{"taxonomy":"product_brand","embeddable":true,"href":"https:\/\/roveyayinevi.com.tr\/index.php\/wp-json\/wp\/v2\/product_brand?post=694449"},{"taxonomy":"product_cat","embeddable":true,"href":"https:\/\/roveyayinevi.com.tr\/index.php\/wp-json\/wp\/v2\/product_cat?post=694449"},{"taxonomy":"product_tag","embeddable":true,"href":"https:\/\/roveyayinevi.com.tr\/index.php\/wp-json\/wp\/v2\/product_tag?post=694449"}],"curies":[{"name":"wp","href":"https:\/\/api.w.org\/{rel}","templated":true}]}}