{"id":694445,"date":"2025-08-27T14:21:14","date_gmt":"2025-08-27T11:21:14","guid":{"rendered":"https:\/\/roveyayinevi.com.tr\/index.php\/urun\/kapitalizm-ve-koyluluk\/"},"modified":"2026-04-16T02:04:32","modified_gmt":"2026-04-15T23:04:32","slug":"kapitalizm-ve-koyluluk","status":"publish","type":"product","link":"https:\/\/roveyayinevi.com.tr\/index.php\/urun\/kapitalizm-ve-koyluluk\/","title":{"rendered":"Kapitalizm ve K\u00f6yl\u00fcl\u00fck"},"content":{"rendered":"<p>\u00dcnl\u00fc tarih\u00e7i Hobsbawm\u2019a g\u00f6re: 20. y\u00fczy\u0131l\u0131n ikinci yar\u0131s\u0131nda, bizim ge\u00e7mi\u015f d\u00fcnyayla ili\u015fkimizi sonsuza kadar koparan en dramatik ve \u00e7ok \u00f6nemli sonu\u00e7lar\u0131 olan toplumsal de\u011fi\u015fim k\u00f6yl\u00fcl\u00fc\u011f\u00fcn \u00f6l\u00fcm\u00fcd\u00fcr. (&#8230;) Avrupa ve Ortado\u011fu \u00e7evresinde yaln\u0131zca bir k\u00f6yl\u00fc kalesi kald\u0131. T\u00fcrkiye\u2019de k\u00f6yl\u00fcl\u00fck azald\u0131 ama 1980\u2019lerin ortas\u0131nda h\u00e2l\u00e2 mutlak \u00e7o\u011funluk olmaya devam etti. \ufffcTan\u0131t\u0131m Metni<\/p>\n","protected":false},"excerpt":{"rendered":"<p>\u00dcnl\u00fc tarih\u00e7i Hobsbawm\u2019a g\u00f6re: 20. y\u00fczy\u0131l\u0131n ikinci yar\u0131s\u0131nda, bizim ge\u00e7mi\u015f d\u00fcnyayla ili\u015fkimizi sonsuza kadar koparan en dramatik ve \u00e7ok \u00f6nemli sonu\u00e7lar\u0131 olan toplumsal de\u011fi\u015fim k\u00f6yl\u00fcl\u00fc\u011f\u00fcn \u00f6l\u00fcm\u00fcd\u00fcr.<span class=\"excerpt-hellip\"> [\u2026]<\/span><\/p>\n","protected":false},"featured_media":0,"template":"","meta":{"_monsterinsights_skip_tracking":false,"_monsterinsights_sitenote_active":false,"_monsterinsights_sitenote_note":"","_monsterinsights_sitenote_category":0},"product_brand":[],"product_cat":[12337,14706],"product_tag":[],"class_list":{"0":"post-694445","1":"product","2":"type-product","3":"status-publish","5":"product_cat-politika-siyaset","6":"product_cat-siyaset-bilimi","7":"pa_cilt-ciltsiz","8":"pa_tur-kitap","9":"pa_yayinevi-yordam-kitap","10":"pa_yazar-oya-koymen","12":"first","13":"instock","14":"sale","15":"shipping-taxable","16":"purchasable","17":"product-type-simple"},"_links":{"self":[{"href":"https:\/\/roveyayinevi.com.tr\/index.php\/wp-json\/wp\/v2\/product\/694445","targetHints":{"allow":["GET"]}}],"collection":[{"href":"https:\/\/roveyayinevi.com.tr\/index.php\/wp-json\/wp\/v2\/product"}],"about":[{"href":"https:\/\/roveyayinevi.com.tr\/index.php\/wp-json\/wp\/v2\/types\/product"}],"wp:attachment":[{"href":"https:\/\/roveyayinevi.com.tr\/index.php\/wp-json\/wp\/v2\/media?parent=694445"}],"wp:term":[{"taxonomy":"product_brand","embeddable":true,"href":"https:\/\/roveyayinevi.com.tr\/index.php\/wp-json\/wp\/v2\/product_brand?post=694445"},{"taxonomy":"product_cat","embeddable":true,"href":"https:\/\/roveyayinevi.com.tr\/index.php\/wp-json\/wp\/v2\/product_cat?post=694445"},{"taxonomy":"product_tag","embeddable":true,"href":"https:\/\/roveyayinevi.com.tr\/index.php\/wp-json\/wp\/v2\/product_tag?post=694445"}],"curies":[{"name":"wp","href":"https:\/\/api.w.org\/{rel}","templated":true}]}}