{"id":694440,"date":"2025-08-27T14:21:13","date_gmt":"2025-08-27T11:21:13","guid":{"rendered":"https:\/\/roveyayinevi.com.tr\/index.php\/urun\/paranin-yukselisi\/"},"modified":"2026-04-16T02:04:32","modified_gmt":"2026-04-15T23:04:32","slug":"paranin-yukselisi","status":"publish","type":"product","link":"https:\/\/roveyayinevi.com.tr\/index.php\/urun\/paranin-yukselisi\/","title":{"rendered":"Paran\u0131n Y\u00fckseli\u015fi"},"content":{"rendered":"<p>Ekmek, nakit, teklik, mang\u0131r, servet, kazan\u00e7, ak\u00e7e, metelik, ad\u0131na ne derseniz deyin,para \u00f6nemlidir.H\u0131ristiyanlar i\u00e7in para a\u015fk\u0131 t\u00fcm k\u00f6t\u00fcl\u00fcklerin anas\u0131d\u0131r.Komutanlar i\u00e7in sava\u015f\u0131n payandas\u0131, devrimciler i\u00e7in i\u015f\u00e7inin prangas\u0131d\u0131r.Peki para tam olarak nedir? Nas\u0131l oldu da paran\u0131n b\u00fcy\u00fck k\u0131sm\u0131n\u0131n g\u00f6r\u00fcnmez olup bilgisayar ekranlar\u0131ndaki rakamlara d\u00f6n\u00fc\u015ft\u00fc\u011f\u00fc bir d\u00fcnyada ya\u015famaya ba\u015flad\u0131k? Paraya \u00f6zellikle de kara renkte olan\u0131na kar\u015f\u0131 k\u00f6kl\u00fc \u00f6nyarg\u0131lar\u0131m\u0131z olmas\u0131na ra\u011fmen para bir\u00e7ok ilerlemenin temel kayna\u011f\u0131d\u0131r. Paran\u0131n Y\u00fckseli\u015fi&#8217;nde Niall Ferguson, kadim Babil&#8217;den g\u00fcn\u00fcm\u00fcz Hong Kong&#8217;una finans kurumunun, insanl\u0131\u011f\u0131n ilerlemesinde teknolojik bulu\u015flar kadar \u00f6nemli bir etken oldu\u011fu ger\u00e7e\u011fine dikkat \u00e7ekiyor. Dahas\u0131 b\u00fct\u00fcn b\u00fcy\u00fck tarihsel olaylar\u0131n arkas\u0131nda finansal bir s\u0131r yatt\u0131\u011f\u0131n\u0131 g\u00f6steriyor. \ufffcTan\u0131t\u0131m Metni<\/p>\n","protected":false},"excerpt":{"rendered":"<p>Ekmek, nakit, teklik, mang\u0131r, servet, kazan\u00e7, ak\u00e7e, metelik, ad\u0131na ne derseniz deyin,para \u00f6nemlidir.H\u0131ristiyanlar i\u00e7in para a\u015fk\u0131 t\u00fcm k\u00f6t\u00fcl\u00fcklerin anas\u0131d\u0131r.Komutanlar i\u00e7in sava\u015f\u0131n payandas\u0131, devrimciler i\u00e7in i\u015f\u00e7inin prangas\u0131d\u0131r.Peki<span class=\"excerpt-hellip\"> [\u2026]<\/span><\/p>\n","protected":false},"featured_media":0,"template":"","meta":{"_monsterinsights_skip_tracking":false,"_monsterinsights_sitenote_active":false,"_monsterinsights_sitenote_note":"","_monsterinsights_sitenote_category":0},"product_brand":[],"product_cat":[13590,12337],"product_tag":[],"class_list":{"0":"post-694440","1":"product","2":"type-product","3":"status-publish","5":"product_cat-arastirma-inceleme-politika-siyaset","6":"product_cat-politika-siyaset","7":"pa_cilt-ciltsiz","8":"pa_tur-kitap","9":"pa_yayinevi-yapi-kredi-yayinlari","10":"pa_yazar-niall-ferguson","12":"first","13":"instock","14":"sale","15":"shipping-taxable","16":"purchasable","17":"product-type-simple"},"_links":{"self":[{"href":"https:\/\/roveyayinevi.com.tr\/index.php\/wp-json\/wp\/v2\/product\/694440","targetHints":{"allow":["GET"]}}],"collection":[{"href":"https:\/\/roveyayinevi.com.tr\/index.php\/wp-json\/wp\/v2\/product"}],"about":[{"href":"https:\/\/roveyayinevi.com.tr\/index.php\/wp-json\/wp\/v2\/types\/product"}],"wp:attachment":[{"href":"https:\/\/roveyayinevi.com.tr\/index.php\/wp-json\/wp\/v2\/media?parent=694440"}],"wp:term":[{"taxonomy":"product_brand","embeddable":true,"href":"https:\/\/roveyayinevi.com.tr\/index.php\/wp-json\/wp\/v2\/product_brand?post=694440"},{"taxonomy":"product_cat","embeddable":true,"href":"https:\/\/roveyayinevi.com.tr\/index.php\/wp-json\/wp\/v2\/product_cat?post=694440"},{"taxonomy":"product_tag","embeddable":true,"href":"https:\/\/roveyayinevi.com.tr\/index.php\/wp-json\/wp\/v2\/product_tag?post=694440"}],"curies":[{"name":"wp","href":"https:\/\/api.w.org\/{rel}","templated":true}]}}