{"id":694424,"date":"2025-08-27T14:21:01","date_gmt":"2025-08-27T11:21:01","guid":{"rendered":"https:\/\/roveyayinevi.com.tr\/index.php\/urun\/yenicerilerin-kahiresi-abdurrahman-kethuda-zamaninda-bir-osmanli-kentinin-yukselisi\/"},"modified":"2026-04-16T02:04:32","modified_gmt":"2026-04-15T23:04:32","slug":"yenicerilerin-kahiresi-abdurrahman-kethuda-zamaninda-bir-osmanli-kentinin-yukselisi","status":"publish","type":"product","link":"https:\/\/roveyayinevi.com.tr\/index.php\/urun\/yenicerilerin-kahiresi-abdurrahman-kethuda-zamaninda-bir-osmanli-kentinin-yukselisi\/","title":{"rendered":"Yeni\u00e7erilerin Kahiresi Abdurrahman Keth\u00fcda Zaman\u0131nda Bir Osmanl\u0131 Kentinin Y\u00fckseli\u015fi"},"content":{"rendered":"<p>Yeni\u00e7erilerin Kahiresi Abdurrahman Keth\u00fcda Zaman\u0131nda Bir Osmanl\u0131 Kentinin Y\u00fckseli\u015fi <\/p>\n","protected":false},"excerpt":{"rendered":"<p>Yeni\u00e7erilerin Kahiresi Abdurrahman Keth\u00fcda Zaman\u0131nda Bir Osmanl\u0131 Kentinin Y\u00fckseli\u015fi<\/p>\n","protected":false},"featured_media":0,"template":"","meta":{"_monsterinsights_skip_tracking":false,"_monsterinsights_sitenote_active":false,"_monsterinsights_sitenote_note":"","_monsterinsights_sitenote_category":0},"product_brand":[],"product_cat":[13517,12304],"product_tag":[],"class_list":{"0":"post-694424","1":"product","2":"type-product","3":"status-publish","5":"product_cat-osmanli-tarihi","6":"product_cat-tarih","7":"pa_cilt-ciltsiz","8":"pa_tur-kitap","9":"pa_yayinevi-yapi-kredi-yayinlari","10":"pa_yazar-andre-raymond","12":"first","13":"instock","14":"sale","15":"shipping-taxable","16":"purchasable","17":"product-type-simple"},"_links":{"self":[{"href":"https:\/\/roveyayinevi.com.tr\/index.php\/wp-json\/wp\/v2\/product\/694424","targetHints":{"allow":["GET"]}}],"collection":[{"href":"https:\/\/roveyayinevi.com.tr\/index.php\/wp-json\/wp\/v2\/product"}],"about":[{"href":"https:\/\/roveyayinevi.com.tr\/index.php\/wp-json\/wp\/v2\/types\/product"}],"wp:attachment":[{"href":"https:\/\/roveyayinevi.com.tr\/index.php\/wp-json\/wp\/v2\/media?parent=694424"}],"wp:term":[{"taxonomy":"product_brand","embeddable":true,"href":"https:\/\/roveyayinevi.com.tr\/index.php\/wp-json\/wp\/v2\/product_brand?post=694424"},{"taxonomy":"product_cat","embeddable":true,"href":"https:\/\/roveyayinevi.com.tr\/index.php\/wp-json\/wp\/v2\/product_cat?post=694424"},{"taxonomy":"product_tag","embeddable":true,"href":"https:\/\/roveyayinevi.com.tr\/index.php\/wp-json\/wp\/v2\/product_tag?post=694424"}],"curies":[{"name":"wp","href":"https:\/\/api.w.org\/{rel}","templated":true}]}}