{"id":694419,"date":"2025-08-27T14:21:00","date_gmt":"2025-08-27T11:21:00","guid":{"rendered":"https:\/\/roveyayinevi.com.tr\/index.php\/urun\/kapitalizm-demokrasiye-karsi\/"},"modified":"2026-04-16T02:04:32","modified_gmt":"2026-04-15T23:04:32","slug":"kapitalizm-demokrasiye-karsi","status":"publish","type":"product","link":"https:\/\/roveyayinevi.com.tr\/index.php\/urun\/kapitalizm-demokrasiye-karsi\/","title":{"rendered":"Kapitalizm Demokrasiye Kar\u015f\u0131"},"content":{"rendered":"<p>Ellen Meiksins Wood\u2019a g\u00f6re kom\u00fcnizmin \u00e7\u00f6k\u00fc\u015f\u00fcnden sonra Marksist kuram ve bu kuram a\u00e7\u0131s\u0131ndan kapitalizmin ele\u015ftirisi her zamankinden \u00e7ok \u00f6nem kazanm\u0131\u015f ve gerekli olmu\u015ftur. Soldaki g\u00fcn\u00fcm\u00fcz entelekt\u00fcel ak\u0131mlar\u0131, postmodern par\u00e7alanm\u0131\u015fl\u0131\u011fa, farkl\u0131l\u0131klara , olas\u0131l\u0131klara ve kimlik politikalar\u0131na vurgu yaparken, b\u0131rak\u0131n kapitalist sistemin ele\u015ftirisini, d\u00fc\u015f\u00fcnsel olarak bile kapitalizme hemen hemen hi\u00e7 yer vermemektedir. Wood, bu kitapta tarihsel maddecili\u011fin ele\u015ftirel program\u0131n\u0131, onun temel kavramlar\u0131n\u0131 yeniden tan\u0131mlayarak canland\u0131r\u0131yor; tarih kuram\u0131n\u0131 orijinal ve yarat\u0131c\u0131 bi\u00e7imde yeniden ele al\u0131yor; toplumsal ili\u015fkiler sistemi ve siyasi iktidar a\u00e7\u0131lar\u0131ndan kapitalizmin \u00f6zg\u00fcll\u00fc\u011f\u00fcn\u00fc tan\u0131ml\u0131yor. Hem eski\u00e7a\u011f, hem de modern d\u00fcnyada demokrasi kavram\u0131n\u0131 irdeliyor ve demokrasinin, kapitalizmin koydu\u011fu s\u0131n\u0131rlar\u0131n \u00f6tesine nas\u0131l ge\u00e7ebilece\u011fine ili\u015fkin sorular soruyor. \ufffcTan\u0131t\u0131m Metni<\/p>\n","protected":false},"excerpt":{"rendered":"<p>Ellen Meiksins Wood\u2019a g\u00f6re kom\u00fcnizmin \u00e7\u00f6k\u00fc\u015f\u00fcnden sonra Marksist kuram ve bu kuram a\u00e7\u0131s\u0131ndan kapitalizmin ele\u015ftirisi her zamankinden \u00e7ok \u00f6nem kazanm\u0131\u015f ve gerekli olmu\u015ftur. Soldaki g\u00fcn\u00fcm\u00fcz entelekt\u00fcel<span class=\"excerpt-hellip\"> [\u2026]<\/span><\/p>\n","protected":false},"featured_media":0,"template":"","meta":{"_monsterinsights_skip_tracking":false,"_monsterinsights_sitenote_active":false,"_monsterinsights_sitenote_note":"","_monsterinsights_sitenote_category":0},"product_brand":[],"product_cat":[12388,15536],"product_tag":[],"class_list":{"0":"post-694419","1":"product","2":"type-product","3":"status-publish","5":"product_cat-felsefe","6":"product_cat-siyaset-felsefesi","7":"pa_cilt-ciltsiz","8":"pa_tur-kitap","9":"pa_yayinevi-yordam-kitap","10":"pa_yazar-ellen-meiksins-wood","12":"first","13":"instock","14":"sale","15":"shipping-taxable","16":"purchasable","17":"product-type-simple"},"_links":{"self":[{"href":"https:\/\/roveyayinevi.com.tr\/index.php\/wp-json\/wp\/v2\/product\/694419","targetHints":{"allow":["GET"]}}],"collection":[{"href":"https:\/\/roveyayinevi.com.tr\/index.php\/wp-json\/wp\/v2\/product"}],"about":[{"href":"https:\/\/roveyayinevi.com.tr\/index.php\/wp-json\/wp\/v2\/types\/product"}],"wp:attachment":[{"href":"https:\/\/roveyayinevi.com.tr\/index.php\/wp-json\/wp\/v2\/media?parent=694419"}],"wp:term":[{"taxonomy":"product_brand","embeddable":true,"href":"https:\/\/roveyayinevi.com.tr\/index.php\/wp-json\/wp\/v2\/product_brand?post=694419"},{"taxonomy":"product_cat","embeddable":true,"href":"https:\/\/roveyayinevi.com.tr\/index.php\/wp-json\/wp\/v2\/product_cat?post=694419"},{"taxonomy":"product_tag","embeddable":true,"href":"https:\/\/roveyayinevi.com.tr\/index.php\/wp-json\/wp\/v2\/product_tag?post=694419"}],"curies":[{"name":"wp","href":"https:\/\/api.w.org\/{rel}","templated":true}]}}