{"id":694411,"date":"2025-08-27T14:20:58","date_gmt":"2025-08-27T11:20:58","guid":{"rendered":"https:\/\/roveyayinevi.com.tr\/index.php\/urun\/red-kit-apaci-kanyonu\/"},"modified":"2025-09-01T08:52:23","modified_gmt":"2025-09-01T05:52:23","slug":"red-kit-apaci-kanyonu","status":"publish","type":"product","link":"https:\/\/roveyayinevi.com.tr\/index.php\/urun\/red-kit-apaci-kanyonu\/","title":{"rendered":"Red Kit Apa\u00e7i Kanyonu"},"content":{"rendered":"<p>Vah\u015fi Bat\u0131&#8217;n\u0131n di\u011fer b\u00f6lgelerinde K\u0131z\u0131lderililerle bar\u0131\u015f i\u00e7inde ya\u015fan\u0131rken Apa\u00e7i Kanyonu&#8217;nda huzursuzluk s\u00fcrmektedir. Olay yeri inceleme ekibi Red Kit ile D\u00fcld\u00fcl, sorunun inat\u00e7\u0131 bir albayla inat\u00e7\u0131 bir kabile reisinden kaynakland\u0131\u011f\u0131n\u0131 tespit ederler. Ancak \u00e7\u00f6z\u00fcm bulmak hi\u00e7 de kolay de\u011fildir. Sava\u015fa son vererek huzuru sa\u011flamak \u00fczere keskin zek\u00e2s\u0131yla silah kullanma becerisini devreye sokan yaln\u0131z kovboyu m\u00fcthi\u015f s\u00fcrprizler beklemektedir&#8230; <\/p>\n","protected":false},"excerpt":{"rendered":"<p>Vah\u015fi Bat\u0131&#8217;n\u0131n di\u011fer b\u00f6lgelerinde K\u0131z\u0131lderililerle bar\u0131\u015f i\u00e7inde ya\u015fan\u0131rken Apa\u00e7i Kanyonu&#8217;nda huzursuzluk s\u00fcrmektedir. Olay yeri inceleme ekibi Red Kit ile D\u00fcld\u00fcl, sorunun inat\u00e7\u0131 bir albayla inat\u00e7\u0131 bir<span class=\"excerpt-hellip\"> [\u2026]<\/span><\/p>\n","protected":false},"featured_media":0,"template":"","meta":{"_monsterinsights_skip_tracking":false,"_monsterinsights_sitenote_active":false,"_monsterinsights_sitenote_note":"","_monsterinsights_sitenote_category":0},"product_brand":[],"product_cat":[12416,12291],"product_tag":[],"class_list":{"0":"post-694411","1":"product","2":"type-product","3":"status-publish","5":"product_cat-cizgi-roman","6":"product_cat-edebiyat","7":"pa_cilt-ciltsiz","8":"pa_tur-kitap","9":"pa_yayinevi-yapi-kredi-yayinlari","10":"pa_yazar-morris","12":"first","13":"instock","14":"sale","15":"shipping-taxable","16":"purchasable","17":"product-type-simple"},"_links":{"self":[{"href":"https:\/\/roveyayinevi.com.tr\/index.php\/wp-json\/wp\/v2\/product\/694411","targetHints":{"allow":["GET"]}}],"collection":[{"href":"https:\/\/roveyayinevi.com.tr\/index.php\/wp-json\/wp\/v2\/product"}],"about":[{"href":"https:\/\/roveyayinevi.com.tr\/index.php\/wp-json\/wp\/v2\/types\/product"}],"wp:attachment":[{"href":"https:\/\/roveyayinevi.com.tr\/index.php\/wp-json\/wp\/v2\/media?parent=694411"}],"wp:term":[{"taxonomy":"product_brand","embeddable":true,"href":"https:\/\/roveyayinevi.com.tr\/index.php\/wp-json\/wp\/v2\/product_brand?post=694411"},{"taxonomy":"product_cat","embeddable":true,"href":"https:\/\/roveyayinevi.com.tr\/index.php\/wp-json\/wp\/v2\/product_cat?post=694411"},{"taxonomy":"product_tag","embeddable":true,"href":"https:\/\/roveyayinevi.com.tr\/index.php\/wp-json\/wp\/v2\/product_tag?post=694411"}],"curies":[{"name":"wp","href":"https:\/\/api.w.org\/{rel}","templated":true}]}}