{"id":694402,"date":"2025-08-27T14:20:56","date_gmt":"2025-08-27T11:20:56","guid":{"rendered":"https:\/\/roveyayinevi.com.tr\/index.php\/urun\/herkes-icin-iktisat\/"},"modified":"2026-04-16T02:04:32","modified_gmt":"2026-04-15T23:04:32","slug":"herkes-icin-iktisat","status":"publish","type":"product","link":"https:\/\/roveyayinevi.com.tr\/index.php\/urun\/herkes-icin-iktisat\/","title":{"rendered":"Herkes \u0130\u00e7in \u0130ktisat"},"content":{"rendered":"<p>\u0130ktisat, iktisat\u00e7\u0131lara b\u0131rak\u0131lamayacak kadar \u00f6nemlidir. Kolay okunan bu \u00f6zl\u00fc kitap, meslekten olmayan okurlar\u0131n, kapitalizmin nas\u0131l i\u015fledi\u011fini (ve nas\u0131l i\u015flemedi\u011fini) anlamak i\u00e7in ihtiya\u00e7 duyacaklar\u0131 temel bilgileri i\u00e7eriyor. Kitap, hem iktisat \u00f6\u011fretimine hem de iktisad\u0131n kullan\u0131m\u0131na egemen olan soyut ve perdeleyici tarza kar\u015f\u0131 bir panzehir i\u015flevi g\u00f6r\u00fcyor. Finans, rekabet, \u00fccretli emek gibi temel kavramlar ve bu kavramlar\u0131n g\u00fcnl\u00fck ya\u015famdaki \u00f6nemi t\u00fcm \u00e7\u0131plakl\u0131\u011f\u0131yla ortaya koyuluyor. Yazar, &#8220;\u0130\u015f\u00e7ilerin kapitalistlere ihtiyac\u0131 var m\u0131?&#8221;, &#8220;Neden kapitalizm \u00e7evreye zarar veriyor?&#8221;, &#8220;Hisse senedi piyasalar\u0131nda asl\u0131nda neler d\u00f6n\u00fcyor?&#8221; gibi sorular\u0131n yan\u0131tlar\u0131n\u0131 veriyor. Kapitalizmin hem g\u00fc\u00e7l\u00fc y\u00f6nlerinin ger\u00e7ek\u00e7i bir de\u011ferlendirmesini yap\u0131yor, hem de ba\u015far\u0131s\u0131zl\u0131klar\u0131n\u0131 etkileyici bir ele\u015ftiriye tabi tutuyor. Bu kitap, e\u015fit ve adil bir d\u00fcnya i\u00e7in m\u00fccadele eden herkese ve iktisatla ha\u015f\u0131r ne\u015fir olmas\u0131 gereken sosyal bilimler \u00f6\u011frencilerine hitap ediyor. E\u011flenceli ve e\u011fitici karikat\u00fcrlerle zenginle\u015ftirilen kitap, d\u00fcnyadaki pek \u00e7ok sendika taraf\u0131ndan e\u011fitim kitab\u0131 olarak kullan\u0131l\u0131yor. Herkes \u0130\u00e7in \u0130ktisat, ekonominin ger\u00e7ekte nas\u0131l i\u015fledi\u011fini anlamak isteyenlerin mutlaka okumas\u0131 gereken bir kitap. &#8220;Stanford nadiren kar\u015f\u0131la\u015fabilece\u011finiz, hayat\u0131n\u0131z\u0131 de\u011fi\u015ftirecek t\u00fcrde bir e\u011fitmen. &#8230;d\u00fcnyay\u0131 de\u011fi\u015ftirecek g\u00fc\u00e7te bir kitap kaleme alm\u0131\u015f.&#8221; Naomi Klein (No Logo ve \u015eok Doktrini kitaplar\u0131n\u0131n yazar\u0131) &#8220;Jim Stanford, iktisad\u0131, sokaktaki insan\u0131n ilgi duyabilece\u011fi \u015fekilde a\u00e7\u0131klama konusunda e\u015fsiz bir maharet sergiliyor.&#8221; Bob White (Kanada Emek Kongresi ile OECD Sendika Dan\u0131\u015fma Komitesi&#8217;nin eski ba\u015fkan\u0131) &#8220;B\u00f6yle bir kitab\u0131n yay\u0131nlanmas\u0131n\u0131 uzun y\u0131llard\u0131r d\u00f6rt g\u00f6zle bekliyordum. Parlak bir iktisat\u00e7\u0131 olan Jim Stanford, iktisad\u0131n \u00fczerindeki gizem perdesini kald\u0131r\u0131p konunun herkes\u00e7e anla\u015f\u0131lmas\u0131n\u0131 sa\u011flayan harika bir kitap yazm\u0131\u015f.&#8221; Maude Barlow (Uluslararas\u0131 su haklar\u0131 aktivisti ve Mavi S\u00f6zle\u015fme&#8217;nin yazar\u0131) &#8220;Herkes i\u00e7in \u0130ktisat aktivistler i\u00e7in m\u00fcthi\u015f bir ara\u00e7. Yal\u0131n ve anla\u015f\u0131l\u0131r a\u00e7\u0131klamalar\u0131yla, zekice karikat\u00fcrleriyle s\u0131radan olmaktan kesinlikle uzak.&#8221; Cy Gonick (Manitoba \u00dcniversitesi emekli iktisat profes\u00f6r\u00fc ve Canadian Dimension&#8217;\u0131n yay\u0131nc\u0131s\u0131) \ufffc<\/p>\n","protected":false},"excerpt":{"rendered":"<p>\u0130ktisat, iktisat\u00e7\u0131lara b\u0131rak\u0131lamayacak kadar \u00f6nemlidir. Kolay okunan bu \u00f6zl\u00fc kitap, meslekten olmayan okurlar\u0131n, kapitalizmin nas\u0131l i\u015fledi\u011fini (ve nas\u0131l i\u015flemedi\u011fini) anlamak i\u00e7in ihtiya\u00e7 duyacaklar\u0131 temel bilgileri i\u00e7eriyor.<span class=\"excerpt-hellip\"> [\u2026]<\/span><\/p>\n","protected":false},"featured_media":0,"template":"","meta":{"_monsterinsights_skip_tracking":false,"_monsterinsights_sitenote_active":false,"_monsterinsights_sitenote_note":"","_monsterinsights_sitenote_category":0},"product_brand":[],"product_cat":[12337,14528],"product_tag":[],"class_list":{"0":"post-694402","1":"product","2":"type-product","3":"status-publish","5":"product_cat-politika-siyaset","6":"product_cat-siyaset-tarihi","7":"pa_cilt-ciltsiz","8":"pa_tur-kitap","9":"pa_yayinevi-yordam-kitap","10":"pa_yazar-jim-stanford","12":"first","13":"instock","14":"sale","15":"shipping-taxable","16":"purchasable","17":"product-type-simple"},"_links":{"self":[{"href":"https:\/\/roveyayinevi.com.tr\/index.php\/wp-json\/wp\/v2\/product\/694402","targetHints":{"allow":["GET"]}}],"collection":[{"href":"https:\/\/roveyayinevi.com.tr\/index.php\/wp-json\/wp\/v2\/product"}],"about":[{"href":"https:\/\/roveyayinevi.com.tr\/index.php\/wp-json\/wp\/v2\/types\/product"}],"wp:attachment":[{"href":"https:\/\/roveyayinevi.com.tr\/index.php\/wp-json\/wp\/v2\/media?parent=694402"}],"wp:term":[{"taxonomy":"product_brand","embeddable":true,"href":"https:\/\/roveyayinevi.com.tr\/index.php\/wp-json\/wp\/v2\/product_brand?post=694402"},{"taxonomy":"product_cat","embeddable":true,"href":"https:\/\/roveyayinevi.com.tr\/index.php\/wp-json\/wp\/v2\/product_cat?post=694402"},{"taxonomy":"product_tag","embeddable":true,"href":"https:\/\/roveyayinevi.com.tr\/index.php\/wp-json\/wp\/v2\/product_tag?post=694402"}],"curies":[{"name":"wp","href":"https:\/\/api.w.org\/{rel}","templated":true}]}}