{"id":694401,"date":"2025-08-27T14:20:56","date_gmt":"2025-08-27T11:20:56","guid":{"rendered":"https:\/\/roveyayinevi.com.tr\/index.php\/urun\/habermasi-okumak\/"},"modified":"2026-04-16T02:04:31","modified_gmt":"2026-04-15T23:04:31","slug":"habermasi-okumak","status":"publish","type":"product","link":"https:\/\/roveyayinevi.com.tr\/index.php\/urun\/habermasi-okumak\/","title":{"rendered":"Habermas\u2019\u0131 Okumak"},"content":{"rendered":"<p>Taner Timur, Felsefi \u0130zlenimler ve Marksizm, \u0130nsan ve Toplum kitaplar\u0131nda 20. y\u00fczy\u0131l Bat\u0131 d\u00fc\u015f\u00fcncesinin bir dizi parlak temsilcisini ele alm\u0131\u015ft\u0131. Bu kitapta ise Frankfurt Okulu\u2019nun en \u00f6nemli temsilcisi J\u00fcrgen Habermas\u2019\u0131 inceliyor. G\u00fcn\u00fcm\u00fczde Habermas, filozof, sosyolog ve tarih\u00e7i nitelikleriyle k\u0131ta Avrupas\u0131 d\u00fc\u015f\u00fcnce gelene\u011fini Anglo-Sakson gelene\u011fiyle bulu\u015fturan d\u00fc\u015f\u00fcn\u00fcr olarak tan\u0131n\u0131yor. \u00dclkemizde de tan\u0131n\u0131p fikirleri tart\u0131\u015f\u0131lan bir felsefeci olarak dikkat \u00e7ekiyor. Taner Timur, bu b\u00fcy\u00fck d\u00fc\u015f\u00fcn\u00fcr\u00fc tarihsel maddeci bir perspektifle de\u011ferlendiriyor. Onun d\u00fc\u015f\u00fcnce alan\u0131ndaki \u00f6nemli katk\u0131lar\u0131n\u0131n yan\u0131 s\u0131ra \u0131rk\u00e7\u0131l\u0131\u011fa ve ayr\u0131mc\u0131 d\u00fc\u015f\u00fcnce ve uygulamalara kar\u015f\u0131 verdi\u011fi sava\u015f\u0131 takdir ederken Marksizmi \u201cyeniden yap\u0131land\u0131rma\u201d giri\u015fimini, \u201cradikal demokrasi\u201d anlay\u0131\u015f\u0131n\u0131 ise ele\u015ftiriyor, Marx ve Weber\u2019i uzla\u015ft\u0131rma \u00e7abas\u0131n\u0131n ba\u015far\u0131s\u0131zl\u0131\u011f\u0131na de\u011finiyor. \ufffcTan\u0131t\u0131m Metni<\/p>\n","protected":false},"excerpt":{"rendered":"<p>Taner Timur, Felsefi \u0130zlenimler ve Marksizm, \u0130nsan ve Toplum kitaplar\u0131nda 20. y\u00fczy\u0131l Bat\u0131 d\u00fc\u015f\u00fcncesinin bir dizi parlak temsilcisini ele alm\u0131\u015ft\u0131. Bu kitapta ise Frankfurt Okulu\u2019nun en<span class=\"excerpt-hellip\"> [\u2026]<\/span><\/p>\n","protected":false},"featured_media":0,"template":"","meta":{"_monsterinsights_skip_tracking":false,"_monsterinsights_sitenote_active":false,"_monsterinsights_sitenote_note":"","_monsterinsights_sitenote_category":0},"product_brand":[],"product_cat":[19460,13527],"product_tag":[],"class_list":{"0":"post-694401","1":"product","2":"type-product","3":"status-publish","5":"product_cat-felsefe-sureli-yayinlar","6":"product_cat-sureli-yayinlar","7":"pa_cilt-ciltsiz","8":"pa_tur-kitap","9":"pa_yayinevi-yordam-kitap","10":"pa_yazar-taner-timur","12":"first","13":"instock","14":"sale","15":"shipping-taxable","16":"purchasable","17":"product-type-simple"},"_links":{"self":[{"href":"https:\/\/roveyayinevi.com.tr\/index.php\/wp-json\/wp\/v2\/product\/694401","targetHints":{"allow":["GET"]}}],"collection":[{"href":"https:\/\/roveyayinevi.com.tr\/index.php\/wp-json\/wp\/v2\/product"}],"about":[{"href":"https:\/\/roveyayinevi.com.tr\/index.php\/wp-json\/wp\/v2\/types\/product"}],"wp:attachment":[{"href":"https:\/\/roveyayinevi.com.tr\/index.php\/wp-json\/wp\/v2\/media?parent=694401"}],"wp:term":[{"taxonomy":"product_brand","embeddable":true,"href":"https:\/\/roveyayinevi.com.tr\/index.php\/wp-json\/wp\/v2\/product_brand?post=694401"},{"taxonomy":"product_cat","embeddable":true,"href":"https:\/\/roveyayinevi.com.tr\/index.php\/wp-json\/wp\/v2\/product_cat?post=694401"},{"taxonomy":"product_tag","embeddable":true,"href":"https:\/\/roveyayinevi.com.tr\/index.php\/wp-json\/wp\/v2\/product_tag?post=694401"}],"curies":[{"name":"wp","href":"https:\/\/api.w.org\/{rel}","templated":true}]}}