{"id":694398,"date":"2025-08-27T14:20:56","date_gmt":"2025-08-27T11:20:56","guid":{"rendered":"https:\/\/roveyayinevi.com.tr\/index.php\/urun\/peri-bacalari\/"},"modified":"2026-04-16T02:04:31","modified_gmt":"2026-04-15T23:04:31","slug":"peri-bacalari","status":"publish","type":"product","link":"https:\/\/roveyayinevi.com.tr\/index.php\/urun\/peri-bacalari\/","title":{"rendered":"Peri Bacalar\u0131"},"content":{"rendered":"<p>Romanlar\u0131nda Anadolu insan\u0131n\u0131n ger\u00e7ek d\u00fcnyas\u0131n\u0131 destans\u0131 boyutlara ta\u015f\u0131yan, ya\u015fanm\u0131\u015f ve ya\u015fanan ger\u00e7e\u011fi mitlerlin, efsanelerin evreninde \u00e7o\u011falan Ya\u015far Kemal,sadece bir romanc\u0131 ve halkbilimce de\u011fil, gazetelerimizde modern r\u00f6portaj yazarl\u0131\u011f\u0131n\u0131n da kurucusudur. Onun, her biri yay\u0131mland\u0131\u011f\u0131 d\u00f6nemde olay yaratan r\u00f6portajlar\u0131nda ger\u00e7ek, hayat buldu ve okuyucuyu sarst\u0131. Bu Diyar Ba\u015ftanba\u015fa d\u00f6rtl\u00fcs\u00fcn\u00fcn \u00fc\u00e7\u00fcnc\u00fc kitab\u0131 Peri Bacalar\u0131 bir \u0130stanbul \u00e7ocu\u011funun g\u00f6z\u00fcnden Anadolu k\u00f6ylerine uzan\u0131r, s\u00fcngercilere var\u0131r, Van G\u00f6l\u00fc&#8217;ne \u00c7ukurova&#8217;ya u\u011frar, do\u011faya misafir olur. Peri Bacalar\u0131 Ya\u015far Kemal&#8217;in s\u00f6zc\u00fcklerinde periler diyar\u0131na d\u00f6n\u00fc\u015f\u00fcr. Dersin ki Asyan\u0131n bozk\u0131r\u0131ndan \u00e7ad\u0131rlar\u0131n\u0131 al\u0131p, atlar\u0131na binip, devesini, koyununu, ke\u00e7isini, mal\u0131n\u0131 toplay\u0131p Anadoluya bir periler kavmi geldi.Her biri bir ta\u015fa dokundu, nak\u0131\u015f oldu. Tuttu\u011fu ta\u015f nak\u0131\u015f oldu. Sonra k\u00fcmbet oldu, cami, kervansaray, han oldu&#8230; Kafan bir an periler \u00fcst\u00fcne \u00e7al\u0131\u015fm\u0131\u015fsa bu b\u00f6yledir. \u00c7aresiz. Ya\u015far Kemal Ortaya konan bu m\u00fcthi\u015f hakikatler kar\u015f\u0131s\u0131nda ne s\u00f6yleyece\u011fimi \u015fa\u015f\u0131rd\u0131m. \u0130\u00e7imden ta\u015fanlar\u0131, kalemime gelenleri yazmamak i\u00e7in kendimi zorlayarak susuyorum ve \u015fahsen hi\u00e7 tan\u0131mad\u011f\u0131m bu cesur ve d\u00fcr\u00fcst kalem arkada\u015f\u0131m\u0131 aln\u0131ndan \u00f6pmekle iktifa ediyorum. H\u00fcseyin Cahit Yal\u00e7\u0131n, Ulus 6 Eyl\u00fcl 1953 \ufffcTan\u0131t\u0131m Metni<\/p>\n","protected":false},"excerpt":{"rendered":"<p>Romanlar\u0131nda Anadolu insan\u0131n\u0131n ger\u00e7ek d\u00fcnyas\u0131n\u0131 destans\u0131 boyutlara ta\u015f\u0131yan, ya\u015fanm\u0131\u015f ve ya\u015fanan ger\u00e7e\u011fi mitlerlin, efsanelerin evreninde \u00e7o\u011falan Ya\u015far Kemal,sadece bir romanc\u0131 ve halkbilimce de\u011fil, gazetelerimizde modern r\u00f6portaj<span class=\"excerpt-hellip\"> [\u2026]<\/span><\/p>\n","protected":false},"featured_media":0,"template":"","meta":{"_monsterinsights_skip_tracking":false,"_monsterinsights_sitenote_active":false,"_monsterinsights_sitenote_note":"","_monsterinsights_sitenote_category":0},"product_brand":[],"product_cat":[12364,12826],"product_tag":[],"class_list":{"0":"post-694398","1":"product","2":"type-product","3":"status-publish","5":"product_cat-genel-konular","6":"product_cat-soylesi","7":"pa_cilt-ciltsiz","8":"pa_tur-kitap","9":"pa_yayinevi-yapi-kredi-yayinlari","10":"pa_yazar-yasar-kemal","12":"first","13":"instock","14":"sale","15":"shipping-taxable","16":"purchasable","17":"product-type-simple"},"_links":{"self":[{"href":"https:\/\/roveyayinevi.com.tr\/index.php\/wp-json\/wp\/v2\/product\/694398","targetHints":{"allow":["GET"]}}],"collection":[{"href":"https:\/\/roveyayinevi.com.tr\/index.php\/wp-json\/wp\/v2\/product"}],"about":[{"href":"https:\/\/roveyayinevi.com.tr\/index.php\/wp-json\/wp\/v2\/types\/product"}],"wp:attachment":[{"href":"https:\/\/roveyayinevi.com.tr\/index.php\/wp-json\/wp\/v2\/media?parent=694398"}],"wp:term":[{"taxonomy":"product_brand","embeddable":true,"href":"https:\/\/roveyayinevi.com.tr\/index.php\/wp-json\/wp\/v2\/product_brand?post=694398"},{"taxonomy":"product_cat","embeddable":true,"href":"https:\/\/roveyayinevi.com.tr\/index.php\/wp-json\/wp\/v2\/product_cat?post=694398"},{"taxonomy":"product_tag","embeddable":true,"href":"https:\/\/roveyayinevi.com.tr\/index.php\/wp-json\/wp\/v2\/product_tag?post=694398"}],"curies":[{"name":"wp","href":"https:\/\/api.w.org\/{rel}","templated":true}]}}