{"id":694394,"date":"2025-08-27T14:20:55","date_gmt":"2025-08-27T11:20:55","guid":{"rendered":"https:\/\/roveyayinevi.com.tr\/index.php\/urun\/oteki-olmak-otekiyle-yasamak-siyaset-kurami-yazilari\/"},"modified":"2026-04-16T02:04:31","modified_gmt":"2026-04-15T23:04:31","slug":"oteki-olmak-otekiyle-yasamak-siyaset-kurami-yazilari","status":"publish","type":"product","link":"https:\/\/roveyayinevi.com.tr\/index.php\/urun\/oteki-olmak-otekiyle-yasamak-siyaset-kurami-yazilari\/","title":{"rendered":"\u00d6teki Olmak, \u00d6tekiyle Ya\u015famak Siyaset Kuram\u0131 Yaz\u0131lar\u0131"},"content":{"rendered":"<p>Benimsemek, kendi i\u00e7ine kapatmak ve \u00f6tekine kar\u015f\u0131 kapanmak demek de\u011fildir.&#8217;\u00d6tekini benimsemek&#8217; toplumsals\u0131n\u0131rlar\u0131n herkese -hatta ve \u00f6zellikle de, birbirine yabanc\u0131 olan ve birbirine kar\u015f\u0131 yabanc\u0131 kalmak isteyenlere -a\u00e7\u0131k olmas\u0131 demektir. J\u00fcrgen Habermas&#8217;\u0131n 1996 y\u0131l\u0131nda yay\u0131mlad\u0131\u011f\u0131 siyaset kuram\u0131 yaz\u0131lar\u0131ndan se\u00e7ilerek olu\u015fturulan \u00d6teki Olmak, \u00d6teki yle Ya\u015famak yery\u00fcz\u00fcndeki s\u00fcregelen e\u015fitsizliklere, \u00e7eli\u015fkilere, insan haklar\u0131 sorunlar\u0131na cumhuriyet\u00e7i ilkelerin evrensel i\u00e7eri\u011finden yola \u00e7\u0131karak \u00e7\u00f6z\u00fcm \u00f6nerileri getiriyor. \u00d6teki Olmak, \u00d6teki yle Ya\u015famak, k\u00fclt\u00fcrler aras\u0131nda \u00f6teki ne ya\u015fama alan\u0131 a\u00e7mak ve bireylerin e\u015fit haklara bir arada ya\u015famas\u0131 \u00fczerine d\u00fc\u015f\u00fcnmek i\u00e7in&#8230; \ufffcTan\u0131t\u0131m Metni<\/p>\n","protected":false},"excerpt":{"rendered":"<p>Benimsemek, kendi i\u00e7ine kapatmak ve \u00f6tekine kar\u015f\u0131 kapanmak demek de\u011fildir.&#8217;\u00d6tekini benimsemek&#8217; toplumsals\u0131n\u0131rlar\u0131n herkese -hatta ve \u00f6zellikle de, birbirine yabanc\u0131 olan ve birbirine kar\u015f\u0131 yabanc\u0131 kalmak isteyenlere<span class=\"excerpt-hellip\"> [\u2026]<\/span><\/p>\n","protected":false},"featured_media":0,"template":"","meta":{"_monsterinsights_skip_tracking":false,"_monsterinsights_sitenote_active":false,"_monsterinsights_sitenote_note":"","_monsterinsights_sitenote_category":0},"product_brand":[],"product_cat":[13633,12324],"product_tag":[],"class_list":{"0":"post-694394","1":"product","2":"type-product","3":"status-publish","5":"product_cat-kultur-ve-bilim","6":"product_cat-sosyoloji","7":"pa_cilt-ciltsiz","8":"pa_tur-kitap","9":"pa_yayinevi-yapi-kredi-yayinlari","10":"pa_yazar-jurgen-habermas","12":"first","13":"instock","14":"sale","15":"shipping-taxable","16":"purchasable","17":"product-type-simple"},"_links":{"self":[{"href":"https:\/\/roveyayinevi.com.tr\/index.php\/wp-json\/wp\/v2\/product\/694394","targetHints":{"allow":["GET"]}}],"collection":[{"href":"https:\/\/roveyayinevi.com.tr\/index.php\/wp-json\/wp\/v2\/product"}],"about":[{"href":"https:\/\/roveyayinevi.com.tr\/index.php\/wp-json\/wp\/v2\/types\/product"}],"wp:attachment":[{"href":"https:\/\/roveyayinevi.com.tr\/index.php\/wp-json\/wp\/v2\/media?parent=694394"}],"wp:term":[{"taxonomy":"product_brand","embeddable":true,"href":"https:\/\/roveyayinevi.com.tr\/index.php\/wp-json\/wp\/v2\/product_brand?post=694394"},{"taxonomy":"product_cat","embeddable":true,"href":"https:\/\/roveyayinevi.com.tr\/index.php\/wp-json\/wp\/v2\/product_cat?post=694394"},{"taxonomy":"product_tag","embeddable":true,"href":"https:\/\/roveyayinevi.com.tr\/index.php\/wp-json\/wp\/v2\/product_tag?post=694394"}],"curies":[{"name":"wp","href":"https:\/\/api.w.org\/{rel}","templated":true}]}}