{"id":694390,"date":"2025-08-27T14:20:54","date_gmt":"2025-08-27T11:20:54","guid":{"rendered":"https:\/\/roveyayinevi.com.tr\/index.php\/urun\/bitmeyen-iyilik-vakif-kuranlar\/"},"modified":"2026-04-03T02:08:03","modified_gmt":"2026-04-02T23:08:03","slug":"bitmeyen-iyilik-vakif-kuranlar","status":"publish","type":"product","link":"https:\/\/roveyayinevi.com.tr\/index.php\/urun\/bitmeyen-iyilik-vakif-kuranlar\/","title":{"rendered":"Bitmeyen \u0130yilik &#8211; Vak\u0131f Kuranlar"},"content":{"rendered":"<p>\u00c7o\u011fu zaman en huzurlu anlar\u0131m\u0131zda, \u00f6rne\u011fin evimizde sevdiklerimizle beraber ak\u015fam yeme\u011fimizi yerken; karn\u0131m\u0131z sa\u011fl\u0131\u011f\u0131m\u0131z yerinde ve g\u00fcven i\u00e7inde g\u00fcn\u00fcm\u00fcz\u00fc tamamlarken akl\u0131m\u0131za bizim kadar mutlu ve rahat olamayan insanlar gelir. Biliriz ki a\u00e7, susuz, hasta, tehlike alt\u0131nda veya evinden uzakta kalm\u0131\u015f, milyonlarca insan var. Kimi asla ula\u015famayaca\u011f\u0131m\u0131z\u0131 d\u00fc\u015f\u00fcnd\u00fc\u011f\u00fcm\u00fcz kadar \u00e7ok uzakta, kimi belki \u00e7ok yak\u0131n\u0131m\u0131zda&#8230; \ufffcTan\u0131t\u0131m Metni<\/p>\n","protected":false},"excerpt":{"rendered":"<p>\u00c7o\u011fu zaman en huzurlu anlar\u0131m\u0131zda, \u00f6rne\u011fin evimizde sevdiklerimizle beraber ak\u015fam yeme\u011fimizi yerken; karn\u0131m\u0131z sa\u011fl\u0131\u011f\u0131m\u0131z yerinde ve g\u00fcven i\u00e7inde g\u00fcn\u00fcm\u00fcz\u00fc tamamlarken akl\u0131m\u0131za bizim kadar mutlu ve rahat<span class=\"excerpt-hellip\"> [\u2026]<\/span><\/p>\n","protected":false},"featured_media":0,"template":"","meta":{"_monsterinsights_skip_tracking":false,"_monsterinsights_sitenote_active":false,"_monsterinsights_sitenote_note":"","_monsterinsights_sitenote_category":0},"product_brand":[],"product_cat":[12274,12284],"product_tag":[],"class_list":{"0":"post-694390","1":"product","2":"type-product","3":"status-publish","5":"product_cat-cocuk-ve-genclik-kitaplari","6":"product_cat-hikayeler","7":"pa_cilt-ciltsiz","8":"pa_tur-kitap","9":"pa_yayinevi-genc-timas","10":"pa_yazar-duygu-kacaranoglu","12":"first","13":"instock","14":"sale","15":"shipping-taxable","16":"purchasable","17":"product-type-simple"},"_links":{"self":[{"href":"https:\/\/roveyayinevi.com.tr\/index.php\/wp-json\/wp\/v2\/product\/694390","targetHints":{"allow":["GET"]}}],"collection":[{"href":"https:\/\/roveyayinevi.com.tr\/index.php\/wp-json\/wp\/v2\/product"}],"about":[{"href":"https:\/\/roveyayinevi.com.tr\/index.php\/wp-json\/wp\/v2\/types\/product"}],"wp:attachment":[{"href":"https:\/\/roveyayinevi.com.tr\/index.php\/wp-json\/wp\/v2\/media?parent=694390"}],"wp:term":[{"taxonomy":"product_brand","embeddable":true,"href":"https:\/\/roveyayinevi.com.tr\/index.php\/wp-json\/wp\/v2\/product_brand?post=694390"},{"taxonomy":"product_cat","embeddable":true,"href":"https:\/\/roveyayinevi.com.tr\/index.php\/wp-json\/wp\/v2\/product_cat?post=694390"},{"taxonomy":"product_tag","embeddable":true,"href":"https:\/\/roveyayinevi.com.tr\/index.php\/wp-json\/wp\/v2\/product_tag?post=694390"}],"curies":[{"name":"wp","href":"https:\/\/api.w.org\/{rel}","templated":true}]}}