{"id":694384,"date":"2025-08-27T14:20:52","date_gmt":"2025-08-27T11:20:52","guid":{"rendered":"https:\/\/roveyayinevi.com.tr\/index.php\/urun\/tek-yon\/"},"modified":"2026-04-16T02:04:31","modified_gmt":"2026-04-15T23:04:31","slug":"tek-yon","status":"publish","type":"product","link":"https:\/\/roveyayinevi.com.tr\/index.php\/urun\/tek-yon\/","title":{"rendered":"Tek Y\u00f6n"},"content":{"rendered":"<p>Konu\u015fma h\u00fcrriyeti kaybolmakta. \u0130nsanlar aras\u0131nda eskiden konu\u015fmada kar\u015f\u0131dakinin e\u011fime gayet tabii bir \u015feyken, \u015fimdi yerini ayakkab\u0131lar\u0131n\u0131n veya \u015femsiyesinin fiyat\u0131n\u0131 sormak al\u0131yor. Her sohbetin i\u00e7ine \u00f6n\u00fc al\u0131nmaz bir \u015fekilde, hayat \u015fartlar\u0131 konusu, para konusu giriyor. Bu arada s\u00f6z konusu olan ne bireyin endi\u015feleri ve \u00e7ilesi -b\u00f6yle olsa, belki konu\u015fanlar birbirleriyle yard\u0131mla\u015fabilirdi-, ne de konunun b\u00fct\u00fcn i\u00e7inde g\u00f6zden ge\u00e7irilmesi. \u0130nsan sanki bir tiyatroda tutsakm\u0131\u015f da, sahnedeki oyunu ister istemez izlemek zorundaym\u0131\u015f, bunu ister istemez, durup durup yeniden d\u00fc\u015f\u00fcncenin ve konu\u015fman\u0131n konusu etmek zorundaym\u0131\u015f, bunu ister istemez, durup durup yeniden d\u00fc\u015f\u00fcncenin ve konu\u015fman\u0131n konusu etmek zorundaym\u0131\u015f gibi.<\/p>\n","protected":false},"excerpt":{"rendered":"<p>Konu\u015fma h\u00fcrriyeti kaybolmakta. \u0130nsanlar aras\u0131nda eskiden konu\u015fmada kar\u015f\u0131dakinin e\u011fime gayet tabii bir \u015feyken, \u015fimdi yerini ayakkab\u0131lar\u0131n\u0131n veya \u015femsiyesinin fiyat\u0131n\u0131 sormak al\u0131yor. Her sohbetin i\u00e7ine \u00f6n\u00fc al\u0131nmaz<span class=\"excerpt-hellip\"> [\u2026]<\/span><\/p>\n","protected":false},"featured_media":0,"template":"","meta":{"_monsterinsights_skip_tracking":false,"_monsterinsights_sitenote_active":false,"_monsterinsights_sitenote_note":"","_monsterinsights_sitenote_category":0},"product_brand":[],"product_cat":[13633,12324],"product_tag":[],"class_list":{"0":"post-694384","1":"product","2":"type-product","3":"status-publish","5":"product_cat-kultur-ve-bilim","6":"product_cat-sosyoloji","7":"pa_cilt-ciltsiz","8":"pa_tur-kitap","9":"pa_yayinevi-yapi-kredi-yayinlari","10":"pa_yazar-walter-benjamin","12":"first","13":"instock","14":"sale","15":"shipping-taxable","16":"purchasable","17":"product-type-simple"},"_links":{"self":[{"href":"https:\/\/roveyayinevi.com.tr\/index.php\/wp-json\/wp\/v2\/product\/694384","targetHints":{"allow":["GET"]}}],"collection":[{"href":"https:\/\/roveyayinevi.com.tr\/index.php\/wp-json\/wp\/v2\/product"}],"about":[{"href":"https:\/\/roveyayinevi.com.tr\/index.php\/wp-json\/wp\/v2\/types\/product"}],"wp:attachment":[{"href":"https:\/\/roveyayinevi.com.tr\/index.php\/wp-json\/wp\/v2\/media?parent=694384"}],"wp:term":[{"taxonomy":"product_brand","embeddable":true,"href":"https:\/\/roveyayinevi.com.tr\/index.php\/wp-json\/wp\/v2\/product_brand?post=694384"},{"taxonomy":"product_cat","embeddable":true,"href":"https:\/\/roveyayinevi.com.tr\/index.php\/wp-json\/wp\/v2\/product_cat?post=694384"},{"taxonomy":"product_tag","embeddable":true,"href":"https:\/\/roveyayinevi.com.tr\/index.php\/wp-json\/wp\/v2\/product_tag?post=694384"}],"curies":[{"name":"wp","href":"https:\/\/api.w.org\/{rel}","templated":true}]}}