{"id":694380,"date":"2025-08-27T14:20:51","date_gmt":"2025-08-27T11:20:51","guid":{"rendered":"https:\/\/roveyayinevi.com.tr\/index.php\/urun\/siiri-siirle-olcmek\/"},"modified":"2026-04-16T02:04:31","modified_gmt":"2026-04-15T23:04:31","slug":"siiri-siirle-olcmek","status":"publish","type":"product","link":"https:\/\/roveyayinevi.com.tr\/index.php\/urun\/siiri-siirle-olcmek\/","title":{"rendered":"\u015eiiri \u015eiirle \u00d6l\u00e7mek"},"content":{"rendered":"<p>\u015eiiri \u015eiirle \u00d6l\u00e7mek, modern \u015fiirimizin en \u00f6zg\u00fcn ve \u00fcretken \u015fairlerinden biri olan Edip Cansever&#8217;in (1928-1986) b\u00fct\u00fcn yaz\u0131lar\u0131n\u0131, s\u00f6yle\u015filerini ve soru\u015fturma yan\u0131tlar\u0131n\u0131 ilk kez bir araya getiriyor. Cansever&#8217;in yaz\u0131lar\u0131nda, poetikas\u0131n\u0131 belirleyen, ya\u015fama ve \u015fire bak\u0131\u015f a\u00e7\u0131s\u0131n\u0131 oraya koyan, \u015fiirini anlamam\u0131z\u0131 sa\u011flayacak pek \u00e7ok ipucu bulunur. \u00d6rne\u011fin;T\u00fcrk \u015fiirinde az rastlanan &#8216;dramatik monolog&#8217; t\u00fcr\u00fcn\u00fc neden tercih etti\u011fini g\u00f6stermesi bak\u0131m\u0131ndan en \u00f6nemli yaz\u0131lar\u0131ndan biri olan &#8216;\u015eiiri B\u00f6lmek&#8217;te, Cansever, hep birilerine ya da bir \u015feylere uyum g\u00f6stererek ya\u015fad\u0131\u011f\u0131m\u0131z\u0131, sonu\u00e7ta ki\u015fili\u011fimizi yitirdi\u011fimizi vurgular. Ona g\u00f6re, direnmekle \u00e7evreye uymak aras\u0131nda \u015fa\u015fk\u0131na d\u00f6nen ve \u00e7e\u015fitli rollere b\u00f6l\u00fcn\u00fcn bireyin \u015fiirde hakk\u0131yla temsili, \u015fiirin de anlat\u0131c\u0131lara b\u00f6l\u00fcnmesiyle, yani dramatik bir \u015fiirle m\u00fcmk\u00fcnd\u00fcr. Okuyuca, D\u00fc\u015f\u00fcncenin \u015eiiri , Soyut Somut , \u015eiiri \u015eiirle \u00d6l\u00e7mek , Tek Sesli \u015eiirden \u00c7ok Sesli \u015eiire ve Tragedya \u00dczerine Notlar gibi yaz\u0131larda, ayr\u0131ca \u015faire yerinde sorular\u0131n y\u00f6neltildi\u011fi s\u00f6yle\u015filerde ve Erdal \u00d6z&#8217;e yazd\u0131\u011f\u0131 mektuplarda da Cansever \u015fiirinind\u00fc\u015f\u00fcnsel temellerine a\u00e7\u0131lan pek \u00e7ok kap\u0131yla kar\u015f\u0131la\u015facakt\u0131r. \ufffcTan\u0131t\u0131m Metni<\/p>\n","protected":false},"excerpt":{"rendered":"<p>\u015eiiri \u015eiirle \u00d6l\u00e7mek, modern \u015fiirimizin en \u00f6zg\u00fcn ve \u00fcretken \u015fairlerinden biri olan Edip Cansever&#8217;in (1928-1986) b\u00fct\u00fcn yaz\u0131lar\u0131n\u0131, s\u00f6yle\u015filerini ve soru\u015fturma yan\u0131tlar\u0131n\u0131 ilk kez bir araya getiriyor.<span class=\"excerpt-hellip\"> [\u2026]<\/span><\/p>\n","protected":false},"featured_media":0,"template":"","meta":{"_monsterinsights_skip_tracking":false,"_monsterinsights_sitenote_active":false,"_monsterinsights_sitenote_note":"","_monsterinsights_sitenote_category":0},"product_brand":[],"product_cat":[12291,12509],"product_tag":[],"class_list":{"0":"post-694380","1":"product","2":"type-product","3":"status-publish","5":"product_cat-edebiyat","6":"product_cat-siir","7":"pa_cilt-ciltsiz","8":"pa_tur-kitap","9":"pa_yayinevi-yapi-kredi-yayinlari","10":"pa_yazar-edip-cansever","12":"first","13":"instock","14":"sale","15":"shipping-taxable","16":"purchasable","17":"product-type-simple"},"_links":{"self":[{"href":"https:\/\/roveyayinevi.com.tr\/index.php\/wp-json\/wp\/v2\/product\/694380","targetHints":{"allow":["GET"]}}],"collection":[{"href":"https:\/\/roveyayinevi.com.tr\/index.php\/wp-json\/wp\/v2\/product"}],"about":[{"href":"https:\/\/roveyayinevi.com.tr\/index.php\/wp-json\/wp\/v2\/types\/product"}],"wp:attachment":[{"href":"https:\/\/roveyayinevi.com.tr\/index.php\/wp-json\/wp\/v2\/media?parent=694380"}],"wp:term":[{"taxonomy":"product_brand","embeddable":true,"href":"https:\/\/roveyayinevi.com.tr\/index.php\/wp-json\/wp\/v2\/product_brand?post=694380"},{"taxonomy":"product_cat","embeddable":true,"href":"https:\/\/roveyayinevi.com.tr\/index.php\/wp-json\/wp\/v2\/product_cat?post=694380"},{"taxonomy":"product_tag","embeddable":true,"href":"https:\/\/roveyayinevi.com.tr\/index.php\/wp-json\/wp\/v2\/product_tag?post=694380"}],"curies":[{"name":"wp","href":"https:\/\/api.w.org\/{rel}","templated":true}]}}