{"id":694350,"date":"2025-08-27T14:20:44","date_gmt":"2025-08-27T11:20:44","guid":{"rendered":"https:\/\/roveyayinevi.com.tr\/index.php\/urun\/bir-ada-hikayesi-3-tanyeri-horozlari\/"},"modified":"2026-04-16T02:04:30","modified_gmt":"2026-04-15T23:04:30","slug":"bir-ada-hikayesi-3-tanyeri-horozlari","status":"publish","type":"product","link":"https:\/\/roveyayinevi.com.tr\/index.php\/urun\/bir-ada-hikayesi-3-tanyeri-horozlari\/","title":{"rendered":"Bir Ada Hikayesi 3 &#8211; Tanyeri Horozlar\u0131"},"content":{"rendered":"<p>Bir Ada Hikayesi d\u00f6rtl\u00fcs\u00fc, sava\u015flardan, k\u0131r\u0131mlardan, s\u00fcrg\u00fcnlerden arta kalan insanlar\u0131n, Yunanistan&#8217;a g\u00f6nderilen Rumlar\u0131n bo\u015faltt\u0131\u011f\u0131 bir adada yeni bir ya\u015fam kurma \u00e7abalar\u0131n\u0131 al\u0131r. Umut roman\u0131n ba\u015f kahraman\u0131d\u0131r. Tanyeri Horozlar\u0131, yeni bir ya\u015fam kurma \u00e7abas\u0131, korku, \u00f6zlem, umut, sab\u0131r ve ge\u00e7mi\u015fin ac\u0131lar\u0131 aras\u0131nda, a\u015fktan ve insan olmaktan duyulan sevincin roman\u0131d\u0131r. Denize, adaya, insanlara duyduklar\u0131 a\u015fk\u0131n ge\u00e7mi\u015fin ac\u0131lar\u0131yla g\u00f6lgelenmesine izin vermeyen, sevdalar\u0131n\u0131 y\u00fcreklerinde s\u0131r gibi ta\u015f\u0131yan adam gibi adamlar, kad\u0131n gibi kad\u0131nlar y\u00fczlerini bir hayata d\u00f6nerler. Ya\u015far Kemal, yirminci ve yirmi birinci y\u00fczy\u0131l yaz\u0131n\u0131n\u0131n en b\u00fcy\u00fck romanc\u0131lar\u0131ndan biridir. &#8211; Barry Tharaud. (A.B.D.) Ya\u015far Kemal&#8217;in romanlar\u0131n\u0131 okumak co\u015fkular d\u00fcnyas\u0131nda bir mola zaman\u0131 gibidir. -Jean-Pierre Deleage. (Fransa) Ya\u015far Kemal&#8217;in imgelemi, insan ruhunun inceliklerini kavramas\u0131, anlat\u0131m\u0131n\u0131n \u015fiirsel derinlikleri \u00fcst\u00fcne titreyece\u011fimiz bir sanat eseri yarat\u0131yor. B\u00fct\u00fcn d\u00f6nemlerin en iyi yap\u0131tlar\u0131ndan biri. &#8211; Jeremy Brooks, (\u0130ngiltere) Ya\u015far Kemal zaman\u0131m\u0131z\u0131n en b\u00fcy\u00fck epik romanc\u0131s\u0131d\u0131r. Onun romanlar\u0131n\u0131 okuyan herkes bu kan\u0131da birle\u015fir. Zaman\u0131m\u0131zda hi\u00e7bir yazar\u0131n Ya\u015far Kemal&#8217;in g\u00fcc\u00fcne ula\u015famad\u0131\u011f\u0131n\u0131 bilmeliyiz. -Torbj\u00f6rn Safve (\u0130svi\u00e7re) <\/p>\n","protected":false},"excerpt":{"rendered":"<p>Bir Ada Hikayesi d\u00f6rtl\u00fcs\u00fc, sava\u015flardan, k\u0131r\u0131mlardan, s\u00fcrg\u00fcnlerden arta kalan insanlar\u0131n, Yunanistan&#8217;a g\u00f6nderilen Rumlar\u0131n bo\u015faltt\u0131\u011f\u0131 bir adada yeni bir ya\u015fam kurma \u00e7abalar\u0131n\u0131 al\u0131r. Umut roman\u0131n ba\u015f kahraman\u0131d\u0131r.<span class=\"excerpt-hellip\"> [\u2026]<\/span><\/p>\n","protected":false},"featured_media":0,"template":"","meta":{"_monsterinsights_skip_tracking":false,"_monsterinsights_sitenote_active":false,"_monsterinsights_sitenote_note":"","_monsterinsights_sitenote_category":0},"product_brand":[],"product_cat":[12291,12292],"product_tag":[],"class_list":{"0":"post-694350","1":"product","2":"type-product","3":"status-publish","5":"product_cat-edebiyat","6":"product_cat-turk-edebiyati","7":"pa_cilt-ciltsiz","8":"pa_tur-kitap","9":"pa_yayinevi-yapi-kredi-yayinlari","10":"pa_yazar-yasar-kemal","12":"first","13":"instock","14":"sale","15":"shipping-taxable","16":"purchasable","17":"product-type-simple"},"_links":{"self":[{"href":"https:\/\/roveyayinevi.com.tr\/index.php\/wp-json\/wp\/v2\/product\/694350","targetHints":{"allow":["GET"]}}],"collection":[{"href":"https:\/\/roveyayinevi.com.tr\/index.php\/wp-json\/wp\/v2\/product"}],"about":[{"href":"https:\/\/roveyayinevi.com.tr\/index.php\/wp-json\/wp\/v2\/types\/product"}],"wp:attachment":[{"href":"https:\/\/roveyayinevi.com.tr\/index.php\/wp-json\/wp\/v2\/media?parent=694350"}],"wp:term":[{"taxonomy":"product_brand","embeddable":true,"href":"https:\/\/roveyayinevi.com.tr\/index.php\/wp-json\/wp\/v2\/product_brand?post=694350"},{"taxonomy":"product_cat","embeddable":true,"href":"https:\/\/roveyayinevi.com.tr\/index.php\/wp-json\/wp\/v2\/product_cat?post=694350"},{"taxonomy":"product_tag","embeddable":true,"href":"https:\/\/roveyayinevi.com.tr\/index.php\/wp-json\/wp\/v2\/product_tag?post=694350"}],"curies":[{"name":"wp","href":"https:\/\/api.w.org\/{rel}","templated":true}]}}