{"id":694346,"date":"2025-08-27T14:20:43","date_gmt":"2025-08-27T11:20:43","guid":{"rendered":"https:\/\/roveyayinevi.com.tr\/index.php\/urun\/tarcin-dukkanlari\/"},"modified":"2026-04-16T02:04:30","modified_gmt":"2026-04-15T23:04:30","slug":"tarcin-dukkanlari","status":"publish","type":"product","link":"https:\/\/roveyayinevi.com.tr\/index.php\/urun\/tarcin-dukkanlari\/","title":{"rendered":"Tar\u00e7\u0131n D\u00fckkanlar\u0131"},"content":{"rendered":"<p>\u201cGer\u00e7eklik bir k\u00e2\u011f\u0131t kadar incedir ve y\u00fczeyindeki b\u00fct\u00fcn \u00e7atlaklarla taklit niteli\u011fini ele verir.\u201d Schulz\u2019un hayat\u0131n\u0131 ya\u015famas\u0131na izin verilmi\u015f olsayd\u0131, bize hi\u00e7 anlat\u0131lmam\u0131\u015f hazineler arma\u011fan edebilirdi, ama k\u0131sac\u0131k hayat\u0131nda yapt\u0131klar\u0131, onu gelmi\u015f ge\u00e7mi\u015f en dikkate de\u011fer yazarlardan biri k\u0131lmaya yeterli. Isaac Bashevis Singer Schulz\u2019un \u00f6yk\u00fclerinde sadece ailesinin, tan\u0131d\u0131klar\u0131n\u0131n ve ger\u00e7ek Drohobycz kasabas\u0131n\u0131n portresini g\u00f6renler yan\u0131lmaktad\u0131rlar: Onun kahramanlar\u0131n\u0131n \u00f6yk\u00fcleri mitsel \u00f6yk\u00fclerdir, yani b\u00fct\u00fcn insanlar\u0131n hayatlar\u0131 boyunca y\u00fcr\u00fcd\u00fckleri yolun \u00f6yk\u00fcs\u00fcd\u00fcr. Jerzy Jarz\u0119bski Schulz\u2019un iki ince kitab\u0131 \u015fimdiye dek kar\u015f\u0131la\u015ft\u0131\u011f\u0131m en keskin iki balta. Bunlar\u0131 kullanarak k\u00fct\u00fc\u011f\u00fc yarman\u0131z\u0131 te\u015fvik ediyorum. Jonathan Safran Foer Schulz\u2019un d\u00fc\u015f g\u00fcc\u00fc Modern Avrupa\u2019n\u0131n en \u00f6zg\u00fcn olanlar\u0131ndan biri. <\/p>\n","protected":false},"excerpt":{"rendered":"<p>\u201cGer\u00e7eklik bir k\u00e2\u011f\u0131t kadar incedir ve y\u00fczeyindeki b\u00fct\u00fcn \u00e7atlaklarla taklit niteli\u011fini ele verir.\u201d Schulz\u2019un hayat\u0131n\u0131 ya\u015famas\u0131na izin verilmi\u015f olsayd\u0131, bize hi\u00e7 anlat\u0131lmam\u0131\u015f hazineler arma\u011fan edebilirdi, ama<span class=\"excerpt-hellip\"> [\u2026]<\/span><\/p>\n","protected":false},"featured_media":0,"template":"","meta":{"_monsterinsights_skip_tracking":false,"_monsterinsights_sitenote_active":false,"_monsterinsights_sitenote_note":"","_monsterinsights_sitenote_category":0},"product_brand":[],"product_cat":[13661,12291],"product_tag":[],"class_list":{"0":"post-694346","1":"product","2":"type-product","3":"status-publish","5":"product_cat-diger-ulke-edebiyatlari","6":"product_cat-edebiyat","7":"pa_cilt-ciltsiz","8":"pa_tur-kitap","9":"pa_yayinevi-yapi-kredi-yayinlari","10":"pa_yazar-bruno-schulz","12":"first","13":"instock","14":"sale","15":"shipping-taxable","16":"purchasable","17":"product-type-simple"},"_links":{"self":[{"href":"https:\/\/roveyayinevi.com.tr\/index.php\/wp-json\/wp\/v2\/product\/694346","targetHints":{"allow":["GET"]}}],"collection":[{"href":"https:\/\/roveyayinevi.com.tr\/index.php\/wp-json\/wp\/v2\/product"}],"about":[{"href":"https:\/\/roveyayinevi.com.tr\/index.php\/wp-json\/wp\/v2\/types\/product"}],"wp:attachment":[{"href":"https:\/\/roveyayinevi.com.tr\/index.php\/wp-json\/wp\/v2\/media?parent=694346"}],"wp:term":[{"taxonomy":"product_brand","embeddable":true,"href":"https:\/\/roveyayinevi.com.tr\/index.php\/wp-json\/wp\/v2\/product_brand?post=694346"},{"taxonomy":"product_cat","embeddable":true,"href":"https:\/\/roveyayinevi.com.tr\/index.php\/wp-json\/wp\/v2\/product_cat?post=694346"},{"taxonomy":"product_tag","embeddable":true,"href":"https:\/\/roveyayinevi.com.tr\/index.php\/wp-json\/wp\/v2\/product_tag?post=694346"}],"curies":[{"name":"wp","href":"https:\/\/api.w.org\/{rel}","templated":true}]}}