{"id":694336,"date":"2025-08-27T14:20:40","date_gmt":"2025-08-27T11:20:40","guid":{"rendered":"https:\/\/roveyayinevi.com.tr\/index.php\/urun\/cocuklara-soz-gecirme-sanati\/"},"modified":"2026-04-16T02:04:30","modified_gmt":"2026-04-15T23:04:30","slug":"cocuklara-soz-gecirme-sanati","status":"publish","type":"product","link":"https:\/\/roveyayinevi.com.tr\/index.php\/urun\/cocuklara-soz-gecirme-sanati\/","title":{"rendered":"\u00c7ocuklara S\u00f6z Ge\u00e7irme Sanat\u0131"},"content":{"rendered":"<p>Sinirlenmeden, ceza vermeden, ba\u011f\u0131rmadan&#8230; Araban\u0131zla b\u00fcy\u00fck ve kalabal\u0131k bir \u015fehrin sokaklar\u0131nda seyahat etti\u011finizi, daha \u00f6nce hi\u00e7 gitmedi\u011finiz bir adresi bulmaya \u00e7al\u0131\u015ft\u0131\u011f\u0131n\u0131z\u0131, ancak kav\u015faklarda ve d\u00f6neme\u00e7lerde hi\u00e7 levha bulunmad\u0131\u011f\u0131 d\u00fc\u015f\u00fcn\u00fcn. Arad\u0131\u011f\u0131n\u0131z adresi bulmak i\u00e7in kim bilir ka\u00e7 kez yanl\u0131\u015f yola girer, ka\u00e7 kez kaza atlat\u0131rs\u0131n\u0131z. Do\u011fru ve kabul edilebilir davran\u0131\u015flar\u0131 \u00f6\u011frenmeye \u00e7al\u0131\u015fan \u00e7ocuklar i\u00e7in de durum ayn\u0131d\u0131r. Koydu\u011funuz s\u0131n\u0131rlar yol g\u00f6steren levhalar gibidir. S\u0131n\u0131rlar, san\u0131ld\u0131\u011f\u0131 gibi, \u00e7ocuklar\u0131n haklar\u0131n\u0131 k\u0131s\u0131tlamak, onlara bask\u0131 uygulamak de\u011fildir. S\u0131n\u0131rlar, \u00e7ocuklara korunduklar\u0131, g\u00fcvende olduklar\u0131 ve de\u011fer verildikleri duygusu kazand\u0131r\u0131r. Aile i\u00e7i kurallara uymalar\u0131n\u0131, i\u015fbirli\u011fi yapmalar\u0131n\u0131, otoriteye sayg\u0131 duymalar\u0131n\u0131 sa\u011flar. Sorumluluk kazand\u0131r\u0131r. S\u0131n\u0131rlar, onaylanan davran\u0131\u015flar\u0131 tan\u0131mlayan, \u00e7ocu\u011fa hatal\u0131 davran\u0131\u015flar\u0131n\u0131 d\u00fczeltme f\u0131rsat\u0131 veren e\u011fitici ve \u00f6\u011fretici bir etkiye sahiptir. Bu kitap \u00e7ocuklara nas\u0131l do\u011fru s\u0131n\u0131rlar koyaca\u011f\u0131n\u0131z\u0131, ba\u011f\u0131rmadan, sinirlenmeden, ceza vermeden nas\u0131l s\u00f6z ge\u00e7irece\u011finizi anlatmaya \u00e7al\u0131\u015facakt\u0131r. <\/p>\n","protected":false},"excerpt":{"rendered":"<p>Sinirlenmeden, ceza vermeden, ba\u011f\u0131rmadan&#8230; Araban\u0131zla b\u00fcy\u00fck ve kalabal\u0131k bir \u015fehrin sokaklar\u0131nda seyahat etti\u011finizi, daha \u00f6nce hi\u00e7 gitmedi\u011finiz bir adresi bulmaya \u00e7al\u0131\u015ft\u0131\u011f\u0131n\u0131z\u0131, ancak kav\u015faklarda ve d\u00f6neme\u00e7lerde hi\u00e7<span class=\"excerpt-hellip\"> [\u2026]<\/span><\/p>\n","protected":false},"featured_media":0,"template":"","meta":{"_monsterinsights_skip_tracking":false,"_monsterinsights_sitenote_active":false,"_monsterinsights_sitenote_note":"","_monsterinsights_sitenote_category":0},"product_brand":[],"product_cat":[12831,12324],"product_tag":[],"class_list":{"0":"post-694336","1":"product","2":"type-product","3":"status-publish","5":"product_cat-aile-ve-cocuk","6":"product_cat-sosyoloji","7":"pa_tur-kitap","8":"pa_yayinevi-ugurbocegi-yayinlari","9":"pa_yazar-ali-cankirili","11":"first","12":"instock","13":"sale","14":"shipping-taxable","15":"purchasable","16":"product-type-simple"},"_links":{"self":[{"href":"https:\/\/roveyayinevi.com.tr\/index.php\/wp-json\/wp\/v2\/product\/694336","targetHints":{"allow":["GET"]}}],"collection":[{"href":"https:\/\/roveyayinevi.com.tr\/index.php\/wp-json\/wp\/v2\/product"}],"about":[{"href":"https:\/\/roveyayinevi.com.tr\/index.php\/wp-json\/wp\/v2\/types\/product"}],"wp:attachment":[{"href":"https:\/\/roveyayinevi.com.tr\/index.php\/wp-json\/wp\/v2\/media?parent=694336"}],"wp:term":[{"taxonomy":"product_brand","embeddable":true,"href":"https:\/\/roveyayinevi.com.tr\/index.php\/wp-json\/wp\/v2\/product_brand?post=694336"},{"taxonomy":"product_cat","embeddable":true,"href":"https:\/\/roveyayinevi.com.tr\/index.php\/wp-json\/wp\/v2\/product_cat?post=694336"},{"taxonomy":"product_tag","embeddable":true,"href":"https:\/\/roveyayinevi.com.tr\/index.php\/wp-json\/wp\/v2\/product_tag?post=694336"}],"curies":[{"name":"wp","href":"https:\/\/api.w.org\/{rel}","templated":true}]}}