{"id":694318,"date":"2025-08-27T14:20:35","date_gmt":"2025-08-27T11:20:35","guid":{"rendered":"https:\/\/roveyayinevi.com.tr\/index.php\/urun\/nlp-zihninizi-kullanma-kilavuzu-neuro-linguistic-programming\/"},"modified":"2026-04-15T02:05:18","modified_gmt":"2026-04-14T23:05:18","slug":"nlp-zihninizi-kullanma-kilavuzu-neuro-linguistic-programming","status":"publish","type":"product","link":"https:\/\/roveyayinevi.com.tr\/index.php\/urun\/nlp-zihninizi-kullanma-kilavuzu-neuro-linguistic-programming\/","title":{"rendered":"NLP Zihninizi Kullanma K\u0131lavuzu \/ Neuro Linguistic Programming"},"content":{"rendered":"<p>\ufffcNLP denilen b\u00fcy\u00fcl\u00fc y\u00f6ntemi \u00f6\u011frenmeniz ve uygulaman\u0131z ya\u015fam\u0131n\u0131z\u0131 \u015fans ve tesad\u00fcflere b\u0131rakmak yerine, kendi istedi\u011finiz bi\u00e7imde yaratman\u0131z anlam\u0131na gelir. NLP hem bilinci hem bilin\u00e7alt\u0131n\u0131 etkin bir duyarl\u0131kla kullanmaya y\u00f6nelik, zihinsel s\u00fcrecin i\u015fleyi\u015fini yeniden yap\u0131land\u0131rma tekni\u011fidir. NLP ile \u00e7ok h\u0131zl\u0131 sonu\u00e7 alabilirsiniz; aylar y\u0131llar s\u00fcren bir s\u00fcreci, (\u00f6rne\u011fin bir fobiden kurtulmay\u0131) bir ka\u00e7 saat, hatta birka\u00e7 dakikaya bile indirebilirsiniz. NLP ile: * Sizi engelleyen fobilerinizi yenebilirsiniz. * Size zarar veren al\u0131\u015fkanl\u0131klar\u0131n\u0131z\u0131 de\u011fi\u015ftirebilirsiniz. * Kendinizi motive etme tekniklerini \u00f6\u011frenebilirsiniz. NLP&#8217;nin \u00f6z\u00fcn\u00fc kavrad\u0131\u011f\u0131n\u0131zda onu ya\u015fam\u0131n\u0131z\u0131n her alan\u0131nda kullanabilirsiniz. \u00c7\u00fcnk\u00fc ba\u015far\u0131n\u0131n ve mutlulu\u011fun spesifik bir d\u00fc\u015f\u00fcnce paterni ve yap\u0131s\u0131 vard\u0131r. Bu ise heres taraf\u0131ndan \u00f6\u011frenilebilir. Zihninizi sizin i\u00e7in \u00e7al\u0131\u015ft\u0131rmay\u0131 \u00f6\u011frenin. Zihin-beden sisteminizin kontrolunu elinize al\u0131n. (Arka Kapak)<\/p>\n","protected":false},"excerpt":{"rendered":"<p>\ufffcNLP denilen b\u00fcy\u00fcl\u00fc y\u00f6ntemi \u00f6\u011frenmeniz ve uygulaman\u0131z ya\u015fam\u0131n\u0131z\u0131 \u015fans ve tesad\u00fcflere b\u0131rakmak yerine, kendi istedi\u011finiz bi\u00e7imde yaratman\u0131z anlam\u0131na gelir. NLP hem bilinci hem bilin\u00e7alt\u0131n\u0131 etkin bir<span class=\"excerpt-hellip\"> [\u2026]<\/span><\/p>\n","protected":false},"featured_media":0,"template":"","meta":{"_monsterinsights_skip_tracking":false,"_monsterinsights_sitenote_active":false,"_monsterinsights_sitenote_note":"","_monsterinsights_sitenote_category":0},"product_brand":[],"product_cat":[12364,12376],"product_tag":[],"class_list":{"0":"post-694318","1":"product","2":"type-product","3":"status-publish","5":"product_cat-genel-konular","6":"product_cat-kisisel-gelisim","7":"pa_cilt-ciltsiz","8":"pa_tur-kitap","9":"pa_yayinevi-kuraldisi-yayinevi","10":"pa_yazar-nil-gun","12":"first","13":"instock","14":"sale","15":"shipping-taxable","16":"purchasable","17":"product-type-simple"},"_links":{"self":[{"href":"https:\/\/roveyayinevi.com.tr\/index.php\/wp-json\/wp\/v2\/product\/694318","targetHints":{"allow":["GET"]}}],"collection":[{"href":"https:\/\/roveyayinevi.com.tr\/index.php\/wp-json\/wp\/v2\/product"}],"about":[{"href":"https:\/\/roveyayinevi.com.tr\/index.php\/wp-json\/wp\/v2\/types\/product"}],"wp:attachment":[{"href":"https:\/\/roveyayinevi.com.tr\/index.php\/wp-json\/wp\/v2\/media?parent=694318"}],"wp:term":[{"taxonomy":"product_brand","embeddable":true,"href":"https:\/\/roveyayinevi.com.tr\/index.php\/wp-json\/wp\/v2\/product_brand?post=694318"},{"taxonomy":"product_cat","embeddable":true,"href":"https:\/\/roveyayinevi.com.tr\/index.php\/wp-json\/wp\/v2\/product_cat?post=694318"},{"taxonomy":"product_tag","embeddable":true,"href":"https:\/\/roveyayinevi.com.tr\/index.php\/wp-json\/wp\/v2\/product_tag?post=694318"}],"curies":[{"name":"wp","href":"https:\/\/api.w.org\/{rel}","templated":true}]}}