{"id":694238,"date":"2025-08-27T14:20:18","date_gmt":"2025-08-27T11:20:18","guid":{"rendered":"https:\/\/roveyayinevi.com.tr\/index.php\/urun\/fatih-istanbul-kapilarinda\/"},"modified":"2026-04-16T02:04:01","modified_gmt":"2026-04-15T23:04:01","slug":"fatih-istanbul-kapilarinda","status":"publish","type":"product","link":"https:\/\/roveyayinevi.com.tr\/index.php\/urun\/fatih-istanbul-kapilarinda\/","title":{"rendered":"Fatih \u0130stanbul Kap\u0131lar\u0131nda"},"content":{"rendered":"<p>\u201c\u015eair Ahmet Pa\u015fa askerlerinin en \u00f6n\u00fcnde durmadan kumanda veriyor, dalga dalga h\u00fccuma kalk\u0131yorlard\u0131. Silivrikap\u0131 kumandan\u0131 Haydar Pa\u015fa ise d\u00fc\u015fmana g\u00f6z a\u00e7t\u0131rm\u0131yordu. Burada Elekli Dede \u015fehit oldu. Hersek Ahmet Pa\u015fa ise E\u011frikap\u0131&#8217;n\u0131n tun\u00e7 kap\u0131lar\u0131n\u0131 topla d\u00f6vd\u00fcre d\u00f6vd\u00fcre e\u011fri bir hale sokturdu. Burada Tokmakl\u0131 Dede \u015fehit d\u00fc\u015ft\u00fc. Askerlerle beraber birtak\u0131m hocalar ve dervi\u015fler de h\u00fccum ediyorlard\u0131. Mahmut Pa\u015fa top\u00e7ular\u0131 surlar\u0131n \u00fc\u00e7 yerini y\u0131kt\u0131lar. Ni\u015fan\u00ee Pa\u015fa kale i\u00e7inde d\u00fc\u015fman\u0131 sindirdi. Sadi Pa\u015fa ise Edirnekap\u0131&#8217;da surlar\u0131n yedi yerini y\u0131kma\u011fa muvaffak oldu. Padi\u015fah\u0131n yan\u0131nda bulunan Ak \u015eemseddin ellerini g\u00f6\u011fe kald\u0131rm\u0131\u015f, durmadan dua ediyor, Kur&#8217;an&#8217;dan \u00e2yetler okuyordu. Kur&#8217;an sesini duyan Padi\u015fah: &#8211; Yavedud, imdada yeti\u015f! diye ba\u011f\u0131rd\u0131. \u00c7\u00fcnk\u00fc daha asker surlara girememi\u015fti. Ak \u015eemseddin Efendi: &#8211; Padi\u015fah\u0131m Yavedud can verdi\u011fi dakika bize \u015fehre girmek nasip olacakt\u0131r, diye cevap verdi. Hali\u00e7 taraf\u0131ndan ise Ah\u00ee yi\u011fitleri ba\u015flar\u0131nda Ahi babalar\u0131 oldu\u011fu halde canla, ba\u015fla surlara h\u00fccum ediyorlard\u0131. Fenerkap\u0131s\u0131n\u0131 Molla Fenar\u00ee, Molla Palat, Balat Kap\u0131s\u0131&#8217;n\u0131 sarm\u0131\u015flard\u0131. \u00dc\u00e7 y\u00fcz dervi\u015f de Aya Kap\u0131s\u0131&#8217;nda \u00e7arp\u0131\u015f\u0131yordu. Horoz Dede Unkapan\u0131&#8217;nda, Odun Kap\u0131s\u0131&#8217;nda da Oduncu Baba, Zindan Kap\u0131s\u0131&#8217;nda Zindan Baba askerlerin \u00f6n\u00fcnde korkmadan cihada i\u015ftirak ediyorlard\u0131. Ceb Ali Baba Cibali Kap\u0131s\u0131&#8217;n\u0131, G\u00fcl Baba da askerleri ile h\u00fccum ediyorlard\u0131. Bu babalar\u0131n \u00e7o\u011fu Hali\u00e7 kap\u0131lar\u0131 \u00f6n\u00fcnde \u015fehit d\u00fc\u015ft\u00fcler.\u201d <\/p>\n","protected":false},"excerpt":{"rendered":"<p>\u201c\u015eair Ahmet Pa\u015fa askerlerinin en \u00f6n\u00fcnde durmadan kumanda veriyor, dalga dalga h\u00fccuma kalk\u0131yorlard\u0131. Silivrikap\u0131 kumandan\u0131 Haydar Pa\u015fa ise d\u00fc\u015fmana g\u00f6z a\u00e7t\u0131rm\u0131yordu. Burada Elekli Dede \u015fehit oldu.<span class=\"excerpt-hellip\"> [\u2026]<\/span><\/p>\n","protected":false},"featured_media":0,"template":"","meta":{"_monsterinsights_skip_tracking":false,"_monsterinsights_sitenote_active":false,"_monsterinsights_sitenote_note":"","_monsterinsights_sitenote_category":0},"product_brand":[],"product_cat":[12291,12745],"product_tag":[],"class_list":{"0":"post-694238","1":"product","2":"type-product","3":"status-publish","5":"product_cat-edebiyat","6":"product_cat-tarihi-roman","7":"pa_cilt-ciltsiz","8":"pa_tur-kitap","9":"pa_yayinevi-otuken-nesriyat","10":"pa_yazar-enver-behnan-sapolyo","12":"first","13":"instock","14":"sale","15":"shipping-taxable","16":"purchasable","17":"product-type-simple"},"_links":{"self":[{"href":"https:\/\/roveyayinevi.com.tr\/index.php\/wp-json\/wp\/v2\/product\/694238","targetHints":{"allow":["GET"]}}],"collection":[{"href":"https:\/\/roveyayinevi.com.tr\/index.php\/wp-json\/wp\/v2\/product"}],"about":[{"href":"https:\/\/roveyayinevi.com.tr\/index.php\/wp-json\/wp\/v2\/types\/product"}],"wp:attachment":[{"href":"https:\/\/roveyayinevi.com.tr\/index.php\/wp-json\/wp\/v2\/media?parent=694238"}],"wp:term":[{"taxonomy":"product_brand","embeddable":true,"href":"https:\/\/roveyayinevi.com.tr\/index.php\/wp-json\/wp\/v2\/product_brand?post=694238"},{"taxonomy":"product_cat","embeddable":true,"href":"https:\/\/roveyayinevi.com.tr\/index.php\/wp-json\/wp\/v2\/product_cat?post=694238"},{"taxonomy":"product_tag","embeddable":true,"href":"https:\/\/roveyayinevi.com.tr\/index.php\/wp-json\/wp\/v2\/product_tag?post=694238"}],"curies":[{"name":"wp","href":"https:\/\/api.w.org\/{rel}","templated":true}]}}