{"id":694224,"date":"2025-08-27T14:19:24","date_gmt":"2025-08-27T11:19:24","guid":{"rendered":"https:\/\/roveyayinevi.com.tr\/index.php\/urun\/cogito-sayi-19-osmanlilar-ozel-sayisi\/"},"modified":"2026-04-16T02:04:00","modified_gmt":"2026-04-15T23:04:00","slug":"cogito-sayi-19-osmanlilar-ozel-sayisi","status":"publish","type":"product","link":"https:\/\/roveyayinevi.com.tr\/index.php\/urun\/cogito-sayi-19-osmanlilar-ozel-sayisi\/","title":{"rendered":"Cogito Say\u0131: 19 Osmanl\u0131lar \u00d6zel Say\u0131s\u0131"},"content":{"rendered":"<p>\u0130ki Osmanl\u0131 Klasi\u011fi Gelibolulu Mustafa \u00c2li &#8211; K\u00fcnh \u00fcl-ahbar Sel\u00e2nik\u00ee Mustafa Efendi &#8211; Tarih-i Sel\u00e2nik\u00ee Kurulu\u015fa Dair Halil \u0130nalc\u0131k \u0130le S\u00f6yle\u015fi &#8211; Osmanl\u0131 Tarihi En \u00c7ok Sapt\u0131r\u0131lm\u0131\u015f, Yanl\u0131 Yorumlanm\u0131\u015f Tarihtir Cemal Kafadar &#8211; \u0130ki Cih\u00e2n \u00c2resinde Cemal Kafadar \u0130le S\u00f6yle\u015fi &#8211; Orta\u00e7a\u011f Anadolusu ve Osmanl\u0131 Devleti\u2019nin Kurulu\u015fu \u00dczerine Osmanl\u0131lar\u0131 Tan\u0131mak \u0130lber Ortayl\u0131 &#8211; Osmanl\u0131 Kimli\u011fi Nejat G\u00f6y\u00fcn\u00e7 &#8211; Osmanl\u0131 Devleti Hakk\u0131nda Klaus Kreiser &#8211; \u201cT\u00fcrklerde Ak\u0131l Var m\u0131?\u201d Halil \u0130nalc\u0131k &#8211; Osmanl\u0131 Fetih Y\u00f6ntemleri Sencer Divit\u00e7io\u011flu &#8211; Oyun Teorisi Ba\u011flam\u0131nda Cel\u00e2l\u00ee \u0130syanlar\u0131 Jane Hathaway &#8211; Unutulan \u0130kon: Hz. Ali\u2019nin K\u0131l\u0131c\u0131 Z\u00fclfikar\u2019\u0131n Osmanl\u0131 T\u00fcrevi Nicolas Vatin &#8211; Bir Osmanl\u0131 T\u00fcrk\u00fc Yapt\u0131\u011f\u0131 Seyahati Ni\u00e7in Anlat\u0131rd\u0131? \u015eevket Pamuk &#8211; Osmanl\u0131larda Para ve Enflasyon Edhem Eldem &#8211; 18. Y\u00fczy\u0131l ve De\u011fi\u015fim Maurice M. Cerasi &#8211; 18. Y\u00fczy\u0131l Osmanl\u0131 Kenti Jamal J. Elias &#8211; Zikr-i Dervi\u015f\u00e2ne\u2019den Div\u00e2n Musikisine Kadar Osmanl\u0131lar Devrinde Sem\u00e2\u2019ya Bir Bak\u0131\u015f Osmanl\u0131 Devleti\u2019ne Bak\u0131\u015f Ahmet Turan Alkan &#8211; Herkesin \u201cOsmanl\u0131\u201ds\u0131 Kendine A\u00e7\u0131koturum &#8211; \u0130deal \u2018Osmanl\u0131\u2019 Yok Ahmet Kuya\u015f &#8211; Osmanl\u0131-T\u00fcrk Modernle\u015fmesi ve Ordunun Siyasetteki Yeri \u00dczerine Christoph K. Neumann &#8211; Devletin Ad\u0131 Yok \u2013 Bir Amblemin Okunmas\u0131 \u0130smail Kara &#8211; Felsefe ve Tefels\u00fcf Kitap Nejat G\u00f6y\u00fcn\u00e7 &#8211; 16. Y\u00fczy\u0131lda Avrupa\u2019da T\u00fcrkler \u0130le \u0130lgili Yay\u0131nlar \ufffcTan\u0131t\u0131m Metni<\/p>\n","protected":false},"excerpt":{"rendered":"<p>\u0130ki Osmanl\u0131 Klasi\u011fi Gelibolulu Mustafa \u00c2li &#8211; K\u00fcnh \u00fcl-ahbar Sel\u00e2nik\u00ee Mustafa Efendi &#8211; Tarih-i Sel\u00e2nik\u00ee Kurulu\u015fa Dair Halil \u0130nalc\u0131k \u0130le S\u00f6yle\u015fi &#8211; Osmanl\u0131 Tarihi En \u00c7ok<span class=\"excerpt-hellip\"> [\u2026]<\/span><\/p>\n","protected":false},"featured_media":0,"template":"","meta":{"_monsterinsights_skip_tracking":false,"_monsterinsights_sitenote_active":false,"_monsterinsights_sitenote_note":"","_monsterinsights_sitenote_category":0},"product_brand":[],"product_cat":[13517,12304],"product_tag":[],"class_list":{"0":"post-694224","1":"product","2":"type-product","3":"status-publish","5":"product_cat-osmanli-tarihi","6":"product_cat-tarih","7":"pa_cilt-ciltsiz","8":"pa_tur-dergi","9":"pa_yayinevi-yapi-kredi-yayinlari-dergi","10":"pa_yazar-kolektif","12":"first","13":"instock","14":"sale","15":"shipping-taxable","16":"purchasable","17":"product-type-simple"},"_links":{"self":[{"href":"https:\/\/roveyayinevi.com.tr\/index.php\/wp-json\/wp\/v2\/product\/694224","targetHints":{"allow":["GET"]}}],"collection":[{"href":"https:\/\/roveyayinevi.com.tr\/index.php\/wp-json\/wp\/v2\/product"}],"about":[{"href":"https:\/\/roveyayinevi.com.tr\/index.php\/wp-json\/wp\/v2\/types\/product"}],"wp:attachment":[{"href":"https:\/\/roveyayinevi.com.tr\/index.php\/wp-json\/wp\/v2\/media?parent=694224"}],"wp:term":[{"taxonomy":"product_brand","embeddable":true,"href":"https:\/\/roveyayinevi.com.tr\/index.php\/wp-json\/wp\/v2\/product_brand?post=694224"},{"taxonomy":"product_cat","embeddable":true,"href":"https:\/\/roveyayinevi.com.tr\/index.php\/wp-json\/wp\/v2\/product_cat?post=694224"},{"taxonomy":"product_tag","embeddable":true,"href":"https:\/\/roveyayinevi.com.tr\/index.php\/wp-json\/wp\/v2\/product_tag?post=694224"}],"curies":[{"name":"wp","href":"https:\/\/api.w.org\/{rel}","templated":true}]}}