{"id":694217,"date":"2025-08-27T14:19:23","date_gmt":"2025-08-27T11:19:23","guid":{"rendered":"https:\/\/roveyayinevi.com.tr\/index.php\/urun\/talihli-jim\/"},"modified":"2026-04-16T02:04:00","modified_gmt":"2026-04-15T23:04:00","slug":"talihli-jim","status":"publish","type":"product","link":"https:\/\/roveyayinevi.com.tr\/index.php\/urun\/talihli-jim\/","title":{"rendered":"Talihli Jim"},"content":{"rendered":"<p>\u0130ngiliz komedyas\u0131n\u0131n parlak bir \u015faheseri olan Talihli Jim, toplumun beklentilerine meydan okuyan ve kendi yolunu \u00e7izen gen\u00e7 bir akademisyenin hik\u00e2yesini sunuyor. Jim Dixon, monoton bir \u00fcniversite ya\u015fam\u0131n\u0131n i\u00e7inde s\u0131k\u0131\u015fm\u0131\u015f ve i\u015f hayat\u0131n\u0131n getirdi\u011fi y\u00fcklerle bo\u011fu\u015furken, kendisini bir dizi talihsizlik ve abs\u00fcrd durumun i\u00e7inde bulur. Amis, ac\u0131mas\u0131z mizah anlay\u0131\u015f\u0131 ve keskin g\u00f6zlemleriyle, modern \u0130ngiliz toplumu ve akademik \u00e7evrelerin iki y\u00fczl\u00fcl\u00fc\u011f\u00fcn\u00fc ba\u015far\u0131yla ele\u015ftirirken, Dixon\u2019\u0131n hik\u00e2yesiyle okuru hem g\u00fcld\u00fcren hem de d\u00fc\u015f\u00fcnd\u00fcren bir roman ortaya koyar. Talihli Jim, hem zekice bir toplumsal ele\u015ftiri hem de unutulmaz bir karakterin aray\u0131\u015f \u00f6yk\u00fcs\u00fc olarak 20. y\u00fczy\u0131l \u0130ngiliz edebiyat\u0131n\u0131n \u015faheserlerinden. \u201cMasumiyet ile deneyimin benzersiz bir bire\u015fimi olan Talihli Jim, hi\u00e7 eskimeyecek bir mizah \u00fcr\u00fcn\u00fc.\u201d Christopher Hitchens<\/p>\n","protected":false},"excerpt":{"rendered":"<p>\u0130ngiliz komedyas\u0131n\u0131n parlak bir \u015faheseri olan Talihli Jim, toplumun beklentilerine meydan okuyan ve kendi yolunu \u00e7izen gen\u00e7 bir akademisyenin hik\u00e2yesini sunuyor. Jim Dixon, monoton bir \u00fcniversite<span class=\"excerpt-hellip\"> [\u2026]<\/span><\/p>\n","protected":false},"featured_media":0,"template":"","meta":{"_monsterinsights_skip_tracking":false,"_monsterinsights_sitenote_active":false,"_monsterinsights_sitenote_note":"","_monsterinsights_sitenote_category":0},"product_brand":[],"product_cat":[12291,12866],"product_tag":[],"class_list":{"0":"post-694217","1":"product","2":"type-product","3":"status-publish","5":"product_cat-edebiyat","6":"product_cat-ingiliz-edebiyati","7":"pa_cilt-ciltsiz","8":"pa_tur-kitap","9":"pa_yayinevi-iletisim-yayinlari","10":"pa_yazar-kingsley-amis","12":"first","13":"instock","14":"sale","15":"shipping-taxable","16":"purchasable","17":"product-type-simple"},"_links":{"self":[{"href":"https:\/\/roveyayinevi.com.tr\/index.php\/wp-json\/wp\/v2\/product\/694217","targetHints":{"allow":["GET"]}}],"collection":[{"href":"https:\/\/roveyayinevi.com.tr\/index.php\/wp-json\/wp\/v2\/product"}],"about":[{"href":"https:\/\/roveyayinevi.com.tr\/index.php\/wp-json\/wp\/v2\/types\/product"}],"wp:attachment":[{"href":"https:\/\/roveyayinevi.com.tr\/index.php\/wp-json\/wp\/v2\/media?parent=694217"}],"wp:term":[{"taxonomy":"product_brand","embeddable":true,"href":"https:\/\/roveyayinevi.com.tr\/index.php\/wp-json\/wp\/v2\/product_brand?post=694217"},{"taxonomy":"product_cat","embeddable":true,"href":"https:\/\/roveyayinevi.com.tr\/index.php\/wp-json\/wp\/v2\/product_cat?post=694217"},{"taxonomy":"product_tag","embeddable":true,"href":"https:\/\/roveyayinevi.com.tr\/index.php\/wp-json\/wp\/v2\/product_tag?post=694217"}],"curies":[{"name":"wp","href":"https:\/\/api.w.org\/{rel}","templated":true}]}}