{"id":694198,"date":"2025-08-27T14:19:18","date_gmt":"2025-08-27T11:19:18","guid":{"rendered":"https:\/\/roveyayinevi.com.tr\/index.php\/urun\/cingene\/"},"modified":"2026-04-16T02:03:59","modified_gmt":"2026-04-15T23:03:59","slug":"cingene","status":"publish","type":"product","link":"https:\/\/roveyayinevi.com.tr\/index.php\/urun\/cingene\/","title":{"rendered":"\u00c7ingene"},"content":{"rendered":"<p>D\u00f6neminin \u00e7arp\u0131t\u0131lm\u0131\u015f t\u00fcm toplumsal \u00f6n yarg\u0131lar\u0131na ve hurafelerine kar\u015f\u0131 farkl\u0131 bir bak\u0131\u015f a\u00e7\u0131s\u0131 getirerek her f\u0131rsatta halk\u0131n\u0131 h\u00fcmanist bir yakla\u015f\u0131mla ayd\u0131nlatma \u00e7abas\u0131 i\u00e7inde olan Ahmet Mithat Efendi, &#8216;\u00c7ingene&#8217; isimli bu eserinde yine naho\u015f fakat dikkat \u00e7ekilmesi gereken bir noktaya parmak bas\u0131yor: Irk ayr\u0131mc\u0131l\u0131\u011f\u0131.Toplumsal ayr\u0131\u015f\u0131m\u0131n \u00f6n\u00fcne sadece entelekt\u00fcalizm ile ge\u00e7ilebilece\u011fini mant\u0131ksal ak\u0131l y\u00fcr\u00fctmelerle ispat etti\u011fi bu eserinde Ahmet Mithat Efendi, e\u015fitlik kavram\u0131n\u0131n \u0131rk temeli \u00fczerine kurulmas\u0131na isyan ediyor; insan denilen mahl\u00fbkun yarad\u0131l\u0131\u015f\u00e7a birbirine denk oldu\u011funu, medeni olman\u0131n ise e\u011fitim ve g\u00f6rg\u00fc ile m\u00fcmk\u00fcn olabilece\u011fini, dolay\u0131s\u0131yla fertler aras\u0131nda e\u015fitli\u011fin de\u011fil ama farkl\u0131l\u0131\u011f\u0131n ancak bu a\u00e7\u0131dan g\u00f6zetilebilece\u011fini ortaya koyuyor.\u00c7ingene, tam 122 y\u0131l \u00f6nce Ahmet Mithat Efendi taraf\u0131ndan b\u00fcy\u00fck bir ustal\u0131kla kaleme al\u0131nd\u0131ktan sonra ilk defa g\u00fcn\u00fcm\u00fcz okuruna kazand\u0131r\u0131lan ve ibretle okunmas\u0131 gereken bir yap\u0131t. <\/p>\n","protected":false},"excerpt":{"rendered":"<p>D\u00f6neminin \u00e7arp\u0131t\u0131lm\u0131\u015f t\u00fcm toplumsal \u00f6n yarg\u0131lar\u0131na ve hurafelerine kar\u015f\u0131 farkl\u0131 bir bak\u0131\u015f a\u00e7\u0131s\u0131 getirerek her f\u0131rsatta halk\u0131n\u0131 h\u00fcmanist bir yakla\u015f\u0131mla ayd\u0131nlatma \u00e7abas\u0131 i\u00e7inde olan Ahmet Mithat<span class=\"excerpt-hellip\"> [\u2026]<\/span><\/p>\n","protected":false},"featured_media":0,"template":"","meta":{"_monsterinsights_skip_tracking":false,"_monsterinsights_sitenote_active":false,"_monsterinsights_sitenote_note":"","_monsterinsights_sitenote_category":0},"product_brand":[],"product_cat":[12291,12292],"product_tag":[],"class_list":{"0":"post-694198","1":"product","2":"type-product","3":"status-publish","5":"product_cat-edebiyat","6":"product_cat-turk-edebiyati","7":"pa_cilt-ciltsiz","8":"pa_tur-kitap","9":"pa_yayinevi-sel-yayincilik","10":"pa_yazar-ahmet-mithat-efendi","12":"first","13":"instock","14":"sale","15":"shipping-taxable","16":"purchasable","17":"product-type-simple"},"_links":{"self":[{"href":"https:\/\/roveyayinevi.com.tr\/index.php\/wp-json\/wp\/v2\/product\/694198","targetHints":{"allow":["GET"]}}],"collection":[{"href":"https:\/\/roveyayinevi.com.tr\/index.php\/wp-json\/wp\/v2\/product"}],"about":[{"href":"https:\/\/roveyayinevi.com.tr\/index.php\/wp-json\/wp\/v2\/types\/product"}],"wp:attachment":[{"href":"https:\/\/roveyayinevi.com.tr\/index.php\/wp-json\/wp\/v2\/media?parent=694198"}],"wp:term":[{"taxonomy":"product_brand","embeddable":true,"href":"https:\/\/roveyayinevi.com.tr\/index.php\/wp-json\/wp\/v2\/product_brand?post=694198"},{"taxonomy":"product_cat","embeddable":true,"href":"https:\/\/roveyayinevi.com.tr\/index.php\/wp-json\/wp\/v2\/product_cat?post=694198"},{"taxonomy":"product_tag","embeddable":true,"href":"https:\/\/roveyayinevi.com.tr\/index.php\/wp-json\/wp\/v2\/product_tag?post=694198"}],"curies":[{"name":"wp","href":"https:\/\/api.w.org\/{rel}","templated":true}]}}