{"id":694189,"date":"2025-08-27T14:19:16","date_gmt":"2025-08-27T11:19:16","guid":{"rendered":"https:\/\/roveyayinevi.com.tr\/index.php\/urun\/odullerim\/"},"modified":"2026-04-16T02:03:59","modified_gmt":"2026-04-15T23:03:59","slug":"odullerim","status":"publish","type":"product","link":"https:\/\/roveyayinevi.com.tr\/index.php\/urun\/odullerim\/","title":{"rendered":"\u00d6d\u00fcllerim"},"content":{"rendered":"<p>Yazar\u0131n \u00f6l\u00fcm\u00fcn\u00fcn 20. y\u0131ld\u00f6n\u00fcm\u00fcnde ilk kez yay\u0131mlanan \u00d6D\u00dcLLER\u0130M\u2019de, Thomas Bernhard ald\u0131\u011f\u0131 \u00f6d\u00fcllerin \u00f6yk\u00fcs\u00fcn\u00fc ve \u00f6d\u00fcl deneyimlerini alayc\u0131 bir dille aktar\u0131rken edebiyat sahnesine \u00f6fke dolu, ironik bak\u0131\u015f\u0131yla b\u00fct\u00fcn insanl\u0131\u011f\u0131 paylad\u0131\u011f\u0131 gibi ki\u015fisel zaaflar\u0131n\u0131 \u00f6rtmeksizin kendini de onaylamad\u0131\u011f\u0131n\u0131 muzip\u00e7e a\u00e7\u0131\u011fa vuran, eskiz niteli\u011finde kara kalem otoportresini sunuyor. Bu otoportre, Bernhard\u2019\u0131n ilk roman\u0131 DON\u2019un yay\u0131mlanmas\u0131 s\u00fcrecinde tan\u0131nmas\u0131 ve edebiyattan b\u00fct\u00fcn\u00fcyle so\u011fumas\u0131, edebiyat d\u00fcnyas\u0131na ili\u015fkin umutsuzlu\u011fa kap\u0131lmas\u0131yla ba\u015flayan, Alman Dil ve Edebiyat Akademisi\u2019nden istifas\u0131yla sona eren kronolojide, \u201c\u00f6d\u00fcl sahibi yazar\u201d kimli\u011fi \u00e7er\u00e7evesinde ki\u015fisel tarihine odaklan\u0131yor.\u00d6d\u00fcllerim\u2019de Bernhard, yazarl\u0131\u011f\u0131n\u0131 ve yap\u0131t\u0131n\u0131 \u201conurland\u0131ran\u201d edebiyat \u00f6d\u00fcllerine dair ge\u00e7mi\u015fiyle hesapla\u015farak bir bilan\u00e7o \u00e7\u0131kar\u0131yor; d\u00fcnyayla, k\u00fclt\u00fcr b\u00fcrokrasisiyle ve k\u00fclt\u00fcr d\u00fcnyas\u0131yla, \u00f6zellikle de kendisiyle a\u011f\u0131z dala\u015f\u0131na giriyor&#8230;. para d\u00fc\u015fk\u00fcn\u00fcy\u00fcm, karaktersizim, ben de bir domuzum &#8230; Paray\u0131 alaca\u011f\u0131m, \u00e7\u00fcnk\u00fc her y\u0131l milyonlar\u0131 de\u011fil milyarlar\u0131 anlams\u0131zca pencereden f\u0131rlat\u0131p atan devletten para &#8211; n\u0131n al\u0131nmas\u0131 gerekir, vatanda\u015f\u0131n buna hakk\u0131 vard\u0131r, ben de budala de\u011filim. Thomas Bernhard, \u201cAvusturya Devlet Edebiyat \u00d6d\u00fcl\u00fc\u201d<\/p>\n","protected":false},"excerpt":{"rendered":"<p>Yazar\u0131n \u00f6l\u00fcm\u00fcn\u00fcn 20. y\u0131ld\u00f6n\u00fcm\u00fcnde ilk kez yay\u0131mlanan \u00d6D\u00dcLLER\u0130M\u2019de, Thomas Bernhard ald\u0131\u011f\u0131 \u00f6d\u00fcllerin \u00f6yk\u00fcs\u00fcn\u00fc ve \u00f6d\u00fcl deneyimlerini alayc\u0131 bir dille aktar\u0131rken edebiyat sahnesine \u00f6fke dolu, ironik bak\u0131\u015f\u0131yla<span class=\"excerpt-hellip\"> [\u2026]<\/span><\/p>\n","protected":false},"featured_media":0,"template":"","meta":{"_monsterinsights_skip_tracking":false,"_monsterinsights_sitenote_active":false,"_monsterinsights_sitenote_note":"","_monsterinsights_sitenote_category":0},"product_brand":[],"product_cat":[12777,12291],"product_tag":[],"class_list":{"0":"post-694189","1":"product","2":"type-product","3":"status-publish","5":"product_cat-deneme","6":"product_cat-edebiyat","7":"pa_cilt-ciltsiz","8":"pa_tur-kitap","9":"pa_yayinevi-yapi-kredi-yayinlari","10":"pa_yazar-thomas-bernhard","12":"first","13":"instock","14":"sale","15":"shipping-taxable","16":"purchasable","17":"product-type-simple"},"_links":{"self":[{"href":"https:\/\/roveyayinevi.com.tr\/index.php\/wp-json\/wp\/v2\/product\/694189","targetHints":{"allow":["GET"]}}],"collection":[{"href":"https:\/\/roveyayinevi.com.tr\/index.php\/wp-json\/wp\/v2\/product"}],"about":[{"href":"https:\/\/roveyayinevi.com.tr\/index.php\/wp-json\/wp\/v2\/types\/product"}],"wp:attachment":[{"href":"https:\/\/roveyayinevi.com.tr\/index.php\/wp-json\/wp\/v2\/media?parent=694189"}],"wp:term":[{"taxonomy":"product_brand","embeddable":true,"href":"https:\/\/roveyayinevi.com.tr\/index.php\/wp-json\/wp\/v2\/product_brand?post=694189"},{"taxonomy":"product_cat","embeddable":true,"href":"https:\/\/roveyayinevi.com.tr\/index.php\/wp-json\/wp\/v2\/product_cat?post=694189"},{"taxonomy":"product_tag","embeddable":true,"href":"https:\/\/roveyayinevi.com.tr\/index.php\/wp-json\/wp\/v2\/product_tag?post=694189"}],"curies":[{"name":"wp","href":"https:\/\/api.w.org\/{rel}","templated":true}]}}