{"id":694182,"date":"2025-08-27T14:19:14","date_gmt":"2025-08-27T11:19:14","guid":{"rendered":"https:\/\/roveyayinevi.com.tr\/index.php\/urun\/ingiliz-posta-arabasi\/"},"modified":"2026-04-16T02:03:59","modified_gmt":"2026-04-15T23:03:59","slug":"ingiliz-posta-arabasi","status":"publish","type":"product","link":"https:\/\/roveyayinevi.com.tr\/index.php\/urun\/ingiliz-posta-arabasi\/","title":{"rendered":"\u0130ngiliz Posta Arabas\u0131"},"content":{"rendered":"<p>\u0130ngiliz Posta Arabas\u0131 19. y\u00fczy\u0131l \u0130ngiliz deneme yazar\u0131 ve ele\u015ftirmenlerinden Thomas de Quincey&#8217;nin ba\u015f\u0131ndan ge\u00e7en olaylardan yararlanarak yazd\u0131\u011f\u0131 ilgin\u00e7 yap\u0131tlar\u0131ndan biridir. Ad\u0131n\u0131 ilk kez 1821&#8217;de yay\u0131mlad\u0131\u011f\u0131 bir \u0130ngiliz Afyonke\u015fin \u0130tiraflar\u0131 denemesiyle duyuran De Quincey, \u0130ngiliz Posta Arabas\u0131 nda gen\u00e7lik y\u0131llar\u0131nda k\u0131lpay\u0131 kurtuldu\u011fu bir araba kazas\u0131nda \u00f6l\u00fcmle y\u00fcz y\u00fcze geli\u015finin d\u00fc\u015f g\u00fcc\u00fcn\u00fc nas\u0131l harekete ge\u00e7irdi\u011fini \u00e7arp\u0131c\u0131 bir \u00e7a\u011fr\u0131\u015f\u0131m zenginli\u011fiyle dile getirir. Oxford \u00dcniversitesi&#8217;nde \u00f6\u011frenci oldu\u011fu y\u0131llarda yapt\u0131\u011f\u0131 araba yolculuklar\u0131 onun i\u00e7in yaln\u0131zca \u00fcniversite \u00f6\u011frencileriyle \u00f6b\u00fcr yolcular aras\u0131ndaki s\u0131n\u0131fsal ayr\u0131mlar\u0131n ayr\u0131nt\u0131lar\u0131n\u0131 de\u011fil, ayn\u0131 zamanda araban\u0131n h\u0131z\u0131, oturma yerlerinin \u00f6zellikleri ve \u015fiddetin korkun\u00e7lu\u011funu ger\u00e7ek\u00fcst\u00fcc\u00fc bir dille anlatmas\u0131 i\u00e7in bir \u00e7\u0131k\u0131\u015f noktas\u0131d\u0131r. Gene b\u00f6yle bir posta arabas\u0131n\u0131n \u0130ngiliz saray\u0131 taraf\u0131ndan \u00c7in \u0130mparatoruna arma\u011fan edilmesinin yol a\u00e7t\u0131\u011f\u0131 garip olaylar De Quincey&#8217;nin elinde nerdeyse Bin Bir Gece Masallar\u0131 n\u0131n s\u00fcr\u00fckleyici anlat\u0131m\u0131yla okurlara aktar\u0131l\u0131r.<\/p>\n","protected":false},"excerpt":{"rendered":"<p>\u0130ngiliz Posta Arabas\u0131 19. y\u00fczy\u0131l \u0130ngiliz deneme yazar\u0131 ve ele\u015ftirmenlerinden Thomas de Quincey&#8217;nin ba\u015f\u0131ndan ge\u00e7en olaylardan yararlanarak yazd\u0131\u011f\u0131 ilgin\u00e7 yap\u0131tlar\u0131ndan biridir. Ad\u0131n\u0131 ilk kez 1821&#8217;de yay\u0131mlad\u0131\u011f\u0131<span class=\"excerpt-hellip\"> [\u2026]<\/span><\/p>\n","protected":false},"featured_media":0,"template":"","meta":{"_monsterinsights_skip_tracking":false,"_monsterinsights_sitenote_active":false,"_monsterinsights_sitenote_note":"","_monsterinsights_sitenote_category":0},"product_brand":[],"product_cat":[12291,12866],"product_tag":[],"class_list":{"0":"post-694182","1":"product","2":"type-product","3":"status-publish","5":"product_cat-edebiyat","6":"product_cat-ingiliz-edebiyati","7":"pa_cilt-ciltsiz","8":"pa_tur-kitap","9":"pa_yayinevi-yapi-kredi-yayinlari","10":"pa_yazar-thomas-de-quincey","12":"first","13":"instock","14":"sale","15":"shipping-taxable","16":"purchasable","17":"product-type-simple"},"_links":{"self":[{"href":"https:\/\/roveyayinevi.com.tr\/index.php\/wp-json\/wp\/v2\/product\/694182","targetHints":{"allow":["GET"]}}],"collection":[{"href":"https:\/\/roveyayinevi.com.tr\/index.php\/wp-json\/wp\/v2\/product"}],"about":[{"href":"https:\/\/roveyayinevi.com.tr\/index.php\/wp-json\/wp\/v2\/types\/product"}],"wp:attachment":[{"href":"https:\/\/roveyayinevi.com.tr\/index.php\/wp-json\/wp\/v2\/media?parent=694182"}],"wp:term":[{"taxonomy":"product_brand","embeddable":true,"href":"https:\/\/roveyayinevi.com.tr\/index.php\/wp-json\/wp\/v2\/product_brand?post=694182"},{"taxonomy":"product_cat","embeddable":true,"href":"https:\/\/roveyayinevi.com.tr\/index.php\/wp-json\/wp\/v2\/product_cat?post=694182"},{"taxonomy":"product_tag","embeddable":true,"href":"https:\/\/roveyayinevi.com.tr\/index.php\/wp-json\/wp\/v2\/product_tag?post=694182"}],"curies":[{"name":"wp","href":"https:\/\/api.w.org\/{rel}","templated":true}]}}