{"id":694169,"date":"2025-08-27T14:19:12","date_gmt":"2025-08-27T11:19:12","guid":{"rendered":"https:\/\/roveyayinevi.com.tr\/index.php\/urun\/gri-hikayeler\/"},"modified":"2026-04-16T02:03:59","modified_gmt":"2026-04-15T23:03:59","slug":"gri-hikayeler","status":"publish","type":"product","link":"https:\/\/roveyayinevi.com.tr\/index.php\/urun\/gri-hikayeler\/","title":{"rendered":"Gri Hikayeler"},"content":{"rendered":"<p>kapmada ba\u015far\u0131l\u0131 ka\u00e7mada yaral\u0131 bir a\u00e7 gibi uzan\u0131rken hayat\u0131n doludizgin damarlar\u0131na,  seni \u00f6zlemenin uzun bir c\u00fcmle oldu\u011fu bu k\u0131sa sat\u0131rda evet evet, mektubunu yeni a\u00e7m\u0131\u015f okuyucular i\u00e7in tekrar tekrar yazmak seni \u00f6zleyebilmeyi k\u0131saca defalarca bu sat\u0131rda -ki ah bir bilsen ameliyatla ald\u0131ramad\u0131\u011f\u0131m bu hissi,  bu hissin ard\u0131nda b\u0131rakt\u0131\u011f\u0131 tanr\u0131sal sisi- ve ayn\u0131 sat\u0131rla kesip atmak y\u00fcz\u00fck parmaklar\u0131n\u0131 t\u00fcm yery\u00fcz\u00fcnden..  kesip yan\u0131na bir de yanm\u0131\u015f bir orman ili\u015ftirip resmi sevi\u015fmene paketleyip g\u00f6ndermek bir gece sana..  yollar\u0131 t\u0131kal\u0131 itfaiye ara\u00e7lar\u0131nca..<\/p>\n","protected":false},"excerpt":{"rendered":"<p>kapmada ba\u015far\u0131l\u0131 ka\u00e7mada yaral\u0131 bir a\u00e7 gibi uzan\u0131rken hayat\u0131n doludizgin damarlar\u0131na, seni \u00f6zlemenin uzun bir c\u00fcmle oldu\u011fu bu k\u0131sa sat\u0131rda evet evet, mektubunu yeni a\u00e7m\u0131\u015f okuyucular<span class=\"excerpt-hellip\"> [\u2026]<\/span><\/p>\n","protected":false},"featured_media":0,"template":"","meta":{"_monsterinsights_skip_tracking":false,"_monsterinsights_sitenote_active":false,"_monsterinsights_sitenote_note":"","_monsterinsights_sitenote_category":0},"product_brand":[],"product_cat":[12291,12509],"product_tag":[],"class_list":{"0":"post-694169","1":"product","2":"type-product","3":"status-publish","5":"product_cat-edebiyat","6":"product_cat-siir","7":"pa_cilt-ciltsiz","8":"pa_tur-kitap","9":"pa_yayinevi-yitik-ulke-yayinlari","10":"pa_yazar-goksel-bekmezci","12":"first","13":"instock","14":"sale","15":"shipping-taxable","16":"purchasable","17":"product-type-simple"},"_links":{"self":[{"href":"https:\/\/roveyayinevi.com.tr\/index.php\/wp-json\/wp\/v2\/product\/694169","targetHints":{"allow":["GET"]}}],"collection":[{"href":"https:\/\/roveyayinevi.com.tr\/index.php\/wp-json\/wp\/v2\/product"}],"about":[{"href":"https:\/\/roveyayinevi.com.tr\/index.php\/wp-json\/wp\/v2\/types\/product"}],"wp:attachment":[{"href":"https:\/\/roveyayinevi.com.tr\/index.php\/wp-json\/wp\/v2\/media?parent=694169"}],"wp:term":[{"taxonomy":"product_brand","embeddable":true,"href":"https:\/\/roveyayinevi.com.tr\/index.php\/wp-json\/wp\/v2\/product_brand?post=694169"},{"taxonomy":"product_cat","embeddable":true,"href":"https:\/\/roveyayinevi.com.tr\/index.php\/wp-json\/wp\/v2\/product_cat?post=694169"},{"taxonomy":"product_tag","embeddable":true,"href":"https:\/\/roveyayinevi.com.tr\/index.php\/wp-json\/wp\/v2\/product_tag?post=694169"}],"curies":[{"name":"wp","href":"https:\/\/api.w.org\/{rel}","templated":true}]}}