{"id":694165,"date":"2025-08-27T14:19:11","date_gmt":"2025-08-27T11:19:11","guid":{"rendered":"https:\/\/roveyayinevi.com.tr\/index.php\/urun\/dogu-anadolu-kulturu-uzerine-bir-inceleme\/"},"modified":"2026-04-16T02:03:59","modified_gmt":"2026-04-15T23:03:59","slug":"dogu-anadolu-kulturu-uzerine-bir-inceleme","status":"publish","type":"product","link":"https:\/\/roveyayinevi.com.tr\/index.php\/urun\/dogu-anadolu-kulturu-uzerine-bir-inceleme\/","title":{"rendered":"Do\u011fu Anadolu K\u00fclt\u00fcr\u00fc \u00dczerine Bir \u0130nceleme"},"content":{"rendered":"<p>Bu kitapta yazar genel uygulaman\u0131n aksine masa ba\u015f\u0131ndan toplumu anlamak yerine saha \u00e7al\u0131\u015fmas\u0131yla Do\u011fu Anadolu\u2019nun sosyal yap\u0131s\u0131n\u0131 anlamland\u0131rmaya \u00e7al\u0131\u015fmaktad\u0131r. Ayr\u0131ca bu eser sosyal yap\u0131y\u0131 anlamland\u0131rma \u00e7abas\u0131n\u0131n yan\u0131nda pozitivist sosyoloji gelene\u011fine bir ba\u015fkald\u0131r\u0131 niteli\u011fi ta\u015f\u0131maktad\u0131r. <\/p>\n","protected":false},"excerpt":{"rendered":"<p>Bu kitapta yazar genel uygulaman\u0131n aksine masa ba\u015f\u0131ndan toplumu anlamak yerine saha \u00e7al\u0131\u015fmas\u0131yla Do\u011fu Anadolu\u2019nun sosyal yap\u0131s\u0131n\u0131 anlamland\u0131rmaya \u00e7al\u0131\u015fmaktad\u0131r. Ayr\u0131ca bu eser sosyal yap\u0131y\u0131 anlamland\u0131rma \u00e7abas\u0131n\u0131n<span class=\"excerpt-hellip\"> [\u2026]<\/span><\/p>\n","protected":false},"featured_media":0,"template":"","meta":{"_monsterinsights_skip_tracking":false,"_monsterinsights_sitenote_active":false,"_monsterinsights_sitenote_note":"","_monsterinsights_sitenote_category":0},"product_brand":[],"product_cat":[13633,12324],"product_tag":[],"class_list":{"0":"post-694165","1":"product","2":"type-product","3":"status-publish","5":"product_cat-kultur-ve-bilim","6":"product_cat-sosyoloji","7":"pa_tur-kitap","8":"pa_yayinevi-yeni-insan-yayinlari","9":"pa_yazar-mustafa-aksoy","11":"first","12":"instock","13":"sale","14":"shipping-taxable","15":"purchasable","16":"product-type-simple"},"_links":{"self":[{"href":"https:\/\/roveyayinevi.com.tr\/index.php\/wp-json\/wp\/v2\/product\/694165","targetHints":{"allow":["GET"]}}],"collection":[{"href":"https:\/\/roveyayinevi.com.tr\/index.php\/wp-json\/wp\/v2\/product"}],"about":[{"href":"https:\/\/roveyayinevi.com.tr\/index.php\/wp-json\/wp\/v2\/types\/product"}],"wp:attachment":[{"href":"https:\/\/roveyayinevi.com.tr\/index.php\/wp-json\/wp\/v2\/media?parent=694165"}],"wp:term":[{"taxonomy":"product_brand","embeddable":true,"href":"https:\/\/roveyayinevi.com.tr\/index.php\/wp-json\/wp\/v2\/product_brand?post=694165"},{"taxonomy":"product_cat","embeddable":true,"href":"https:\/\/roveyayinevi.com.tr\/index.php\/wp-json\/wp\/v2\/product_cat?post=694165"},{"taxonomy":"product_tag","embeddable":true,"href":"https:\/\/roveyayinevi.com.tr\/index.php\/wp-json\/wp\/v2\/product_tag?post=694165"}],"curies":[{"name":"wp","href":"https:\/\/api.w.org\/{rel}","templated":true}]}}