{"id":694117,"date":"2025-08-27T14:19:00","date_gmt":"2025-08-27T11:19:00","guid":{"rendered":"https:\/\/roveyayinevi.com.tr\/index.php\/urun\/ortacagda-islam-ve-seyahat\/"},"modified":"2026-04-16T02:03:58","modified_gmt":"2026-04-15T23:03:58","slug":"ortacagda-islam-ve-seyahat","status":"publish","type":"product","link":"https:\/\/roveyayinevi.com.tr\/index.php\/urun\/ortacagda-islam-ve-seyahat\/","title":{"rendered":"Orta\u00e7a\u011fda \u0130slam ve Seyahat"},"content":{"rendered":"<p>Hadis uzmanlar\u0131n\u0131n kendi inan\u00e7 co\u011frafyalar\u0131nda, \u0130slami bilginin silsileye dayal\u0131 bir bilgi olarak kurumla\u015fmas\u0131 fikriyle ba\u015flatt\u0131klar\u0131 r\u0131hle &#8211; seyahat: entelekt\u00fcel bir zorunluluk, kimliklerini arama yolunda bilginlere verilmi\u015f bir g\u00f6rev, bir hayat disiplini&#8230;Houari Touati, 8. y\u00fczy\u0131ldan 12. y\u00fczy\u0131la uzanan bir zaman dilimindeki seyahatnamelerin kronolojik derlemesini yaparken seyahatin nedenleri ve sonu\u00e7lar\u0131n\u0131 da k\u00fclt\u00fcrel, d\u00fc\u015f\u00fcnsel bir s\u0131n\u0131fland\u0131rma \u00e7er\u00e7evesinde yorumluyor.&#8221;T\u00fcrk olarak Bat\u0131l\u0131 tarzda \u00d6teki&#8217;nin aynas\u0131nda kendi kimli\u011fini ke\u015ffetmek i\u00e7in yola \u00e7\u0131kan seyyahlarla de\u011fil, kendini olmas\u0131 gerekenle kar\u015f\u0131la\u015ft\u0131r\u0131p d\u00fczeltmeye \u00e7al\u0131\u015fan seyyahlarla kar\u015f\u0131 kar\u015f\u0131yay\u0131z.&#8221; <\/p>\n","protected":false},"excerpt":{"rendered":"<p>Hadis uzmanlar\u0131n\u0131n kendi inan\u00e7 co\u011frafyalar\u0131nda, \u0130slami bilginin silsileye dayal\u0131 bir bilgi olarak kurumla\u015fmas\u0131 fikriyle ba\u015flatt\u0131klar\u0131 r\u0131hle &#8211; seyahat: entelekt\u00fcel bir zorunluluk, kimliklerini arama yolunda bilginlere verilmi\u015f<span class=\"excerpt-hellip\"> [\u2026]<\/span><\/p>\n","protected":false},"featured_media":0,"template":"","meta":{"_monsterinsights_skip_tracking":false,"_monsterinsights_sitenote_active":false,"_monsterinsights_sitenote_note":"","_monsterinsights_sitenote_category":0},"product_brand":[],"product_cat":[12312,12304],"product_tag":[],"class_list":{"0":"post-694117","1":"product","2":"type-product","3":"status-publish","5":"product_cat-diger","6":"product_cat-tarih","7":"pa_cilt-ciltsiz","8":"pa_tur-kitap","9":"pa_yayinevi-yapi-kredi-yayinlari","10":"pa_yazar-houari-touati","12":"first","13":"instock","14":"sale","15":"shipping-taxable","16":"purchasable","17":"product-type-simple"},"_links":{"self":[{"href":"https:\/\/roveyayinevi.com.tr\/index.php\/wp-json\/wp\/v2\/product\/694117","targetHints":{"allow":["GET"]}}],"collection":[{"href":"https:\/\/roveyayinevi.com.tr\/index.php\/wp-json\/wp\/v2\/product"}],"about":[{"href":"https:\/\/roveyayinevi.com.tr\/index.php\/wp-json\/wp\/v2\/types\/product"}],"wp:attachment":[{"href":"https:\/\/roveyayinevi.com.tr\/index.php\/wp-json\/wp\/v2\/media?parent=694117"}],"wp:term":[{"taxonomy":"product_brand","embeddable":true,"href":"https:\/\/roveyayinevi.com.tr\/index.php\/wp-json\/wp\/v2\/product_brand?post=694117"},{"taxonomy":"product_cat","embeddable":true,"href":"https:\/\/roveyayinevi.com.tr\/index.php\/wp-json\/wp\/v2\/product_cat?post=694117"},{"taxonomy":"product_tag","embeddable":true,"href":"https:\/\/roveyayinevi.com.tr\/index.php\/wp-json\/wp\/v2\/product_tag?post=694117"}],"curies":[{"name":"wp","href":"https:\/\/api.w.org\/{rel}","templated":true}]}}