{"id":694109,"date":"2025-08-27T14:18:58","date_gmt":"2025-08-27T11:18:58","guid":{"rendered":"https:\/\/roveyayinevi.com.tr\/index.php\/urun\/henuz-vakit-varken-gulum\/"},"modified":"2026-04-16T02:03:57","modified_gmt":"2026-04-15T23:03:57","slug":"henuz-vakit-varken-gulum","status":"publish","type":"product","link":"https:\/\/roveyayinevi.com.tr\/index.php\/urun\/henuz-vakit-varken-gulum\/","title":{"rendered":"Hen\u00fcz Vakit Varken G\u00fcl\u00fcm"},"content":{"rendered":"<p>Hen\u00fcz vakit varken, g\u00fcl\u00fcm,Paris yan\u0131p y\u0131k\u0131lmadan,Hen\u00fcz vakit varken, g\u00fcl\u00fcm,Y\u00fcre\u011fim dal\u0131ndayken hen\u00fcz,Ben bir gece, \u015fu May\u0131s gecelerinden biriVolter R\u0131ht\u0131m\u0131\u2019nda dayay\u0131p seni duvara \u00d6pmeliyim a\u011fz\u0131ndan Sonra d\u00f6n\u00fcp y\u00fcz\u00fcm\u00fcz\u00fc Notrdam\u2019a\u00c7i\u00e7e\u011fini seyretmeliyiz onun, Birden bana sar\u0131lmal\u0131s\u0131n, g\u00fcl\u00fcm,Korkudan, hayretten, sevin\u00e7ten Ve de sessiz sessiz a\u011flamal\u0131s\u0131n, Y\u0131ld\u0131zlar da \u00e7iselemeli\u0130ncecikten bir ya\u011fmurla kar\u0131\u015farak. <\/p>\n","protected":false},"excerpt":{"rendered":"<p>Hen\u00fcz vakit varken, g\u00fcl\u00fcm,Paris yan\u0131p y\u0131k\u0131lmadan,Hen\u00fcz vakit varken, g\u00fcl\u00fcm,Y\u00fcre\u011fim dal\u0131ndayken hen\u00fcz,Ben bir gece, \u015fu May\u0131s gecelerinden biriVolter R\u0131ht\u0131m\u0131\u2019nda dayay\u0131p seni duvara \u00d6pmeliyim a\u011fz\u0131ndan Sonra d\u00f6n\u00fcp y\u00fcz\u00fcm\u00fcz\u00fc<span class=\"excerpt-hellip\"> [\u2026]<\/span><\/p>\n","protected":false},"featured_media":0,"template":"","meta":{"_monsterinsights_skip_tracking":false,"_monsterinsights_sitenote_active":false,"_monsterinsights_sitenote_note":"","_monsterinsights_sitenote_category":0},"product_brand":[],"product_cat":[13835],"product_tag":[],"class_list":{"0":"post-694109","1":"product","2":"type-product","3":"status-publish","5":"product_cat-cok-satanlar","6":"pa_cilt-ciltsiz","7":"pa_tur-kitap","8":"pa_yayinevi-yapi-kredi-yayinlari","9":"pa_yazar-nazim-hikmet-ran","11":"first","12":"instock","13":"sale","14":"shipping-taxable","15":"purchasable","16":"product-type-simple"},"_links":{"self":[{"href":"https:\/\/roveyayinevi.com.tr\/index.php\/wp-json\/wp\/v2\/product\/694109","targetHints":{"allow":["GET"]}}],"collection":[{"href":"https:\/\/roveyayinevi.com.tr\/index.php\/wp-json\/wp\/v2\/product"}],"about":[{"href":"https:\/\/roveyayinevi.com.tr\/index.php\/wp-json\/wp\/v2\/types\/product"}],"wp:attachment":[{"href":"https:\/\/roveyayinevi.com.tr\/index.php\/wp-json\/wp\/v2\/media?parent=694109"}],"wp:term":[{"taxonomy":"product_brand","embeddable":true,"href":"https:\/\/roveyayinevi.com.tr\/index.php\/wp-json\/wp\/v2\/product_brand?post=694109"},{"taxonomy":"product_cat","embeddable":true,"href":"https:\/\/roveyayinevi.com.tr\/index.php\/wp-json\/wp\/v2\/product_cat?post=694109"},{"taxonomy":"product_tag","embeddable":true,"href":"https:\/\/roveyayinevi.com.tr\/index.php\/wp-json\/wp\/v2\/product_tag?post=694109"}],"curies":[{"name":"wp","href":"https:\/\/api.w.org\/{rel}","templated":true}]}}