{"id":694104,"date":"2025-08-27T14:18:57","date_gmt":"2025-08-27T11:18:57","guid":{"rendered":"https:\/\/roveyayinevi.com.tr\/index.php\/urun\/hazlar-ve-gunler\/"},"modified":"2026-04-16T02:03:57","modified_gmt":"2026-04-15T23:03:57","slug":"hazlar-ve-gunler","status":"publish","type":"product","link":"https:\/\/roveyayinevi.com.tr\/index.php\/urun\/hazlar-ve-gunler\/","title":{"rendered":"Hazlar ve G\u00fcnler"},"content":{"rendered":"<p>Marcel Proust\u2019un yirmili ya\u015flarda kaleme ald\u0131\u011f\u0131, k\u0131sa anlat\u0131lardan, \u015fiirlerden olu\u015fan yazar\u0131n opus magnum\u2019unun habercisidir. \u201cAnar\u015fistlere ili\u015fkin tart\u0131\u015fma daha vahimdi. Ama Mme Fremer bir do\u011fa yasas\u0131n\u0131n ka\u00e7\u0131n\u0131lmazl\u0131\u011f\u0131 kar\u015f\u0131s\u0131nda boyun e\u011fercesine, teslimiyetle, \u2018B\u00fct\u00fcn bunlar\u0131n ne yarar\u0131 var? Zenginler ve yoksullar daima var olacak\u2019 dedi yava\u015f\u00e7a. Ve en yoksulu en az\u0131ndan y\u00fcz bin frank ranta sahip olan b\u00fct\u00fcn davetliler bu ger\u00e7ekle y\u00fcz y\u00fcze gelince vicdan azaplar\u0131ndan kurtulup y\u00fcrekten bir ne\u015feyle son \u015fampanya kadehlerini de devirdiler\u2026\u201d<\/p>\n","protected":false},"excerpt":{"rendered":"<p>Marcel Proust\u2019un yirmili ya\u015flarda kaleme ald\u0131\u011f\u0131, k\u0131sa anlat\u0131lardan, \u015fiirlerden olu\u015fan yazar\u0131n opus magnum\u2019unun habercisidir. \u201cAnar\u015fistlere ili\u015fkin tart\u0131\u015fma daha vahimdi. Ama Mme Fremer bir do\u011fa yasas\u0131n\u0131n ka\u00e7\u0131n\u0131lmazl\u0131\u011f\u0131<span class=\"excerpt-hellip\"> [\u2026]<\/span><\/p>\n","protected":false},"featured_media":0,"template":"","meta":{"_monsterinsights_skip_tracking":false,"_monsterinsights_sitenote_active":false,"_monsterinsights_sitenote_note":"","_monsterinsights_sitenote_category":0},"product_brand":[],"product_cat":[18545,12291],"product_tag":[],"class_list":{"0":"post-694104","1":"product","2":"type-product","3":"status-publish","5":"product_cat-anlati","6":"product_cat-edebiyat","7":"pa_cilt-ciltsiz","8":"pa_tur-kitap","9":"pa_yayinevi-yapi-kredi-yayinlari","10":"pa_yazar-marcel-proust","12":"first","13":"instock","14":"sale","15":"shipping-taxable","16":"purchasable","17":"product-type-simple"},"_links":{"self":[{"href":"https:\/\/roveyayinevi.com.tr\/index.php\/wp-json\/wp\/v2\/product\/694104","targetHints":{"allow":["GET"]}}],"collection":[{"href":"https:\/\/roveyayinevi.com.tr\/index.php\/wp-json\/wp\/v2\/product"}],"about":[{"href":"https:\/\/roveyayinevi.com.tr\/index.php\/wp-json\/wp\/v2\/types\/product"}],"wp:attachment":[{"href":"https:\/\/roveyayinevi.com.tr\/index.php\/wp-json\/wp\/v2\/media?parent=694104"}],"wp:term":[{"taxonomy":"product_brand","embeddable":true,"href":"https:\/\/roveyayinevi.com.tr\/index.php\/wp-json\/wp\/v2\/product_brand?post=694104"},{"taxonomy":"product_cat","embeddable":true,"href":"https:\/\/roveyayinevi.com.tr\/index.php\/wp-json\/wp\/v2\/product_cat?post=694104"},{"taxonomy":"product_tag","embeddable":true,"href":"https:\/\/roveyayinevi.com.tr\/index.php\/wp-json\/wp\/v2\/product_tag?post=694104"}],"curies":[{"name":"wp","href":"https:\/\/api.w.org\/{rel}","templated":true}]}}