{"id":694101,"date":"2025-08-27T14:18:56","date_gmt":"2025-08-27T11:18:56","guid":{"rendered":"https:\/\/roveyayinevi.com.tr\/index.php\/urun\/hayyamin-teraneleri\/"},"modified":"2026-04-16T02:03:57","modified_gmt":"2026-04-15T23:03:57","slug":"hayyamin-teraneleri","status":"publish","type":"product","link":"https:\/\/roveyayinevi.com.tr\/index.php\/urun\/hayyamin-teraneleri\/","title":{"rendered":"Hayyam\u2019\u0131n Teraneleri"},"content":{"rendered":"<p>Sad\u0131k Hidayet&#8217;in tan\u0131d\u0131k kaleminden, filozof, bilgin ve \u015fair \u00d6mer Hayyam ve terane leri. \u00d6l\u00fcm\u00fc ve ya\u015fam\u0131 mant\u0131\u011fa, duygulara, g\u00f6zlemlere, ya\u015fam\u0131n ak\u0131\u015f\u0131na dayanark \u00e7\u00f6zmek isteyen Hayyam&#8217;\u0131n \u00e7ok y\u00f6nl\u00fc ki\u015fili\u011finin ve eserlerinin incelenmesiyle rubaileri bir arada. Hayyam&#8217;\u0131n Ter\u00e2neleri&#8217;nde \u015farab\u0131n buruk tad\u0131 ve iyimserli\u011fin s\u00fczgecinden dam\u0131t\u0131lan k\u00f6t\u00fcmserlik \u00e7\u0131\u011fl\u0131\u011f\u0131 unutulmad\u0131, unutulmayacak: Mutluluk i\u015fte. \u00c7\u00fcnk\u00fc \u00f6m\u00fcr dedi\u011fin bir and\u0131r. <\/p>\n","protected":false},"excerpt":{"rendered":"<p>Sad\u0131k Hidayet&#8217;in tan\u0131d\u0131k kaleminden, filozof, bilgin ve \u015fair \u00d6mer Hayyam ve terane leri. \u00d6l\u00fcm\u00fc ve ya\u015fam\u0131 mant\u0131\u011fa, duygulara, g\u00f6zlemlere, ya\u015fam\u0131n ak\u0131\u015f\u0131na dayanark \u00e7\u00f6zmek isteyen Hayyam&#8217;\u0131n \u00e7ok<span class=\"excerpt-hellip\"> [\u2026]<\/span><\/p>\n","protected":false},"featured_media":0,"template":"","meta":{"_monsterinsights_skip_tracking":false,"_monsterinsights_sitenote_active":false,"_monsterinsights_sitenote_note":"","_monsterinsights_sitenote_category":0},"product_brand":[],"product_cat":[12291,12509],"product_tag":[],"class_list":{"0":"post-694101","1":"product","2":"type-product","3":"status-publish","5":"product_cat-edebiyat","6":"product_cat-siir","7":"pa_cilt-ciltsiz","8":"pa_tur-kitap","9":"pa_yayinevi-yapi-kredi-yayinlari","10":"pa_yazar-sadik-hidayet","12":"first","13":"instock","14":"sale","15":"shipping-taxable","16":"purchasable","17":"product-type-simple"},"_links":{"self":[{"href":"https:\/\/roveyayinevi.com.tr\/index.php\/wp-json\/wp\/v2\/product\/694101","targetHints":{"allow":["GET"]}}],"collection":[{"href":"https:\/\/roveyayinevi.com.tr\/index.php\/wp-json\/wp\/v2\/product"}],"about":[{"href":"https:\/\/roveyayinevi.com.tr\/index.php\/wp-json\/wp\/v2\/types\/product"}],"wp:attachment":[{"href":"https:\/\/roveyayinevi.com.tr\/index.php\/wp-json\/wp\/v2\/media?parent=694101"}],"wp:term":[{"taxonomy":"product_brand","embeddable":true,"href":"https:\/\/roveyayinevi.com.tr\/index.php\/wp-json\/wp\/v2\/product_brand?post=694101"},{"taxonomy":"product_cat","embeddable":true,"href":"https:\/\/roveyayinevi.com.tr\/index.php\/wp-json\/wp\/v2\/product_cat?post=694101"},{"taxonomy":"product_tag","embeddable":true,"href":"https:\/\/roveyayinevi.com.tr\/index.php\/wp-json\/wp\/v2\/product_tag?post=694101"}],"curies":[{"name":"wp","href":"https:\/\/api.w.org\/{rel}","templated":true}]}}