{"id":694089,"date":"2025-08-27T14:18:54","date_gmt":"2025-08-27T11:18:54","guid":{"rendered":"https:\/\/roveyayinevi.com.tr\/index.php\/urun\/oaxaca-gunlugu\/"},"modified":"2026-04-16T02:03:57","modified_gmt":"2026-04-15T23:03:57","slug":"oaxaca-gunlugu","status":"publish","type":"product","link":"https:\/\/roveyayinevi.com.tr\/index.php\/urun\/oaxaca-gunlugu\/","title":{"rendered":"Oaxaca G\u00fcnl\u00fc\u011f\u00fc"},"content":{"rendered":"<p>Bir n\u00fcrolog ve pisikiyatr olan oliver Sack, yapt\u0131\u011f\u0131muhte\u015fem i\u00e7 yolculuklardan sonra bu kez bir d\u0131\u015f yolculu\u011fa \u00e7\u0131k\u0131yor, okurunu da bir d\u0131\u015f yolculu\u011fa \u00e7\u0131kart\u0131yor. Bu arada Sacks&#8217;\u0131n hi\u00e7 bilinmeyen bir yan\u0131n\u0131 da \u00f6\u011freniyoruz.\u00c7ocuklu\u011fundan beri e\u011freltiotlar\u0131na duydu\u011fu ilgi ve sevgi. Oliver Sacks 2000 y\u0131l\u0131 k\u0131\u015f\u0131nda, zaman zaman toplant\u0131lar\u0131n dinleyicisi oldu\u011fu American Fern Society&#8217;nin ( Amerikan E\u011freltiotu Derne\u011fi) Meksika&#8217;n\u0131n g\u00f6be\u011findeki Oaxaca (Ohaka okunur) b\u00f6lgesine d\u00fczenledi\u011fi bir ara\u015ft\u0131rma gezisine kat\u0131l\u0131r. Gezi boyunca g\u00fcn g\u00fcn yaz\u0131lm\u0131\u015f bu g\u00fcnl\u00fckte yaln\u0131z e\u011freltiotlar\u0131 yok&#8230; Meksika&#8217;n\u0131n ve Oaxaca&#8217;n\u0131n Kolombus \u00f6ncesi ve koloniler d\u00f6nemi tarihi, k\u00fclt\u00fcrleri, kakaoyla \u00e7ikolatan\u0131n ge\u00e7mi\u015fi ve bug\u00fcn\u00fc ve bir tar tekila olan meskalinin nas\u0131l yap\u0131ld\u0131\u011f\u0131, Zapotek harabeleri, Maya soyundan gelen yerli halklar\u0131, pazaryerleri, yaln\u0131z bitkileri de\u011fil, ku\u015flar\u0131 ve b\u00f6cekleri, yol arkada\u015flar\u0131n\u0131n yer yer espirili portreleri, k\u0131sacas\u0131 m\u00fcthi\u015f bir d\u00fcnya yer almakt\u0131 bu kitapta. Odas\u0131nda seyahat etmekten zevk alanlarla, Meksika&#8217;ya gitmeyi planlayanlar i\u00e7in ufuk a\u00e7\u0131c\u0131 bir kitap Oaxaca G\u00fcnl\u00fc\u011f\u00fc. \ufffcTan\u0131t\u0131m Metni<\/p>\n","protected":false},"excerpt":{"rendered":"<p>Bir n\u00fcrolog ve pisikiyatr olan oliver Sack, yapt\u0131\u011f\u0131muhte\u015fem i\u00e7 yolculuklardan sonra bu kez bir d\u0131\u015f yolculu\u011fa \u00e7\u0131k\u0131yor, okurunu da bir d\u0131\u015f yolculu\u011fa \u00e7\u0131kart\u0131yor. Bu arada Sacks&#8217;\u0131n<span class=\"excerpt-hellip\"> [\u2026]<\/span><\/p>\n","protected":false},"featured_media":0,"template":"","meta":{"_monsterinsights_skip_tracking":false,"_monsterinsights_sitenote_active":false,"_monsterinsights_sitenote_note":"","_monsterinsights_sitenote_category":0},"product_brand":[],"product_cat":[12291,12866],"product_tag":[],"class_list":{"0":"post-694089","1":"product","2":"type-product","3":"status-publish","5":"product_cat-edebiyat","6":"product_cat-ingiliz-edebiyati","7":"pa_cilt-ciltsiz","8":"pa_tur-kitap","9":"pa_yayinevi-yapi-kredi-yayinlari","10":"pa_yazar-oliver-sacks","12":"first","13":"instock","14":"sale","15":"shipping-taxable","16":"purchasable","17":"product-type-simple"},"_links":{"self":[{"href":"https:\/\/roveyayinevi.com.tr\/index.php\/wp-json\/wp\/v2\/product\/694089","targetHints":{"allow":["GET"]}}],"collection":[{"href":"https:\/\/roveyayinevi.com.tr\/index.php\/wp-json\/wp\/v2\/product"}],"about":[{"href":"https:\/\/roveyayinevi.com.tr\/index.php\/wp-json\/wp\/v2\/types\/product"}],"wp:attachment":[{"href":"https:\/\/roveyayinevi.com.tr\/index.php\/wp-json\/wp\/v2\/media?parent=694089"}],"wp:term":[{"taxonomy":"product_brand","embeddable":true,"href":"https:\/\/roveyayinevi.com.tr\/index.php\/wp-json\/wp\/v2\/product_brand?post=694089"},{"taxonomy":"product_cat","embeddable":true,"href":"https:\/\/roveyayinevi.com.tr\/index.php\/wp-json\/wp\/v2\/product_cat?post=694089"},{"taxonomy":"product_tag","embeddable":true,"href":"https:\/\/roveyayinevi.com.tr\/index.php\/wp-json\/wp\/v2\/product_tag?post=694089"}],"curies":[{"name":"wp","href":"https:\/\/api.w.org\/{rel}","templated":true}]}}