{"id":694080,"date":"2025-08-27T14:18:52","date_gmt":"2025-08-27T11:18:52","guid":{"rendered":"https:\/\/roveyayinevi.com.tr\/index.php\/urun\/hidayetname\/"},"modified":"2026-04-16T02:03:57","modified_gmt":"2026-04-15T23:03:57","slug":"hidayetname","status":"publish","type":"product","link":"https:\/\/roveyayinevi.com.tr\/index.php\/urun\/hidayetname\/","title":{"rendered":"Hidayetname"},"content":{"rendered":"<p>\u0130ran gibi bize hem \u00e7ok yak\u0131n hem de \u00e7ok uzak bir \u00fclkeden \u00e7\u0131kt\u0131\u011f\u0131 yetmiyormu\u015f gibi, ya\u015fam\u0131 ve yazd\u0131klar\u0131yla da hem hemen \u00f6n\u00fcm\u00fczde hem de \u00e7ok \u00f6temizde yer alan Sad\u0131k Hidayet, \u00f6yk\u00fcleri ve \u00f6zellikle ba\u015fyap\u0131t\u0131 K\u00f6r Bayku\u015f&#8217;la modern \u0130ran edebiyat\u0131n\u0131n kurucular\u0131ndan biri. S\u00f6zc\u00fc\u011f\u00fcn hem tuhaf, ayr\u0131ks\u0131 hem de uzak yabanc\u0131 anlamlar\u0131nda garip bu yazar\u0131n, Sad\u0131k Hidayet&#8217;in, T\u00fcrk\u00e7e&#8217;deki ser\u00fcveni \u00f6yk\u00fc, deneme, oyun, gezi yaz\u0131s\u0131, folklor incelemesi gibi de\u011fi\u015fik alanlarda yazd\u0131klar\u0131ndan ve mektuplar\u0131ndan tipik \u00f6rnekler i\u00e7eren Hidayetname&#8217;yle s\u00fcr\u00fcyor. \ufffcTan\u0131t\u0131m Metni<\/p>\n","protected":false},"excerpt":{"rendered":"<p>\u0130ran gibi bize hem \u00e7ok yak\u0131n hem de \u00e7ok uzak bir \u00fclkeden \u00e7\u0131kt\u0131\u011f\u0131 yetmiyormu\u015f gibi, ya\u015fam\u0131 ve yazd\u0131klar\u0131yla da hem hemen \u00f6n\u00fcm\u00fczde hem de \u00e7ok \u00f6temizde<span class=\"excerpt-hellip\"> [\u2026]<\/span><\/p>\n","protected":false},"featured_media":0,"template":"","meta":{"_monsterinsights_skip_tracking":false,"_monsterinsights_sitenote_active":false,"_monsterinsights_sitenote_note":"","_monsterinsights_sitenote_category":0},"product_brand":[],"product_cat":[12777,12291],"product_tag":[],"class_list":{"0":"post-694080","1":"product","2":"type-product","3":"status-publish","5":"product_cat-deneme","6":"product_cat-edebiyat","7":"pa_cilt-ciltsiz","8":"pa_tur-kitap","9":"pa_yayinevi-yapi-kredi-yayinlari","10":"pa_yazar-sadik-hidayet","12":"first","13":"instock","14":"sale","15":"shipping-taxable","16":"purchasable","17":"product-type-simple"},"_links":{"self":[{"href":"https:\/\/roveyayinevi.com.tr\/index.php\/wp-json\/wp\/v2\/product\/694080","targetHints":{"allow":["GET"]}}],"collection":[{"href":"https:\/\/roveyayinevi.com.tr\/index.php\/wp-json\/wp\/v2\/product"}],"about":[{"href":"https:\/\/roveyayinevi.com.tr\/index.php\/wp-json\/wp\/v2\/types\/product"}],"wp:attachment":[{"href":"https:\/\/roveyayinevi.com.tr\/index.php\/wp-json\/wp\/v2\/media?parent=694080"}],"wp:term":[{"taxonomy":"product_brand","embeddable":true,"href":"https:\/\/roveyayinevi.com.tr\/index.php\/wp-json\/wp\/v2\/product_brand?post=694080"},{"taxonomy":"product_cat","embeddable":true,"href":"https:\/\/roveyayinevi.com.tr\/index.php\/wp-json\/wp\/v2\/product_cat?post=694080"},{"taxonomy":"product_tag","embeddable":true,"href":"https:\/\/roveyayinevi.com.tr\/index.php\/wp-json\/wp\/v2\/product_tag?post=694080"}],"curies":[{"name":"wp","href":"https:\/\/api.w.org\/{rel}","templated":true}]}}