{"id":694047,"date":"2025-08-27T14:18:44","date_gmt":"2025-08-27T11:18:44","guid":{"rendered":"https:\/\/roveyayinevi.com.tr\/index.php\/urun\/harry-potter-ve-zumruduanka-yoldasligi-5-kitap\/"},"modified":"2026-04-16T02:03:53","modified_gmt":"2026-04-15T23:03:53","slug":"harry-potter-ve-zumruduanka-yoldasligi-5-kitap","status":"publish","type":"product","link":"https:\/\/roveyayinevi.com.tr\/index.php\/urun\/harry-potter-ve-zumruduanka-yoldasligi-5-kitap\/","title":{"rendered":"Harry Potter ve Z\u00fcmr\u00fcd\u00fcanka Yolda\u015fl\u0131\u011f\u0131 (5. Kitap)"},"content":{"rendered":"<p>\u201cKan\u0131tlar, bazen, zihninin en rahat ve etkiye en a\u00e7\u0131k oldu\u011fu durumlar\u0131nda  \u00f6rne\u011fin uyurken Karanl\u0131k Lord\u2019un d\u00fc\u015f\u00fcncelerini ve duygular\u0131n\u0131 payla\u015ft\u0131\u011f\u0131na i\u015faret ediyor. M\u00fcd\u00fcr bunun devam etmesini uygun bulmuyor. Benim sana, zihnini Karanl\u0131k Lord\u2019a kar\u015f\u0131 nas\u0131l kapataca\u011f\u0131n\u0131 \u00f6\u011fretmemi istiyor.\u201d \ufffc<\/p>\n","protected":false},"excerpt":{"rendered":"<p>\u201cKan\u0131tlar, bazen, zihninin en rahat ve etkiye en a\u00e7\u0131k oldu\u011fu durumlar\u0131nda \u00f6rne\u011fin uyurken Karanl\u0131k Lord\u2019un d\u00fc\u015f\u00fcncelerini ve duygular\u0131n\u0131 payla\u015ft\u0131\u011f\u0131na i\u015faret ediyor. M\u00fcd\u00fcr bunun devam etmesini uygun<span class=\"excerpt-hellip\"> [\u2026]<\/span><\/p>\n","protected":false},"featured_media":0,"template":"","meta":{"_monsterinsights_skip_tracking":false,"_monsterinsights_sitenote_active":false,"_monsterinsights_sitenote_note":"","_monsterinsights_sitenote_category":0},"product_brand":[],"product_cat":[12291,15117],"product_tag":[],"class_list":{"0":"post-694047","1":"product","2":"type-product","3":"status-publish","5":"product_cat-edebiyat","6":"product_cat-genclik-edebiyati","7":"pa_cilt-ciltsiz","8":"pa_tur-kitap","9":"pa_yayinevi-yapi-kredi-yayinlari","10":"pa_yazar-j-k-rowling","12":"first","13":"instock","14":"sale","15":"shipping-taxable","16":"purchasable","17":"product-type-simple"},"_links":{"self":[{"href":"https:\/\/roveyayinevi.com.tr\/index.php\/wp-json\/wp\/v2\/product\/694047","targetHints":{"allow":["GET"]}}],"collection":[{"href":"https:\/\/roveyayinevi.com.tr\/index.php\/wp-json\/wp\/v2\/product"}],"about":[{"href":"https:\/\/roveyayinevi.com.tr\/index.php\/wp-json\/wp\/v2\/types\/product"}],"wp:attachment":[{"href":"https:\/\/roveyayinevi.com.tr\/index.php\/wp-json\/wp\/v2\/media?parent=694047"}],"wp:term":[{"taxonomy":"product_brand","embeddable":true,"href":"https:\/\/roveyayinevi.com.tr\/index.php\/wp-json\/wp\/v2\/product_brand?post=694047"},{"taxonomy":"product_cat","embeddable":true,"href":"https:\/\/roveyayinevi.com.tr\/index.php\/wp-json\/wp\/v2\/product_cat?post=694047"},{"taxonomy":"product_tag","embeddable":true,"href":"https:\/\/roveyayinevi.com.tr\/index.php\/wp-json\/wp\/v2\/product_tag?post=694047"}],"curies":[{"name":"wp","href":"https:\/\/api.w.org\/{rel}","templated":true}]}}