{"id":694039,"date":"2025-08-27T14:18:42","date_gmt":"2025-08-27T11:18:42","guid":{"rendered":"https:\/\/roveyayinevi.com.tr\/index.php\/urun\/gokcisimlerinin-donusleri-uzerine\/"},"modified":"2026-04-16T02:03:52","modified_gmt":"2026-04-15T23:03:52","slug":"gokcisimlerinin-donusleri-uzerine","status":"publish","type":"product","link":"https:\/\/roveyayinevi.com.tr\/index.php\/urun\/gokcisimlerinin-donusleri-uzerine\/","title":{"rendered":"G\u00f6kcisimlerinin D\u00f6n\u00fc\u015fleri \u00dczerine"},"content":{"rendered":"<p>Polonyal\u0131 g\u00f6kbilimci Nicolaus Copernicus&#8217;un (Mikolaj Kopernik) De Revolutionibus Orbium Caelestium (G\u00f6kcisimlerinin D\u00f6n\u00fc\u015fleri \u00dczerine) adl\u0131 yap\u0131t\u0131n\u0131n b\u00fct\u00fcn\u00fc geni\u015f bir matematik ve astronomi bilgisi gerektiriyor. Bu y\u00fczden, Latince yaz\u0131lan bu kitap, T\u00fcrk\u00e7e gibi, pek \u00e7ok Bat\u0131 diline de \u00e7evrilmedi. \u015eimdiye dek yorumcular\u0131n arac\u0131l\u0131\u011f\u0131yla \u00fc\u00e7\u00fcnc\u00fc elden tan\u0131k olunan g\u00fcne\u015f merkezli Copernicus evreni, yap\u0131t\u0131n baz\u0131 b\u00f6l\u00fcmlerinin, Commentariolus (K\u0131sa A\u00e7\u0131klama) ve Birinci Kitap tan olduk\u00e7a geni\u015f bir b\u00f6l\u00fcm\u00fcn T\u00fcrk\u00e7eye kazand\u0131r\u0131lmas\u0131yla g\u00fcn \u0131\u015f\u0131\u011f\u0131na \u00e7\u0131k\u0131yor. \ufffcTan\u0131t\u0131m Metni<\/p>\n","protected":false},"excerpt":{"rendered":"<p>Polonyal\u0131 g\u00f6kbilimci Nicolaus Copernicus&#8217;un (Mikolaj Kopernik) De Revolutionibus Orbium Caelestium (G\u00f6kcisimlerinin D\u00f6n\u00fc\u015fleri \u00dczerine) adl\u0131 yap\u0131t\u0131n\u0131n b\u00fct\u00fcn\u00fc geni\u015f bir matematik ve astronomi bilgisi gerektiriyor. Bu y\u00fczden, Latince<span class=\"excerpt-hellip\"> [\u2026]<\/span><\/p>\n","protected":false},"featured_media":0,"template":"","meta":{"_monsterinsights_skip_tracking":false,"_monsterinsights_sitenote_active":false,"_monsterinsights_sitenote_note":"","_monsterinsights_sitenote_category":0},"product_brand":[],"product_cat":[12389,12388],"product_tag":[],"class_list":{"0":"post-694039","1":"product","2":"type-product","3":"status-publish","5":"product_cat-diger-felsefe","6":"product_cat-felsefe","7":"pa_cilt-ciltsiz","8":"pa_tur-kitap","9":"pa_yayinevi-yapi-kredi-yayinlari","10":"pa_yazar-nicolaus-copernicus","12":"first","13":"instock","14":"sale","15":"shipping-taxable","16":"purchasable","17":"product-type-simple"},"_links":{"self":[{"href":"https:\/\/roveyayinevi.com.tr\/index.php\/wp-json\/wp\/v2\/product\/694039","targetHints":{"allow":["GET"]}}],"collection":[{"href":"https:\/\/roveyayinevi.com.tr\/index.php\/wp-json\/wp\/v2\/product"}],"about":[{"href":"https:\/\/roveyayinevi.com.tr\/index.php\/wp-json\/wp\/v2\/types\/product"}],"wp:attachment":[{"href":"https:\/\/roveyayinevi.com.tr\/index.php\/wp-json\/wp\/v2\/media?parent=694039"}],"wp:term":[{"taxonomy":"product_brand","embeddable":true,"href":"https:\/\/roveyayinevi.com.tr\/index.php\/wp-json\/wp\/v2\/product_brand?post=694039"},{"taxonomy":"product_cat","embeddable":true,"href":"https:\/\/roveyayinevi.com.tr\/index.php\/wp-json\/wp\/v2\/product_cat?post=694039"},{"taxonomy":"product_tag","embeddable":true,"href":"https:\/\/roveyayinevi.com.tr\/index.php\/wp-json\/wp\/v2\/product_tag?post=694039"}],"curies":[{"name":"wp","href":"https:\/\/api.w.org\/{rel}","templated":true}]}}