{"id":694034,"date":"2025-08-27T14:18:05","date_gmt":"2025-08-27T11:18:05","guid":{"rendered":"https:\/\/roveyayinevi.com.tr\/index.php\/urun\/kelimeler-sehri\/"},"modified":"2026-04-16T02:03:52","modified_gmt":"2026-04-15T23:03:52","slug":"kelimeler-sehri","status":"publish","type":"product","link":"https:\/\/roveyayinevi.com.tr\/index.php\/urun\/kelimeler-sehri\/","title":{"rendered":"Kelimeler \u015eehri"},"content":{"rendered":"<p>Alberto Manguel, Massey Konferans\u0131 sunumunun kitapla\u015ft\u0131r\u0131ld\u0131\u011f\u0131 Kelimeler \u015eehri\u2019nde, d\u00fcnya \u00fczerinde bir arada ya\u015famam\u0131z\u0131n nas\u0131l m\u00fcmk\u00fcn olaca\u011f\u0131n\u0131 sorguluyor ve toplumlar aras\u0131ndaki giderek artan tahamm\u00fcls\u00fczl\u00fc\u011fe edebiyat cephesinden yakla\u015farak, sorusunun cevab\u0131n\u0131 toplum m\u00fchendisleri yerine yazarlar, \u015fairler, sanat\u00e7\u0131lar ve hik\u00e2yelerin verebilece\u011fini s\u00f6yl\u00fcyor. Hik\u00e2yeler insanl\u0131\u011f\u0131n ortak de\u011ferleridir ve dil, din, \u0131rk ayr\u0131mlar\u0131ndan etkilenmeden herkesi insani bir paydada birle\u015ftirirler. Manguel\u2019e g\u00f6re, insanl\u0131k hallerini daha iyi kavraman\u0131n yolu, G\u0131lgam\u0131\u015f\u2019tan Don Quijote&#8217;ye, Babil Kulesi&#8217;nden Hal&#8217;in dijital ekran\u0131na, b\u00fct\u00fcn insanl\u0131\u011fa mal olan k\u00fclt hik\u00e2yelerle efsaneleri ara\u015ft\u0131rmakta yat\u0131yor. \ufffc<\/p>\n","protected":false},"excerpt":{"rendered":"<p>Alberto Manguel, Massey Konferans\u0131 sunumunun kitapla\u015ft\u0131r\u0131ld\u0131\u011f\u0131 Kelimeler \u015eehri\u2019nde, d\u00fcnya \u00fczerinde bir arada ya\u015famam\u0131z\u0131n nas\u0131l m\u00fcmk\u00fcn olaca\u011f\u0131n\u0131 sorguluyor ve toplumlar aras\u0131ndaki giderek artan tahamm\u00fcls\u00fczl\u00fc\u011fe edebiyat cephesinden yakla\u015farak,<span class=\"excerpt-hellip\"> [\u2026]<\/span><\/p>\n","protected":false},"featured_media":0,"template":"","meta":{"_monsterinsights_skip_tracking":false,"_monsterinsights_sitenote_active":false,"_monsterinsights_sitenote_note":"","_monsterinsights_sitenote_category":0},"product_brand":[],"product_cat":[12777,12291],"product_tag":[],"class_list":{"0":"post-694034","1":"product","2":"type-product","3":"status-publish","5":"product_cat-deneme","6":"product_cat-edebiyat","7":"pa_cilt-ciltsiz","8":"pa_tur-kitap","9":"pa_yayinevi-yapi-kredi-yayinlari","10":"pa_yazar-alberto-manguel","12":"first","13":"instock","14":"sale","15":"shipping-taxable","16":"purchasable","17":"product-type-simple"},"_links":{"self":[{"href":"https:\/\/roveyayinevi.com.tr\/index.php\/wp-json\/wp\/v2\/product\/694034","targetHints":{"allow":["GET"]}}],"collection":[{"href":"https:\/\/roveyayinevi.com.tr\/index.php\/wp-json\/wp\/v2\/product"}],"about":[{"href":"https:\/\/roveyayinevi.com.tr\/index.php\/wp-json\/wp\/v2\/types\/product"}],"wp:attachment":[{"href":"https:\/\/roveyayinevi.com.tr\/index.php\/wp-json\/wp\/v2\/media?parent=694034"}],"wp:term":[{"taxonomy":"product_brand","embeddable":true,"href":"https:\/\/roveyayinevi.com.tr\/index.php\/wp-json\/wp\/v2\/product_brand?post=694034"},{"taxonomy":"product_cat","embeddable":true,"href":"https:\/\/roveyayinevi.com.tr\/index.php\/wp-json\/wp\/v2\/product_cat?post=694034"},{"taxonomy":"product_tag","embeddable":true,"href":"https:\/\/roveyayinevi.com.tr\/index.php\/wp-json\/wp\/v2\/product_tag?post=694034"}],"curies":[{"name":"wp","href":"https:\/\/api.w.org\/{rel}","templated":true}]}}