{"id":694010,"date":"2025-08-27T14:18:00","date_gmt":"2025-08-27T11:18:00","guid":{"rendered":"https:\/\/roveyayinevi.com.tr\/index.php\/urun\/modernligin-elestirisi\/"},"modified":"2026-04-16T02:03:52","modified_gmt":"2026-04-15T23:03:52","slug":"modernligin-elestirisi","status":"publish","type":"product","link":"https:\/\/roveyayinevi.com.tr\/index.php\/urun\/modernligin-elestirisi\/","title":{"rendered":"Modernli\u011fin Ele\u015ftirisi"},"content":{"rendered":"<p>Tarihin sonu , ideolojilerin t\u00fckeni\u015fi , evrensel de\u011ferlerin \u00e7\u00f6k\u00fc\u015f\u00fc ve t\u00fcm bunlarla ba\u011flant\u0131l\u0131 olarak d\u00fc\u015f\u00fcnce ve sanat d\u00fcnyas\u0131na iyice egemen olan post-modernizm tart\u0131\u015fmalar\u0131n\u0131n as\u0131l sorgulamas\u0131 gereken bizzat modernlik de\u011fil midir? G\u00fcn\u00fcm\u00fcz\u00fcn \u00f6nde gelen toplumbilimcilerinden Alain Touraine, Modernli\u011fin Ele\u015ftirisi&#8217;nde i\u015fte bunu yap\u0131yor&#8230; Bat\u0131&#8217;da uzun s\u00fcre bir yandan akl\u0131n utkusuyla, \u00f6te yandan da geleneklerin, inan\u00e7lar\u0131n y\u0131k\u0131m\u0131yla \u00f6zde\u015fle\u015ftirilen modernli\u011fi sorguluyor. Tarihsel \u00e7\u00f6z\u00fcmlemelerinden hareketle geli\u015ftirdi\u011fi d\u00fc\u015f\u00fcnceler \u00e7er\u00e7evesinde, ak\u0131l ad\u0131na keyfi egemenlikler ve tekbi\u00e7imcili\u011fin dayat\u0131lmas\u0131n\u0131 da, zorunlu olarak \u0131rk\u00e7\u0131l\u0131\u011f\u0131, ho\u015fg\u00f6r\u00fcs\u00fczl\u00fc\u011f\u00fc, hatta din sava\u015flar\u0131n\u0131 getirecek olan s\u0131n\u0131rs\u0131z \u00e7e\u015fitlili\u011fi de reddediyor yazar: \u00d6zneye kulak vererek modernli\u011fin yeniden kurulmas\u0131n\u0131 ve d\u00fcnyan\u0131n yeniden olu\u015fturulmas\u0131n\u0131 \u00f6neriyor. T\u00fcrk okurunun d\u00fc\u015f\u00fcnceme g\u00f6sterece\u011fi ilgiye \u00e7ok \u00f6zel bir \u00f6nem veriyorum, \u00e7\u00fcnk\u00fc T\u00fcrkiye bu &#8216;d\u00fcnyan\u0131n yeniden olu\u015fturulmas\u0131&#8217;n\u0131n en etkin bi\u00e7imde aray\u0131\u015f halinde oldu\u011fu \u00fclkelerden biri (&#8230;). Ge\u00e7mi\u015fle gelecek aras\u0131nda bir tercih yapmaya de\u011fil, bu ikisini bir araya getirmeye \u00e7aba g\u00f6steren bir \u00fclke. (Alain Touraine, T\u00fcrk\u00e7e bask\u0131ya \u00d6ns\u00f6z, 28 \u015eubat 1994)<\/p>\n","protected":false},"excerpt":{"rendered":"<p>Tarihin sonu , ideolojilerin t\u00fckeni\u015fi , evrensel de\u011ferlerin \u00e7\u00f6k\u00fc\u015f\u00fc ve t\u00fcm bunlarla ba\u011flant\u0131l\u0131 olarak d\u00fc\u015f\u00fcnce ve sanat d\u00fcnyas\u0131na iyice egemen olan post-modernizm tart\u0131\u015fmalar\u0131n\u0131n as\u0131l sorgulamas\u0131 gereken<span class=\"excerpt-hellip\"> [\u2026]<\/span><\/p>\n","protected":false},"featured_media":0,"template":"","meta":{"_monsterinsights_skip_tracking":false,"_monsterinsights_sitenote_active":false,"_monsterinsights_sitenote_note":"","_monsterinsights_sitenote_category":0},"product_brand":[],"product_cat":[12835,12324],"product_tag":[],"class_list":{"0":"post-694010","1":"product","2":"type-product","3":"status-publish","5":"product_cat-genel-sosyoloji","6":"product_cat-sosyoloji","7":"pa_cilt-ciltsiz","8":"pa_tur-kitap","9":"pa_yayinevi-yapi-kredi-yayinlari","10":"pa_yazar-alain-touraine","12":"first","13":"instock","14":"sale","15":"shipping-taxable","16":"purchasable","17":"product-type-simple"},"_links":{"self":[{"href":"https:\/\/roveyayinevi.com.tr\/index.php\/wp-json\/wp\/v2\/product\/694010","targetHints":{"allow":["GET"]}}],"collection":[{"href":"https:\/\/roveyayinevi.com.tr\/index.php\/wp-json\/wp\/v2\/product"}],"about":[{"href":"https:\/\/roveyayinevi.com.tr\/index.php\/wp-json\/wp\/v2\/types\/product"}],"wp:attachment":[{"href":"https:\/\/roveyayinevi.com.tr\/index.php\/wp-json\/wp\/v2\/media?parent=694010"}],"wp:term":[{"taxonomy":"product_brand","embeddable":true,"href":"https:\/\/roveyayinevi.com.tr\/index.php\/wp-json\/wp\/v2\/product_brand?post=694010"},{"taxonomy":"product_cat","embeddable":true,"href":"https:\/\/roveyayinevi.com.tr\/index.php\/wp-json\/wp\/v2\/product_cat?post=694010"},{"taxonomy":"product_tag","embeddable":true,"href":"https:\/\/roveyayinevi.com.tr\/index.php\/wp-json\/wp\/v2\/product_tag?post=694010"}],"curies":[{"name":"wp","href":"https:\/\/api.w.org\/{rel}","templated":true}]}}