{"id":694008,"date":"2025-08-27T14:17:59","date_gmt":"2025-08-27T11:17:59","guid":{"rendered":"https:\/\/roveyayinevi.com.tr\/index.php\/urun\/osmanli-sufiligine-bakislar\/"},"modified":"2026-04-16T02:03:52","modified_gmt":"2026-04-15T23:03:52","slug":"osmanli-sufiligine-bakislar","status":"publish","type":"product","link":"https:\/\/roveyayinevi.com.tr\/index.php\/urun\/osmanli-sufiligine-bakislar\/","title":{"rendered":"Osmanl\u0131 Sufili\u011fine Bak\u0131\u015flar"},"content":{"rendered":"<p>Alan\u0131nda otorite olarak kabul edilen Ahmet Ya\u015far Ocak bu kitab\u0131nda yer alan makaleleriyle projeksiyonunu Osmanl\u0131 d\u00f6nemindeki tasavvuf\u00ee fig\u00fcrlere ve Osmanl\u0131 tarihinde \u00f6nemli bir yer tutan suf\u00ee z\u00fcmrelere \u00e7eviriyor.Bu kitapta serinin ilk kitab\u0131 olan &#8220;T\u00fcrkiye Sosyal Tarihinde \u0130slam\u0131n Maceras\u0131&#8221;ndaki genel perspektif \u00e7er\u00e7evesinden daha \u00f6zele inen makaleler var. Sel\u00e7uklu d\u00f6neminde Balkanlar&#8217;da \u00f6nemli bir T\u00fcrkmen kolonizasyon hareketine \u00f6nc\u00fcl\u00fck etmi\u015f olup, buralarda \u0130slam&#8217;\u0131n yay\u0131lmas\u0131nda ciddi bir pay\u0131 bulunan Sar\u0131 Salt\u0131k, 16. y\u00fczy\u0131lda Osmanl\u0131 merkez\u00ee y\u00f6netimiyle cidd\u00ee ideolojik problemler ya\u015fayan Mel\u00e2m\u00ee hareketinin temsilcilerinden B\u00fcnyamin-i Ay\u00e2\u015f\u00ee ve \u0130smail Ma&#8217;\u015fuk\u00ee gibi isimler bu makalelerin konular\u0131ndan baz\u0131lar\u0131. Kitapta Fuat K\u00f6pr\u00fcl\u00fc&#8217;n\u00fcn Ahmed-i Yesev\u00ee ve Yesevilik&#8217;le ilgili \u00e7al\u0131\u015fmalar\u0131ndan bu yana ge\u00e7en zaman i\u00e7inde, bu konunun yeniden akademik tarih\u00e7ili\u011fin ilgi alan\u0131na girdi\u011fini g\u00f6steren yeni tart\u0131\u015fmalar\u0131, T\u00fcrkiye tarihinde siyasal iktidar ve sufi \u00e7evre ili\u015fkilerini sentetik bir yakla\u015f\u0131mla de\u011ferlendiren makaleler de var.Ahmet Ya\u015far Ocak ayr\u0131ca Osmanl\u0131&#8217;da Sufi \u00c7evreler, Kalenderiler ve Kalenderi Dervi\u015fler, Bekta\u015filik, Bayram\u00ee Melam\u00eeleri gibi konular\u0131n yan\u0131s\u0131ra Zaviyeler, Evliya Menak\u0131bnamaleri gibi konulara farkl\u0131 bir bak\u0131\u015f a\u00e7\u0131s\u0131yla yakla\u015f\u0131yor. T\u00fcrkiye&#8217;de her zaman tart\u0131\u015f\u0131lan ama \u00fczerinde \u00e7ok \u015fey bilinmeyen hususlara dair derinlemesine incelemeler bulunan m\u00fchim bir eser&#8230;<\/p>\n","protected":false},"excerpt":{"rendered":"<p>Alan\u0131nda otorite olarak kabul edilen Ahmet Ya\u015far Ocak bu kitab\u0131nda yer alan makaleleriyle projeksiyonunu Osmanl\u0131 d\u00f6nemindeki tasavvuf\u00ee fig\u00fcrlere ve Osmanl\u0131 tarihinde \u00f6nemli bir yer tutan suf\u00ee<span class=\"excerpt-hellip\"> [\u2026]<\/span><\/p>\n","protected":false},"featured_media":0,"template":"","meta":{"_monsterinsights_skip_tracking":false,"_monsterinsights_sitenote_active":false,"_monsterinsights_sitenote_note":"","_monsterinsights_sitenote_category":0},"product_brand":[],"product_cat":[13517,12304],"product_tag":[],"class_list":{"0":"post-694008","1":"product","2":"type-product","3":"status-publish","5":"product_cat-osmanli-tarihi","6":"product_cat-tarih","7":"pa_cilt-ciltsiz","8":"pa_tur-kitap","9":"pa_yayinevi-timas-yayinlari","10":"pa_yazar-ahmet-yasar-ocak","12":"first","13":"instock","14":"sale","15":"shipping-taxable","16":"purchasable","17":"product-type-simple"},"_links":{"self":[{"href":"https:\/\/roveyayinevi.com.tr\/index.php\/wp-json\/wp\/v2\/product\/694008","targetHints":{"allow":["GET"]}}],"collection":[{"href":"https:\/\/roveyayinevi.com.tr\/index.php\/wp-json\/wp\/v2\/product"}],"about":[{"href":"https:\/\/roveyayinevi.com.tr\/index.php\/wp-json\/wp\/v2\/types\/product"}],"wp:attachment":[{"href":"https:\/\/roveyayinevi.com.tr\/index.php\/wp-json\/wp\/v2\/media?parent=694008"}],"wp:term":[{"taxonomy":"product_brand","embeddable":true,"href":"https:\/\/roveyayinevi.com.tr\/index.php\/wp-json\/wp\/v2\/product_brand?post=694008"},{"taxonomy":"product_cat","embeddable":true,"href":"https:\/\/roveyayinevi.com.tr\/index.php\/wp-json\/wp\/v2\/product_cat?post=694008"},{"taxonomy":"product_tag","embeddable":true,"href":"https:\/\/roveyayinevi.com.tr\/index.php\/wp-json\/wp\/v2\/product_tag?post=694008"}],"curies":[{"name":"wp","href":"https:\/\/api.w.org\/{rel}","templated":true}]}}