{"id":694002,"date":"2025-08-27T14:17:58","date_gmt":"2025-08-27T11:17:58","guid":{"rendered":"https:\/\/roveyayinevi.com.tr\/index.php\/urun\/giovanninin-odasi\/"},"modified":"2026-04-16T02:03:52","modified_gmt":"2026-04-15T23:03:52","slug":"giovanninin-odasi","status":"publish","type":"product","link":"https:\/\/roveyayinevi.com.tr\/index.php\/urun\/giovanninin-odasi\/","title":{"rendered":"Giovanni\u2019nin Odas\u0131"},"content":{"rendered":"<p>Baldwin\u2019in on y\u0131l ya\u015fad\u0131\u011f\u0131 ve yarat\u0131c\u0131l\u0131\u011f\u0131n\u0131 buldu\u011fu Paris\u2019te yazd\u0131\u011f\u0131 Givanni\u2019nin Odas\u0131, (1956) o g\u00fcnler i\u00e7in i\u015flenmesi bir hayli cesaret isteyen bir konuyu, \u201ce\u015fcinsel a\u015fk\u201d\u0131 ele al\u0131yor: Amerikal\u0131 beyaz delikanl\u0131 David\u2019in Paris\u2019te \u0130talyan garson Giovanni ile ya\u015fad\u0131\u011f\u0131 e\u015fcinsel ili\u015fki, toplumsal de\u011fer yarg\u0131lar\u0131n\u0131n bask\u0131n \u00e7\u0131k\u0131\u015f\u0131yla bu ili\u015fkiden ka\u00e7\u0131p ve evli bir erkek olarak \u201cg\u00fcvenli\u201d bir hayat s\u00fcrmek i\u00e7in eski sevgilisi Hella\u2019ya s\u0131\u011f\u0131nmas\u0131 ve b\u00fct\u00fcn bu \u00e7abalar\u0131n \u00fc\u00e7\u00fcne de trajik sonu\u00e7lar getiren sonu\u00e7suzlu\u011fu&#8230;Yok olmaya mahkum bir a\u015fk \u00fc\u00e7genini anlatan, tutku, pi\u015fmanl\u0131k ve \u00f6zlem dolu bu roman, yay\u0131mlan\u0131r yay\u0131mlanmaz e\u015fcinsel edebiyatta bir d\u00f6n\u00fcm noktas\u0131 olmu\u015ftu. Etkisi bu kadarla kalmad\u0131: Baldwin, &#8220;beyaz e\u015fcinsel erkekleri yazan siyah bir yazar&#8221; olarak \u015fim\u015fekleri \u00fcst\u00fcne \u00e7ekti. Ancak, Giovanni&#8217;nin Odas\u0131&#8217;na elli y\u0131ld\u0131r ya\u015fayan bir ba\u015fyap\u0131t haline getiren as\u0131n niteli\u011fi, yazar\u0131n \u0131rk, cinsellik ve bireysel \u00f6zg\u00fcrl\u00fck kavramlar\u0131n\u0131 i\u00e7 i\u00e7e ge\u00e7irmede g\u00f6sterdi\u011fi b\u00fcy\u00fck ba\u015far\u0131d\u0131r. <\/p>\n","protected":false},"excerpt":{"rendered":"<p>Baldwin\u2019in on y\u0131l ya\u015fad\u0131\u011f\u0131 ve yarat\u0131c\u0131l\u0131\u011f\u0131n\u0131 buldu\u011fu Paris\u2019te yazd\u0131\u011f\u0131 Givanni\u2019nin Odas\u0131, (1956) o g\u00fcnler i\u00e7in i\u015flenmesi bir hayli cesaret isteyen bir konuyu, \u201ce\u015fcinsel a\u015fk\u201d\u0131 ele al\u0131yor:<span class=\"excerpt-hellip\"> [\u2026]<\/span><\/p>\n","protected":false},"featured_media":0,"template":"","meta":{"_monsterinsights_skip_tracking":false,"_monsterinsights_sitenote_active":false,"_monsterinsights_sitenote_note":"","_monsterinsights_sitenote_category":0},"product_brand":[],"product_cat":[12891,12291],"product_tag":[],"class_list":{"0":"post-694002","1":"product","2":"type-product","3":"status-publish","5":"product_cat-amerikan-edebiyati","6":"product_cat-edebiyat","7":"pa_cilt-ciltsiz","8":"pa_tur-kitap","9":"pa_yayinevi-yapi-kredi-yayinlari","10":"pa_yazar-james-baldwin","12":"first","13":"instock","14":"sale","15":"shipping-taxable","16":"purchasable","17":"product-type-simple"},"_links":{"self":[{"href":"https:\/\/roveyayinevi.com.tr\/index.php\/wp-json\/wp\/v2\/product\/694002","targetHints":{"allow":["GET"]}}],"collection":[{"href":"https:\/\/roveyayinevi.com.tr\/index.php\/wp-json\/wp\/v2\/product"}],"about":[{"href":"https:\/\/roveyayinevi.com.tr\/index.php\/wp-json\/wp\/v2\/types\/product"}],"wp:attachment":[{"href":"https:\/\/roveyayinevi.com.tr\/index.php\/wp-json\/wp\/v2\/media?parent=694002"}],"wp:term":[{"taxonomy":"product_brand","embeddable":true,"href":"https:\/\/roveyayinevi.com.tr\/index.php\/wp-json\/wp\/v2\/product_brand?post=694002"},{"taxonomy":"product_cat","embeddable":true,"href":"https:\/\/roveyayinevi.com.tr\/index.php\/wp-json\/wp\/v2\/product_cat?post=694002"},{"taxonomy":"product_tag","embeddable":true,"href":"https:\/\/roveyayinevi.com.tr\/index.php\/wp-json\/wp\/v2\/product_tag?post=694002"}],"curies":[{"name":"wp","href":"https:\/\/api.w.org\/{rel}","templated":true}]}}